{"id":9475,"date":"2021-03-14T20:04:09","date_gmt":"2021-03-14T17:04:09","guid":{"rendered":"https:\/\/www.karaisali.bel.tr\/?page_id=9475"},"modified":"2021-03-14T20:07:12","modified_gmt":"2021-03-14T17:07:12","slug":"subat-2021-meclis-kararlari","status":"publish","type":"page","link":"https:\/\/www.karaisali.bel.tr\/?page_id=9475","title":{"rendered":"\u015eubat 2021 Meclis Kararlar\u0131"},"content":{"rendered":"<table>\n<tbody>\n<tr>\n<td>KARAR 25<\/td>\n<\/tr>\n<tr>\n<td>  Belediyemiz Fen \u0130\u015fleri M\u00fcd\u00fcrl\u00fc\u011f\u00fcn\u00fcn 29\/01\/2021 tarih ve 246 say\u0131l\u0131 yaz\u0131lar\u0131 ve Adana Valili\u011fi \u0130l Tar\u0131m ve Orman M\u00fcd\u00fcrl\u00fc\u011f\u00fcn\u00fcn 27\/01\/2021<br \/>\ntarih ve 269516 say\u0131l\u0131 yaz\u0131lar\u0131nda\u037e  &#8221;31\/12\/2021 Tarihli T\u00fcrkiye \u0130statislik Kurumu verilerine g\u00f6re t\u00fcm illerde n\u00fcfusu 20.000&#8217;den az olan yerle\u015fim<br \/>\nyerleri &#8221; \u015feklinde\u037e K\u0131rsal Mahalle ise &#8221;K\u00f6y veya belde belediyesi iken mahalleye d\u00f6n\u00fc\u015fen ve b\u00fcy\u00fck\u015fehir belediyesi s\u0131n\u0131rlar\u0131 i\u00e7inde bulunup sosyoekonomik durumu, \u015fehir merkezine uzakl\u0131\u011f\u0131, belediye hizmetlerine eri\u015febilirli\u011fi, mevcut yap\u0131la\u015fma durumu ve benzeri hususlar dikkate al\u0131narak ilgili<br \/>\nil\u00e7e belediye meclisinin karar\u0131 ve teklifi \u00fczerine b\u00fcy\u00fck\u015fehir belediye  meclisinin en ge\u00e7 doksan g\u00fcn i\u00e7erisinde alaca\u011f\u0131 karar ile k\u0131rsal yerle\u015fim \u00f6zelli\u011fi<br \/>\nta\u015f\u0131d\u011f\u0131 tespit edilen mahalleler&#8221; olarak tan\u0131mlanmaktad\u0131r, denilmektedir.        K\u0131rsal Kalk\u0131nma Destekleri Kapsam\u0131nda Tar\u0131ma Dayal\u0131 Ekonomik<br \/>\nAltyap\u0131 Yat\u0131r\u0131mlar\u0131n\u0131n Desteklenmesine ili\u015fkin de\u011ferlendirme \u00e7al\u0131\u015fmalar\u0131nda kullan\u0131lmak \u00fczere \u0130l\u00e7emiz \u037e         &#8221; Ak\u00e7al\u0131, Akta\u015f, Alt\u0131nova,<br \/>\nA\u015fa\u011f\u0131belemedik, A\u015fa\u011f\u0131y\u00f6r\u00fckler, Ayakk\u0131f, Barakda\u011f,  Ba\u015fk\u0131f, Bekirli, Beydemir, Bolacal\u0131, Bucak,\u00c7akall\u0131, \u00c7atalan, \u00c7evlik, \u00c7ocuklar, \u00c7orlu, \u00c7ukur,<br \/>\nDemir\u00e7it, D\u00f6\u015fekevi, Durak,E\u011flence, Emelcik,Etekli, Fettahl\u0131, Filikli, Gildirli, G\u00f6khasanl\u0131, G\u00fcl\u00fc\u015fl\u00fc, G\u00fcven\u00e7, Hac\u0131l\u0131, Hac\u0131musal\u0131, Kaleda\u011f, Kap\u0131kaya,<br \/>\n Karahasanl\u0131, Karak\u0131l\u0131\u00e7, Karakuyu, K\u0131ralan, K\u0131r\u0131kl\u0131, Kocaveliler, K\u00f6r\u00fckl\u00fc, Ku\u015f\u00e7usofulu,  Kuyucu, Kuzgun, Mara\u015fl\u0131, Merkez Boztahta, Murt\u00e7ukuru,<br \/>\nNergizlik, Nuhlu, \u00d6merli, Sad\u0131kali, Sar\u0131mehmetli,Sayp\u0131nar,  Tat\u0131k, Topakta\u015f, Topkaral\u0131, Torunsolakl\u0131, T\u00fcmenli, Yaz\u0131ba\u015f\u0131 &#8221; Mahallelerimiz K\u0131rsal<br \/>\nMahalle stat\u00fcs\u00fcne giren alanlar tan\u0131m\u0131na giren yerler oldu\u011funa dair gerekli Meclis Karar\u0131 al\u0131nmas\u0131n\u0131 Olurlar\u0131n\u0131za arz ederim. Denilmekte olup teklif<br \/>\nhakk\u0131nda s\u00f6z isteyen olup, olmad\u0131\u011f\u0131 soruldu. S\u00f6z isteyen olmay\u0131nca Meclis Ba\u015fkan\u0131 Saadettin ASLAN  teklifin Tar\u0131m Orman Mahalle Komisyonu<br \/>\nBa\u015fkanl\u0131\u011f\u0131nda m\u00fc\u015fterek komisyonlarda g\u00f6r\u00fc\u015f\u00fclmek \u00fczere havalesini teklif ediyorum. Dedi. Teklif oylamaya sunuldu. Yap\u0131lan oylama neticesinde<br \/>\nteklifin kabul\u00fcne oy birli\u011fi ile karar verildi.\n<\/td>\n<\/tr>\n<tr>\n<td>KARAR 26<\/td>\n<\/tr>\n<tr>\n<td> G\u00fcndemde bulunan madde gere\u011fi\u037e Belediyemiz Tar\u0131m Orman Mahalle ve M\u00fc\u015fterek Komisyonunun 1 nolu karar\u0131n\u0131n g\u00f6r\u00fc\u015f\u00fclmesine ge\u00e7ildi.<br \/>\nKomisyon karar\u0131nda aynen &#8220;Belediyemiz Meclisinin 02\/02\/2021 tarih ve 25 say\u0131l\u0131 karar\u0131 ile Komisyonumuzda g\u00f6r\u00fc\u015f\u00fclmek \u00fczere havale edilen<br \/>\nBelediyemiz Fen \u0130\u015fleri M\u00fcd\u00fcrl\u00fc\u011f\u00fcn\u00fcn 29\/01\/2021 tarih ve 246 say\u0131l\u0131 yaz\u0131lar\u0131 ekinde  Adana Valili\u011fi \u0130l Tar\u0131m ve Orman M\u00fcd\u00fcrl\u00fc\u011f\u00fcn\u00fcn 27\/01\/2021<br \/>\ntarih ve 269516 say\u0131l\u0131 yaz\u0131lar\u0131nda\u037e  &#8221;31\/12\/2021 Tarihli T\u00fcrkiye \u0130statislik Kurumu verilerine g\u00f6re t\u00fcm illerde n\u00fcfusu 20.000&#8217;den az olan yerle\u015fim<br \/>\nyerleri &#8221; \u015feklinde\u037e K\u0131rsal Mahalle ise &#8221;K\u00f6y veya belde belediyesi iken mahalleye d\u00f6n\u00fc\u015fen ve b\u00fcy\u00fck\u015fehir belediyesi s\u0131n\u0131rlar\u0131 i\u00e7inde bulunup sosyoekonomik durumu, \u015fehir merkezine uzakl\u0131\u011f\u0131, belediye hizmetlerine eri\u015fe bilirli\u011fi, mevcut yap\u0131la\u015fma durumu ve benzeri hususlar dikkate al\u0131narak ilgili<br \/>\nil\u00e7e belediye meclisinin karar\u0131 ve teklifi \u00fczerine b\u00fcy\u00fck\u015fehir belediye  meclisinin en ge\u00e7 doksan g\u00fcn i\u00e7erisinde alaca\u011f\u0131 karar ile k\u0131rsal yerle\u015fim \u00f6zelli\u011fi<br \/>\nta\u015f\u0131d\u0131\u011f\u0131 tespit edilen mahalleler&#8221; olarak tan\u0131mlanmaktad\u0131r, denilmektedir.        K\u0131rsal Kalk\u0131nma Destekleri Kapsam\u0131nda Tar\u0131ma Dayal\u0131 Ekonomik<br \/>\nAltyap\u0131 Yat\u0131r\u0131mlar\u0131n\u0131n Desteklenmesine ili\u015fkin de\u011ferlendirme \u00e7al\u0131\u015fmalar\u0131nda kullan\u0131lmak \u00fczere Adana ili Karaisal\u0131 il\u00e7esine ba\u011fl\u0131 k\u00f6y t\u00fczel ki\u015fili\u011fi iken<br \/>\n03\/02\/2006 tarih ve 2006\/10046 say\u0131l\u0131 Bakanlar Kurulu Karar\u0131 ve 6360 Say\u0131l\u0131  On \u00dc\u00e7 \u0130lde B\u00fcy\u00fck\u015fehir Belediyesi ve Yirmi Alt\u0131 \u0130L\u00e7e Kurulmas\u0131 ile<br \/>\nBaz\u0131 Kanun ve Kanun H\u00fckm\u00fcnde Kararnamelerde De\u011fi\u015fiklik Yap\u0131lmas\u0131na Dair Kanun  ile mahalleye d\u00f6n\u00fc\u015fen  &#8216; Ak\u00e7al\u0131, Akta\u015f, Alt\u0131nova,<br \/>\nA\u015fa\u011f\u0131belemedik, A\u015fa\u011f\u0131y\u00f6r\u00fckler, Ayakk\u0131f, Barakda\u011f,  Ba\u015fk\u0131f, Bekirli, Beydemir, Bolacal\u0131, Bucak,\u00c7akall\u0131, \u00c7atalan, \u00c7evlik, \u00c7ocuklar, \u00c7orlu, \u00c7ukur,<br \/>\nDemir\u00e7it, D\u00f6\u015fekevi, Durak,E\u011flence, Emelcik,Etekli, Fettahl\u0131, Filikli, Gildirli, G\u00f6khasanl\u0131, G\u00fcl\u00fc\u015fl\u00fc, G\u00fcven\u00e7, Hac\u0131l\u0131, Hac\u0131musal\u0131, Kaleda\u011f, Kap\u0131kaya,<br \/>\nKarahasanl\u0131, Karak\u0131l\u0131\u00e7, Karakuyu, K\u0131ralan, K\u0131r\u0131kl\u0131, Kocaveliler, K\u00f6r\u00fckl\u00fc, Ku\u015f\u00e7usofulu,  Kuyucu, Kuzgun, Mara\u015fl\u0131, Merkez Boztahta, Murt\u00e7ukuru,<br \/>\nNergizlik, Nuhlu, \u00d6merli, Sad\u0131kali, Sar\u0131mehmetli,Sayp\u0131nar,  Tat\u0131k, Topakta\u015f, Topkaral\u0131, Torunsolakl\u0131, T\u00fcmenli, Yaz\u0131ba\u015f\u0131 &#8221;  olmak \u00fczere  toplam 59<br \/>\nmahallemizin sosyoekonomik durumlar\u0131 , \u015fehir merkezine uzakl\u0131klar\u0131 belediye hizmetlerine eri\u015filebirlikleri ve yap\u0131la\u015fma durumlar\u0131 g\u00f6z \u00f6n\u00fcne  al\u0131narak<br \/>\nK\u0131rsal Mahalle stat\u00fcs\u00fcne al\u0131nmas\u0131na oy birli\u011fi ile karar verildi. Denilmekte olup, okunan komisyon raporu oylamaya sunuldu. Yap\u0131lan oylama<br \/>\nneticesinde komisyon raporunun komisyondan geldi\u011fi gibi kabul edilmesine oy birli\u011fi ile karar verildi.\n<\/td>\n<\/tr>\n<\/tbody>\n<\/table>\n","protected":false},"excerpt":{"rendered":"<p>KARAR 25 Belediyemiz Fen \u0130\u015fleri M\u00fcd\u00fcrl\u00fc\u011f\u00fcn\u00fcn 29\/01\/2021 tarih ve 246 say\u0131l\u0131 yaz\u0131lar\u0131 ve Adana Valili\u011fi \u0130l Tar\u0131m ve Orman M\u00fcd\u00fcrl\u00fc\u011f\u00fcn\u00fcn 27\/01\/2021 tarih ve 269516 say\u0131l\u0131 yaz\u0131lar\u0131nda\u037e &#8221;31\/12\/2021 Tarihli T\u00fcrkiye \u0130statislik Kurumu verilerine g\u00f6re t\u00fcm illerde n\u00fcfusu 20.000&#8217;den az olan yerle\u015fim yerleri &#8221; \u015feklinde\u037e K\u0131rsal Mahalle ise &#8221;K\u00f6y veya belde belediyesi iken mahalleye d\u00f6n\u00fc\u015fen ve b\u00fcy\u00fck\u015fehir [&hellip;]<\/p>\n","protected":false},"author":10,"featured_media":0,"parent":9425,"menu_order":202102,"comment_status":"closed","ping_status":"closed","template":"","meta":{"footnotes":""},"class_list":["post-9475","page","type-page","status-publish","hentry"],"_links":{"self":[{"href":"https:\/\/www.karaisali.bel.tr\/index.php?rest_route=\/wp\/v2\/pages\/9475","targetHints":{"allow":["GET"]}}],"collection":[{"href":"https:\/\/www.karaisali.bel.tr\/index.php?rest_route=\/wp\/v2\/pages"}],"about":[{"href":"https:\/\/www.karaisali.bel.tr\/index.php?rest_route=\/wp\/v2\/types\/page"}],"author":[{"embeddable":true,"href":"https:\/\/www.karaisali.bel.tr\/index.php?rest_route=\/wp\/v2\/users\/10"}],"replies":[{"embeddable":true,"href":"https:\/\/www.karaisali.bel.tr\/index.php?rest_route=%2Fwp%2Fv2%2Fcomments&post=9475"}],"version-history":[{"count":0,"href":"https:\/\/www.karaisali.bel.tr\/index.php?rest_route=\/wp\/v2\/pages\/9475\/revisions"}],"up":[{"embeddable":true,"href":"https:\/\/www.karaisali.bel.tr\/index.php?rest_route=\/wp\/v2\/pages\/9425"}],"wp:attachment":[{"href":"https:\/\/www.karaisali.bel.tr\/index.php?rest_route=%2Fwp%2Fv2%2Fmedia&parent=9475"}],"curies":[{"name":"wp","href":"https:\/\/api.w.org\/{rel}","templated":true}]}}