{"id":9298,"date":"2020-10-30T16:08:24","date_gmt":"2020-10-30T13:08:24","guid":{"rendered":"https:\/\/www.karaisali.bel.tr\/?page_id=9298"},"modified":"2020-10-30T16:13:09","modified_gmt":"2020-10-30T13:13:09","slug":"ekim-2020-meclis-kararlari","status":"publish","type":"page","link":"https:\/\/www.karaisali.bel.tr\/?page_id=9298","title":{"rendered":"Ekim 2020 Meclis Kararlar\u0131"},"content":{"rendered":"<table>\n<tbody>\n<tr>\n<td>KARAR 48<\/td>\n<\/tr>\n<tr>\n<td>Belediyemiz Plan B\u00fct\u00e7e ve M\u00fc\u015fterek Komisyonunun 3 nolu, Belediye Ba\u015fkan\u0131 Saadetin ASLAN&#8217; a Amat\u00f6r Spor Kul\u00fcplerine Ayni ve Nakdi Yard\u0131m Yapmak \u00dczere Yetki Verilmesi ile  ilgili  komisyon raporunun g\u00f6r\u00fc\u015f\u00fclmesine ge\u00e7ildi. Komisyon Raporunda aynen \u037e         Belediyemiz Meclisince komisyonumuzda g\u00f6r\u00fc\u015f\u00fclmek \u00fczere havale edilen \u037e 5393 say\u0131l\u0131 Belediye Kanununun 14.maddesinde uyar\u0131nca \u037e (De\u011fi\u015fik \u0130kinci C\u00fcmle:12\/11\/2012 \u00ad 6360\/17 md.) &#8221; Gerekti\u011finde sporu te\u015fvik etmek amac\u0131yla gen\u00e7lere spor malzemesi verir, amat\u00f6r spor kul\u00fcplerine ayni ve nakdi yard\u0131m yapar ve gerekli deste\u011fi sa\u011flar, her t\u00fcrl\u00fc amat\u00f6r spor kar\u015f\u0131la\u015fmalar\u0131 d\u00fczenler, yurt i\u00e7i ve yurt d\u0131\u015f\u0131 m\u00fcsabakalarda \u00fcst\u00fcn ba\u015far\u0131 g\u00f6steren veya derece alan \u00f6\u011frencilere, sporculara teknik y\u00f6netici ve antren\u00f6rlere belediye meclisi karar\u0131yla \u00f6d\u00fcl verebilir. G\u0131da Bankac\u0131l\u0131\u011f\u0131 yapabilir.&#8221; denilmektedir. Yukar\u0131da bahse konu kanun kapsam\u0131nda Amat\u00f6r Spor Kul\u00fcb\u00fc Derneklerine Ayni ve Nakdi Yard\u0131m\u0131n yap\u0131labilmesi i\u00e7in Belediye Meclisi taraf\u0131ndan Belediye Ba\u015fkan\u0131 Saadettin ASLAN&#8217; a Yetki Verilmesi hususunu\u037e Gere\u011fi i\u00e7in Bilgilerinize arz\/rica ederim. Denilmekte olup  komisyonumuzca g\u00f6r\u00fc\u015f\u00fcld\u00fc. Yap\u0131lan g\u00f6r\u00fc\u015fme ve de\u011ferlendirme sonucunda\u037e teklifin m\u00fcd\u00fcrl\u00fc\u011f\u00fcnden geldi\u011fi gibi kabul edilmesine, Karaisal\u0131 Belediye Spor Kul\u00fcb\u00fcne ger\u00e7ekle\u015fen b\u00fct\u00e7e gelirinin binde be\u015fi oran\u0131nda ayni veya nakdi yard\u0131m yap\u0131lmas\u0131na  komisyonumuzca oy birli\u011fi ile karar verilmi\u015f olup, karar\u0131m\u0131z\u0131n Belediyemiz Meclisine sunulmas\u0131na karar verildi. Denilmekte olup, okunan komisyon raporu hakk\u0131nda s\u00f6z isteyen olup olmad\u0131\u011f\u0131 soruldu \u00dcyelerden Rifat K\u00d6RO\u011eLU s\u00f6z ald\u0131. Arkada\u015flar okunan komisyon raporunun komisyondan geldi\u011fi gibi kabul edilmesini teklif ediyorum. Dedi. Teklif oylamaya sunuldu. Yap\u0131lan oylama neticesinde teklifin kabul\u00fcne oy birli\u011fi ile karar verildi. GERE\u011e\u0130 \u0130\u00c7\u0130N K\u00dcLT\u00dcR VE SOSYAL \u0130\u015eLER\u0130 M\u00dcD\u00dcRL\u00dc\u011e\u00dcNE<\/td>\n<\/tr>\n<tr>\n<td>KARAR 49<\/td>\n<\/tr>\n<tr>\n<td>  Belediyemiz Plan B\u00fct\u00e7e ve M\u00fc\u015fterek Komisyonunun  Derneklerle i\u015fbirli\u011fi protokol\u00fc yapmak \u00fczere Belediye Ba\u015fkan\u0131 Saadettin ASLAN&#8217;a yetki verilmesi ile ilgili 4 nolu komisyon raporunun g\u00f6r\u00fc\u015f\u00fclmesine ge\u00e7ildi. Komisyon raporunda aynen\u037e         Belediyemiz Meclisince komisyonumuzda g\u00f6r\u00fc\u015f\u00fclmek \u00fczere havale edilen \u037e Karaisal\u0131&#8217; da \u00c7eceli Sosyal Hizmetler Derne\u011finin 28\/08\/2020 tarihli ve bila say\u0131l\u0131 dilek\u00e7esiyle Ba\u015fkanl\u0131\u011f\u0131m\u0131za m\u00fcracatta bulunarak, Derneklerine ba\u011f\u0131\u015flanan gerek G\u0131da Bankac\u0131l\u0131\u011f\u0131 kapsam\u0131ndaki yard\u0131mlar\u0131n\u0131n gerekse di\u011fer ayni yard\u0131mlar\u0131n ta\u015f\u0131nmas\u0131, depolanmas\u0131, muhta\u00e7 ki\u015filerin tespit edilmesi, yeni m\u00fcracaatlar\u0131n de\u011ferlendirilmesi ve yard\u0131mlar\u0131n dezavantajl\u0131 vatanda\u015flara bulu\u015fturulmas\u0131 i\u015flemlerinin sa\u011fl\u0131kl\u0131 bir \u015fekilde y\u00fcr\u00fct\u00fclmesi i\u00e7in: Belediyemizle yap\u0131lacak olan ortak bir protokol ve Proje kapsam\u0131nda hizmet \u00fcretmek istemektedirler.    Bu kapsamda: Belediyeler kanununun 75. maddesine g\u00f6re Belediye Ba\u015fkan\u0131na \u0130\u015f Birli\u011fi Protokol\u00fc yapma konusunda Yetki Verilmesi ve uygun g\u00f6r\u00fcld\u00fc\u011f\u00fc takdirde gerekli Meclis Karar\u0131 al\u0131nmas\u0131 hususunu arz ederim. Denilmekte olup komisyonumuzca g\u00f6r\u00fc\u015f\u00fcld\u00fc. Yap\u0131lan g\u00f6r\u00fc\u015fme neticesinde teklifin m\u00fcd\u00fcrl\u00fc\u011f\u00fcnden geldi\u011fi gibi kabul edilmesine , karar\u0131m\u0131z\u0131n Belediyemiz Meclisine sunulmas\u0131na oy komisyonumuzca oy birli\u011fi ile karar verildi. Denilmekte olup, okunan komisyon raporu hakk\u0131nda s\u00f6z isteyen olup olmad\u0131\u011f\u0131 soruldu. \u00dcyelerden Rifat K\u00d6RO\u011eLU s\u00f6z ald\u0131. Arkada\u015flar okunan komisyon raporunun komisyondan geldi\u011fi gibi kabul edilmesini teklif ediyorum. Dedi. Teklif oylamaya sunuldu. yap\u0131lan oylama neticesinde teklifin kabul\u00fcne oy birli\u011fi ile karar verildi. GERE\u011e\u0130 \u0130\u00c7\u0130N K\u00dcLT\u00dcR VE SOSYAL \u0130\u015eLER\u0130 M\u00dcD\u00dcRL\u00dc\u011e\u00dcNE<\/td>\n<\/tr>\n<tr>\n<td>KARAR 50<\/td>\n<\/tr>\n<tr>\n<td>Belediyemiz Mali Hizmetler M\u00fcd\u00fcrl\u00fc\u011f\u00fcn\u00fcn 28\/09\/2020 tarih ve 2362 say\u0131l\u0131 yaz\u0131lar\u0131nda \u037e Belediye Ba\u015fkanl\u0131\u011f\u0131m\u0131z 2021 y\u0131l\u0131 haz\u0131rl\u0131k b\u00fct\u00e7esi gelir ve gider tablosu yaz\u0131m\u0131z ekinde sunulmu\u015f olup 5393 say\u0131l\u0131 Belediye Kanunu 18\/b maddesi gere\u011fince Belediyemiz Meclisince g\u00f6r\u00fc\u015f\u00fclmek ve onaylanmak \u00fczere havalesini\u037e Olurlar\u0131n\u0131za arz ederim. Denilmekte olup,  ilgili teklif Belediyemiz Plan B\u00fct\u00e7e ve M\u00fc\u015fterek Komisyonunda g\u00f6r\u00fc\u015f\u00fcld\u00fc. Komisyon Raporunda aynen\u037e Belediyemiz Meclisince komisyonumuzda g\u00f6r\u00fc\u015f\u00fclmek \u00fczere havale edilen Belediyemiz Mali Hizmetler M\u00fcd\u00fcrl\u00fc\u011f\u00fcn\u00fcn 28\/09\/2020 tarih ve E.2362 say\u0131l\u0131 yaz\u0131lar\u0131 ekinde komisyonumuza sunulan   2021 y\u0131l\u0131  B\u00fct\u00e7esi gelir ve gider tablosu komisyonumuzca g\u00f6r\u00fc\u015f\u00fclmek \u00fczere Belediyemiz Meclis Toplant\u0131 salonunda 02\/10\/2020 tarihinde toplanm\u0131\u015f olup,  Komisyonumuzca 2021 Y\u0131l\u0131 B\u00fct\u00e7esi gelir ve gider tablolar\u0131 tek tek incelenerek 32.000.000,00\u00adTL \u2018lik (OTUZ\u0130K\u0130M\u0130LYONT\u00dcRKL\u0130RASI)  b\u00fct\u00e7enin uygunlu\u011funa, karar\u0131m\u0131z\u0131n Belediyemiz Meclisine sunulmas\u0131na oy birli\u011fi ile karar verildi denilmekte olup, komisyon raporu hakk\u0131nda s\u00f6z isteyen olup olmad\u0131\u011f\u0131 soruldu. \u00dcyelerden Abdullah KA\u00c7AR s\u00f6z ald\u0131.  Arkada\u015flar okunan komisyon raporunun komisyondan geldi\u011fi gibi kabul edilmesini teklif ediyorum. Dedi. Teklif  oylamaya sunuldu. Yap\u0131lan oylama neticesinde teklifin kabul\u00fcne oy birli\u011fi ile karar verildi.         GERE\u011e\u0130 \u0130\u00c7\u0130N MAL\u0130 H\u0130ZMETLER M\u00dcD\u00dcRL\u00dc\u011e\u00dc<\/td>\n<\/tr>\n<\/tbody>\n<\/table>\n","protected":false},"excerpt":{"rendered":"<p>KARAR 48 Belediyemiz Plan B\u00fct\u00e7e ve M\u00fc\u015fterek Komisyonunun 3 nolu, Belediye Ba\u015fkan\u0131 Saadetin ASLAN&#8217; a Amat\u00f6r Spor Kul\u00fcplerine Ayni ve Nakdi Yard\u0131m Yapmak \u00dczere Yetki Verilmesi ile ilgili komisyon raporunun g\u00f6r\u00fc\u015f\u00fclmesine ge\u00e7ildi. Komisyon Raporunda aynen \u037e Belediyemiz Meclisince komisyonumuzda g\u00f6r\u00fc\u015f\u00fclmek \u00fczere havale edilen \u037e 5393 say\u0131l\u0131 Belediye Kanununun 14.maddesinde uyar\u0131nca \u037e (De\u011fi\u015fik \u0130kinci C\u00fcmle:12\/11\/2012 \u00ad [&hellip;]<\/p>\n","protected":false},"author":10,"featured_media":0,"parent":8495,"menu_order":202010,"comment_status":"closed","ping_status":"closed","template":"","meta":{"footnotes":""},"class_list":["post-9298","page","type-page","status-publish","hentry"],"_links":{"self":[{"href":"https:\/\/www.karaisali.bel.tr\/index.php?rest_route=\/wp\/v2\/pages\/9298","targetHints":{"allow":["GET"]}}],"collection":[{"href":"https:\/\/www.karaisali.bel.tr\/index.php?rest_route=\/wp\/v2\/pages"}],"about":[{"href":"https:\/\/www.karaisali.bel.tr\/index.php?rest_route=\/wp\/v2\/types\/page"}],"author":[{"embeddable":true,"href":"https:\/\/www.karaisali.bel.tr\/index.php?rest_route=\/wp\/v2\/users\/10"}],"replies":[{"embeddable":true,"href":"https:\/\/www.karaisali.bel.tr\/index.php?rest_route=%2Fwp%2Fv2%2Fcomments&post=9298"}],"version-history":[{"count":0,"href":"https:\/\/www.karaisali.bel.tr\/index.php?rest_route=\/wp\/v2\/pages\/9298\/revisions"}],"up":[{"embeddable":true,"href":"https:\/\/www.karaisali.bel.tr\/index.php?rest_route=\/wp\/v2\/pages\/8495"}],"wp:attachment":[{"href":"https:\/\/www.karaisali.bel.tr\/index.php?rest_route=%2Fwp%2Fv2%2Fmedia&parent=9298"}],"curies":[{"name":"wp","href":"https:\/\/api.w.org\/{rel}","templated":true}]}}