{"id":8842,"date":"2020-07-23T09:09:13","date_gmt":"2020-07-23T06:09:13","guid":{"rendered":"https:\/\/www.karaisali.bel.tr\/?page_id=8842"},"modified":"2022-10-18T14:01:28","modified_gmt":"2022-10-18T11:01:28","slug":"mart-2020-meclis-kararlari","status":"publish","type":"page","link":"https:\/\/www.karaisali.bel.tr\/?page_id=8842","title":{"rendered":"Mart 2020 Meclis Kararlar\u0131"},"content":{"rendered":"<table>\n<tbody>\n<tr>\n<td>KARAR 28<\/td>\n<\/tr>\n<tr>\n<td>G\u00fcndemde bulunan madde gere\u011fi; Belediyemiz Mali Hizmetler M\u00fcd\u00fcrl\u00fc\u011f\u00fcn\u00fcn 03\/03\/2020 tarih ve E.517 Say\u0131l\u0131 yaz\u0131s\u0131; Belediye Ba\u015fkanl\u0131\u011f\u0131m\u0131zda meclis \u00fcyesi Belediye Ba\u015fkan Yard\u0131mc\u0131lar\u0131na 2020 y\u0131l\u0131 i\u00e7erisinde\u00a0 \u00f6denecek ayl\u0131k \u00fccretin belirlenmesi ile ilgili teklif g\u00f6r\u00fc\u015f\u00fcld\u00fc. Teklif hakk\u0131nda s\u00f6z isteyen olup, olmad\u0131\u011f\u0131 soruldu. Ba\u015fkan s\u00f6z ald\u0131. Arkada\u015flar Belediye Ba\u015fkan Yard\u0131mc\u0131l\u0131\u011f\u0131 ayl\u0131k maa\u015f\u0131n\u0131n 5393 Say\u0131l\u0131 Belediye Kanununun 49. maddesi gere\u011fince net 6.000,00-TL (ALTIB\u0130NT\u00dcRKL\u0130RASI) olarak belirlenmesini teklif ediyorum. Dedi. Teklif oylamaya sunuldu. Yap\u0131lan oylama neticesinde teklifin kabul\u00fcne oy birli\u011fi ile karar verildi.<\/td>\n<\/tr>\n<tr>\n<td>KARAR 28<\/td>\n<\/tr>\n<tr>\n<td>Adana Valili\u011fi Kadastro M\u00fcd\u00fcrl\u00fc\u011f\u00fcn\u00fcn;<br \/>\n30\/04\/2020 tarih ve tarih ve 1153760 say\u0131l\u0131 yaz\u0131lar\u0131 ile Adana ili Karaisal\u0131 \u0130l\u00e7esi Hac\u0131musal\u0131 Mahallesi<br \/>\n30\/04\/2020 tarih ve tarih ve 1153760 say\u0131l\u0131 yaz\u0131lar\u0131 ile Adana ili Karaisal\u0131 \u0130l\u00e7esi Ayakk\u0131f Mahallesi,<br \/>\n30\/04\/2020 tarih ve tarih ve 1153760 say\u0131l\u0131 yaz\u0131lar\u0131 ile Adana ili Karaisal\u0131 \u0130l\u00e7esi D\u00f6\u015fekevi Mahallesi,<br \/>\n30\/04\/2020 tarih ve tarih ve 1153760 say\u0131l\u0131 yaz\u0131lar\u0131 ile Adana ili Karaisal\u0131 \u0130l\u00e7esi Tat\u0131k Mahallesi<br \/>\n30\/04\/2020 tarih ve tarih ve 1153760 say\u0131l\u0131 yaz\u0131lar\u0131 ile Adana ili Karaisal\u0131 \u0130l\u00e7esi Merkezboztahta Mah<br \/>\n30\/04\/2020 tarih ve tarih ve 1153760 say\u0131l\u0131 yaz\u0131lar\u0131 ile Adana ili Karaisal\u0131 \u0130l\u00e7esi T\u00fcmenli Mahallesi &#8216;nde 3402 say\u0131l\u0131 Kadastro Kanunu h\u00fck\u00fcmlerince yap\u0131lacak olan kadastro \u00e7al\u0131\u015fmalar\u0131nda kadastro ekibinde bilirki\u015fi olarak g\u00f6rev yapmak \u00fczere 6 &#8216;\u015far adet bilirki\u015finin Belediyemiz Meclisince belirlenmesi istenilmi\u015f olup, Belediyemiz Meclisince yap\u0131lan g\u00f6r\u00fc\u015fme sonucunda yukar\u0131da ad\u0131 ge\u00e7en mahallelerde a\u015fa\u011f\u0131da mahalle ismi alt\u0131nda yaz\u0131l\u0131 ki\u015filerin bilirki\u015fi olarak se\u00e7ilmesine oy birli\u011fi ile karar verildi.<\/p>\n<p>HACIMUSALI MAHALLES\u0130<\/p>\n<p>S NO ADI SOYADI TC NO TELEFON ADRES<br \/>\n1. VEL\u0130 ATICI 1423XXXX524 5057863873 Hac\u0131musal\u0131 Mah.<br \/>\n2. HAYAT\u0130 KARATA\u015e 1002XXXX882 5303211039 &#8221;<br \/>\n3. SAB\u0130T \u0130NAN 1045XXXX460 5383926206 &#8221;<br \/>\n4. MAHMUT NAC\u0130 U\u011eUR 1306XXXX778 5379210997 &#8221;<br \/>\n5. MUSA U\u011eUR 1301XXXX362 5358759979 &#8221;<br \/>\n6. SEZAY\u0130 DURUKAN 1376XXXX194 5373827774 &#8221;<\/p>\n<p>AYAKKIF MAHALLES\u0130 B\u0130L\u0130RK\u0130\u015e\u0130 L\u0130STES\u0130<\/p>\n<p>S NO ADI SOYADI TC NO TELEFON ADRES<br \/>\n1 ERDO\u011eAN \u015e\u0130R\u0130N 2005XXXX114 05375834733 Ayakk\u0131f Mah.<br \/>\n2. HACIMUSTAFA KALA 1480XXXX136 05372282713 &#8221;<br \/>\n3. \u015eABEN YAL\u00c7INKAYA 1735XXXX926 05379540880 &#8221;<br \/>\n4. BURHAN DO\u011eAN 1978XXXX914 05394676887 &#8221;<br \/>\n5. AL\u0130 YAL\u00c7IN 1636XXXX022 05367783676 &#8221;<br \/>\n6. DURMU\u015e AL\u0130 G\u00dcLTEK\u0130N 1783XXXX032 05349620856 &#8221;<\/p>\n<p>D\u00d6\u015eEKEV\u0130 MAHALLES\u0130 B\u0130L\u0130RK\u0130\u015e\u0130 L\u0130STES\u0130<\/p>\n<p>S NO ADI SOYADI TC NO TELEFON ADRES<br \/>\n1 KAZIM K\u00dc\u00c7\u00dcKNANE 17485XXXX780 5365422927 D\u00f6\u015fekevi Mah.<br \/>\n2. DURMU\u015e DURNA 2038XXXX442 5354673663 &#8221;<br \/>\n3. MUSTAFA KESTEK 1987XXXX298 5379843957 &#8221;<br \/>\n4. MUH\u0130TT\u0130N K\u00dc\u00c7\u00dcK 1525XXXX806 5364750931 &#8221;<br \/>\n5. OSMAN TOPAK 1863XXXX556 5332173648 &#8221;<br \/>\n6. \u0130SA BULUT 1579XXXX252 5303304641 &#8221;<\/p>\n<p>TATIK MAHALLES\u0130 B\u0130L\u0130RK\u0130\u015e\u0130 L\u0130STES\u0130<\/p>\n<p>S NO ADI SOYADI TC NO TELEFON ADRES<br \/>\n1. KEMAL KU\u015eCU 1912XXXX082 5367404114 Tat\u0131k Mahallesi<br \/>\n2. FAHR\u0130TD\u0130N \u00c7APA 1210XXXX914 5357062334 &#8221;<br \/>\n3. HASAN H\u00dcSEY\u0130N SU 2002XXXX118 5374722132 &#8221;<br \/>\n4. HASAN GAYGISIZ 1962XXXX334 5367605702 &#8221;<br \/>\n5. F\u0130KRET KAYA 2038XXXX278 5354882791 &#8221;<br \/>\n6. VEYSEL EROL 1978XXXX238 5354824811<\/p>\n<p>MERKEZ BOZTAHTA MAHALLES\u0130 B\u0130L\u0130RK\u0130\u015e\u0130 L\u0130STES\u0130<\/p>\n<p>S NO ADI SOYADI TC NO TELEFON ADRES<br \/>\n1. MUHAMMET ZEYTUN 1526XXXX170 5376436132 M.Boztahta Mah.<br \/>\n2. \u0130SA G\u00d6Z\u00dcK\u00dc\u00c7\u00dcK 1480XXXX522 5367159982 &#8221;<br \/>\n3. MUZAFFER ERGELD\u0130 1563XXXX740 5346603756 &#8221;<br \/>\n4. MEHMET AL\u0130 YET\u0130M 1900XXXX556 5349243076 &#8221;<br \/>\n5. MURAT T\u00dcRK 1471XXXX678 5363331356 &#8221;<br \/>\n6. BAHR\u0130 SARI 1751XXXX056 5340734996 &#8221;<\/p>\n<p>T\u00dcMENL\u0130 MAHALLES\u0130 B\u0130L\u0130RK\u0130\u015e\u0130 L\u0130STES\u0130<\/p>\n<p>S NO ADI SOYADI TC NO TELEFON ADRES<br \/>\n1. EKREM KU\u015eCU 1910XXXX884 5365631463 T\u00fcmenli Mah.<br \/>\n2. HARUN KOZACIO\u011eLU 1510XXXX220 5375109339 &#8221;<br \/>\n3. ALI RIZA ARIK 2152XXXX112 5345887623 &#8221;<br \/>\n4. MEHMET AL\u0130 \u00d6ZT\u00dcRK 1766XXXX854 5436828985 &#8221;<br \/>\n5. AL\u0130 GEZG\u0130N 1561XXXX038 5386715120 &#8221;<br \/>\n6. N\u0130HAT DEM\u0130R 1653XXXX482 5368132302 &#8220;<\/td>\n<\/tr>\n<tr>\n<td>KORONA DOLAYISI \u0130LE MECL\u0130SE ARA VER\u0130LD\u0130<\/td>\n<\/tr>\n<tr>\n<td>KORONA DOLAYISI \u0130LE MECL\u0130SE ARA VER\u0130LD\u0130<\/td>\n<\/tr>\n<\/tbody>\n<\/table>\n","protected":false},"excerpt":{"rendered":"<p>KARAR 28 G\u00fcndemde bulunan madde gere\u011fi; Belediyemiz Mali Hizmetler M\u00fcd\u00fcrl\u00fc\u011f\u00fcn\u00fcn 03\/03\/2020 tarih ve E.517 Say\u0131l\u0131 yaz\u0131s\u0131; Belediye Ba\u015fkanl\u0131\u011f\u0131m\u0131zda meclis \u00fcyesi Belediye Ba\u015fkan Yard\u0131mc\u0131lar\u0131na 2020 y\u0131l\u0131 i\u00e7erisinde\u00a0 \u00f6denecek ayl\u0131k \u00fccretin belirlenmesi ile ilgili teklif g\u00f6r\u00fc\u015f\u00fcld\u00fc. Teklif hakk\u0131nda s\u00f6z isteyen olup, olmad\u0131\u011f\u0131 soruldu. Ba\u015fkan s\u00f6z ald\u0131. Arkada\u015flar Belediye Ba\u015fkan Yard\u0131mc\u0131l\u0131\u011f\u0131 ayl\u0131k maa\u015f\u0131n\u0131n 5393 Say\u0131l\u0131 Belediye Kanununun 49. [&hellip;]<\/p>\n","protected":false},"author":10,"featured_media":0,"parent":8495,"menu_order":202003,"comment_status":"closed","ping_status":"closed","template":"","meta":{"footnotes":""},"class_list":["post-8842","page","type-page","status-publish","hentry"],"_links":{"self":[{"href":"https:\/\/www.karaisali.bel.tr\/index.php?rest_route=\/wp\/v2\/pages\/8842","targetHints":{"allow":["GET"]}}],"collection":[{"href":"https:\/\/www.karaisali.bel.tr\/index.php?rest_route=\/wp\/v2\/pages"}],"about":[{"href":"https:\/\/www.karaisali.bel.tr\/index.php?rest_route=\/wp\/v2\/types\/page"}],"author":[{"embeddable":true,"href":"https:\/\/www.karaisali.bel.tr\/index.php?rest_route=\/wp\/v2\/users\/10"}],"replies":[{"embeddable":true,"href":"https:\/\/www.karaisali.bel.tr\/index.php?rest_route=%2Fwp%2Fv2%2Fcomments&post=8842"}],"version-history":[{"count":1,"href":"https:\/\/www.karaisali.bel.tr\/index.php?rest_route=\/wp\/v2\/pages\/8842\/revisions"}],"predecessor-version":[{"id":10965,"href":"https:\/\/www.karaisali.bel.tr\/index.php?rest_route=\/wp\/v2\/pages\/8842\/revisions\/10965"}],"up":[{"embeddable":true,"href":"https:\/\/www.karaisali.bel.tr\/index.php?rest_route=\/wp\/v2\/pages\/8495"}],"wp:attachment":[{"href":"https:\/\/www.karaisali.bel.tr\/index.php?rest_route=%2Fwp%2Fv2%2Fmedia&parent=8842"}],"curies":[{"name":"wp","href":"https:\/\/api.w.org\/{rel}","templated":true}]}}