{"id":8397,"date":"2019-12-11T11:23:46","date_gmt":"2019-12-11T08:23:46","guid":{"rendered":"https:\/\/www.karaisali.bel.tr\/?page_id=8397"},"modified":"2019-12-11T11:23:46","modified_gmt":"2019-12-11T08:23:46","slug":"aralik-2019-meclis-kararlari","status":"publish","type":"page","link":"https:\/\/www.karaisali.bel.tr\/?page_id=8397","title":{"rendered":"Aral\u0131k 2019 Meclis Kararlar\u0131"},"content":{"rendered":"<table>\n<tbody>\n<tr>\n<td>KARAR 61<\/td>\n<\/tr>\n<tr>\n<td>Belediyemiz Zab\u0131ta M\u00fcd\u00fcrl\u00fc\u011f\u00fcn\u00fcn 29\/11\/2019 tarih ve E.3703 say\u0131l\u0131 yaz\u0131lar\u0131nda; G\u00f6revi gere\u011fi Zab\u0131ta Hizmetlerinin s\u00fcreklili\u011fini sa\u011flamak i\u00e7in Ulusal Bayram ,Genel Tatil, Hafta Tatili ve g\u00fcn\u00fcn 24 saatinde s\u00fcrekli hizmet veren zab\u0131tan\u0131n \u00e7al\u0131\u015fma s\u00fcresi ve saatleri 657 say\u0131l\u0131 Devlet Memurlar\u0131 Kanununda belirtilen \u00e7al\u0131\u015fma s\u00fcresi ve saatlerine ba\u011fl\u0131 kalmaks\u0131z\u0131n hizmetin aksat\u0131lmadan y\u00fcr\u00fct\u00fclmesini sa\u011flayacak \u015fekilde d\u00fczenlenmi\u015ftir.Zab\u0131ta Hizmetlerinde g\u00f6rev yapan personele, y\u0131l\u0131 B\u00fct\u00e7e Kanununun &#8220;K cetveli&#8221; ile belirlenen &#8220;Ayl\u0131k Maktu Fazla \u00c7al\u0131\u015fma \u00dccreti&#8221; \u00f6denmektedir.<br \/>\nBelediyemiz emrinde 657 say\u0131l\u0131 Devlet Memurlar\u0131 Kanununa tabi olarak g\u00f6rev yapan zab\u0131ta personeline 2020 y\u0131l\u0131 i\u00e7in \u00f6denecek mesai \u00fccretinin Bakanlar Kurulunun belirleyece\u011fi tavan \u00fczerinden \u00f6denmesi i\u00e7in 5393 say\u0131l\u0131 Belediye Kanununun 51.maddesi gere\u011fince Belediye Meclisince gerekli karar\u0131n al\u0131nmas\u0131 hususunu arz ederim. Denilmekte olup, teklif hakk\u0131nda s\u00f6z isteyen olup, olmad\u0131\u011f\u0131 soruldu. Ba\u015fkan s\u00f6z ald\u0131. Arkada\u015flar teklifin Belediyemiz Plan B\u00fct\u00e7e ve M\u00fc\u015fterek Komisyonunda g\u00f6r\u00fc\u015f\u00fclmek \u00fczere havale edilmesini teklifi ediyorum. Dedi. Teklif oylamaya sun8uldu. Yap\u0131lan oylama neticesinde teklifin kabul\u00fcne oy birli\u011fi ile karar verildi.<\/td>\n<\/tr>\n<tr>\n<td>KARAR 62<\/td>\n<\/tr>\n<tr>\n<td>Belediyemiz \u0130nsan Kaynaklar\u0131 ve E\u011fitimi M\u00fcd\u00fcrl\u00fc\u011f\u00fcn\u00fcn  29\/11\/2019 tarih ve E.3701  say\u0131l\u0131 yaz\u0131lar\u0131nda; Belediyeler ve Mahalli \u0130dare Birliklerinde kullan\u0131lacak ge\u00e7ici i\u015f pozisyonlar\u0131 bu kurum ve kurulu\u015flar i\u00e7in norm kadro standartlar\u0131 cetvellerinde belirlenen memur norm kadro standard\u0131 toplam\u0131n\u0131n y\u00fczde yirmisini ge\u00e7memek \u00fczere bulunacak say\u0131n\u0131n yuvarlanmas\u0131 ve tam y\u0131l esas\u0131na g\u00f6re hesaplanmas\u0131 sonucu adam\/ay say\u0131s\u0131na g\u00f6re meclis taraf\u0131ndan y\u0131ll\u0131k olarak belirlenir. Denilmektedir. \u0130lgili y\u00f6netmelik gere\u011fince Belediyemizde 167 adet memur kadrosu bulundu\u011fundan Belediye Ba\u015fkanl\u0131\u011f\u0131m\u0131zca 2020 y\u0131l\u0131nda 167&#215;20\/100= 34 34&#215;12=408 adam\/ay olarak ge\u00e7ici i\u015f\u00e7i \u00e7al\u0131\u015ft\u0131r\u0131lmak \u00fczere vize al\u0131nmas\u0131 hususunda karar al\u0131nmak \u00fczere Belediyemiz Meclisine havalesini Olurlar\u0131n\u0131za arz ederim. denilmekte olup, teklif hakk\u0131nda s\u00f6z isteyen olup olmad\u0131\u011f\u0131 soruldu.  \u00dcyelerden Mustafa EK\u0130C\u0130  s\u00f6z ald\u0131. Arkada\u015flar teklifin plan b\u00fct\u00e7e ve m\u00fc\u015fterek komisyonunda  g\u00f6r\u00fc\u015f\u00fclmek \u00fczere havale edilmesini teklif ediyorum. Dedi. Teklif oylamaya sunuldu. Yap\u0131lan oylama neticesinde teklifin kabul\u00fcne oy birli\u011fi ile karar verildi.\n<\/td>\n<\/tr>\n<tr>\n<td>KARAR 63<\/td>\n<\/tr>\n<tr>\n<td>Belediyemiz K\u00fclt\u00fcr ve Sosyal \u0130\u015fler M\u00fcd\u00fcrl\u00fc\u011f\u00fcn\u00fcn 29\/11\/2019 tarih ve 3700 say\u0131l\u0131 yaz\u0131lar\u0131nda ; \u0130l\u00e7emizde yediden yetmi\u015fe her vatanda\u015f\u0131n yararlanaca\u011f\u0131 gen\u00e7lik ve k\u00fclt\u00fcr evleri bulunmaktad\u0131r. Belediye Ba\u015fkanl\u0131\u011f\u0131m\u0131z \u00f6nderli\u011finde ya\u015fam alanlar\u0131n\u0131n zenginle\u015ftirilmesi , k\u00fclt\u00fcr\u00fcn ve sanat\u0131n her alanda ula\u015fabilece\u011fi sa\u011fl\u0131kl\u0131 bir kent olma geli\u015fiminin sa\u011flanarak zenginle\u015ftirilmesi , b\u00fct\u00fcnle\u015ftirici , geli\u015ftirici , kat\u0131l\u0131mc\u0131 bir anlay\u0131\u015f tesis etmek i\u00e7in gen\u00e7lik ve k\u00fclt\u00fcr evlerinin a\u00e7\u0131lmas\u0131na ihtiya\u00e7 duyulmaktad\u0131r. Gen\u00e7lik ve k\u00fclt\u00fcr evlerinin \u00e7al\u0131\u015fma ilkleri a\u015fa\u011f\u0131daki gibi olmas\u0131 ama\u00e7lanm\u0131\u015ft\u0131r.<br \/>\nHEDEF GRUP<br \/>\nA) Yediden Yetmi\u015fe t\u00fcm Karaisal\u0131 vatanda\u015flar, \u00e7evre il\u00e7e ve illerdeki vatanda\u015flar<br \/>\nB) Mesleki beceri kazand\u0131r\u0131c\u0131 pro\u011framlar ile \u00f6ncelikle i\u015fsiz gen\u00e7lerin beceri kabiliyetlerini art\u0131rabilmeleri ve kendi i\u015fini kurmalar\u0131 y\u00f6n\u00fcnde giri\u015fimci gen\u00e7ler<br \/>\nC) Karaisal\u0131 il\u00e7esinin sosyo k\u00fclt\u00fcrel yap\u0131s\u0131 do\u011frultusunda ev han\u0131mlar\u0131n\u0131n kat\u0131l\u0131m\u0131<br \/>\nD) \u0130lk\u00f6\u011fretim lise , \u00fcniversiteye giden ve mezun olan gen\u00e7lerin e\u011fitimine destek olmak hedeflenmektedir.<br \/>\nAMA\u00c7<br \/>\na) Gen\u00e7lerin karar alma s\u00fcre\u00e7lerine ve toplumsal ya\u015famda etkin kat\u0131l\u0131mlar\u0131n\u0131 sa\u011flamak<br \/>\nb) Gen\u00e7lerin sosyal geli\u015fimlerini desteklemek ve mesleki becerilerini geli\u015ftirmek<br \/>\nc) Gen\u00e7lerin toplumsal sorunlar kar\u015f\u0131s\u0131nda duyarl\u0131l\u0131\u011f\u0131n\u0131 art\u0131rarak toplumsal bir akt\u00f6r i\u015flevi g\u00f6rmesine yard\u0131mc\u0131 olmak<br \/>\nd) Gen\u00e7lerin okullar\u0131ndan ve ailelerinden ald\u0131\u011f\u0131 e\u011fitimine ek olarak destekleyici e\u011fitimle, \u00e7ocuklar\u0131n imkanlar\u0131n\u0131 art\u0131rarak gelecek hedeflerini belirlemelerine yard\u0131mc\u0131 olmak<br \/>\ne) Bireysel ve toplumsal geli\u015fmeyi g\u00fc\u00e7lendirici e\u011fitim, ara\u015ft\u0131rma, sosyal-k\u00fclt\u00fcrel sanatsal faaliyetlere destek vermek.<br \/>\nYETK\u0130 VE SORUMLULUK<br \/>\n1) \u0130l\u00e7e b\u00fct\u00fcn\u00fcne hizmet verecek k\u00fclt\u00fcrel, sanatsal, e\u011fitsel ve sosyal faaliyet ve etkinlikler d\u00fczenlemek<br \/>\n2) Gen\u00e7lerin ve b\u00f6lge halk\u0131n\u0131n kendilerinin ihtiya\u00e7 duyduklar\u0131 alanlarda e\u011fitim almalar\u0131 ve kendilerini daha iyi ifade edebilmeleri<br \/>\n3) YGS, YKS, DGS ve KPSS gibi s\u0131navlara gen\u00e7leri haz\u0131rlamak ve gelecekteki i\u015f ve okul hayatlar\u0131nda yard\u0131mc\u0131 olmak<br \/>\n4) Matematik , T\u00fcrk\u00e7e, Fizik, Tarih, Co\u011frafya, \u0130ngilizce, Almanca ve gerek duyulan derslerinden kurslar a\u00e7arak e\u011fitimlerine yeti\u015fmi\u015f personellerle destek vermek.<br \/>\n5) Bilgisayar , tasar\u0131m , resim, m\u00fczik , tiyatro, halkoyunlar\u0131 , y\u00fczme , g\u00fcre\u015f , ba\u011flama ,gitar, vb. her t\u00fcrl\u00fc kurslar\u0131 a\u00e7mak ve s\u00fcrd\u00fcrmek.<br \/>\n6) Kitap okuma salonlar\u0131 a\u00e7mak ve kitaplar\u0131n sat\u0131n al\u0131m\u0131n\u0131 ger\u00e7ekle\u015ftirmek.<br \/>\n7) Belediye taraf\u0131ndan ger\u00e7ekle\u015ftirilen yada desteklenen k\u00fclt\u00fcrel ve sanatsal her t\u00fcrl\u00fc etkinli\u011fin organizasyonunu yapmak<br \/>\n8) Her ya\u015ftan insan\u0131n sa\u011fl\u0131kl\u0131 ve zinde kalmas\u0131na katk\u0131 yapacak sosyal ve sportif etkinlikler d\u00fczenlemek<br \/>\n9) Yaz tatillerinde yaz spor okulu a\u00e7mak<br \/>\n10) \u00d6zel g\u00fcn ve haftalarda g\u00fcn\u00fcn \u00f6nlem ve anlam\u0131na uygun etkinlik ve organizasyonlar d\u00fczenlemek<br \/>\n11) Tarihine sahip \u00e7\u0131kacak k\u00fclt\u00fcrel miras\u0131n gelecek ku\u015faklara koruyarak ve ya\u015fatarak ta\u015f\u0131nmas\u0131na \u00f6nem vermek<br \/>\n12) Gelece\u011fin \u015fekillendirici olan \u00e7ocuklar\u0131n sa\u011fl\u0131kl\u0131 bir kent par\u00e7as\u0131nda , gelecek kayg\u0131lar\u0131n\u0131 ortadan kald\u0131rarak Vatan\u0131na Milletine faydal\u0131 birey olarak yeti\u015fmesini sa\u011flamak<br \/>\nBu kapsamda 5393 say\u0131l\u0131 Belediye Kanununun 13,14 ve 60. Maddeleri do\u011frultusunda Gen\u00e7lik ve K\u00fclt\u00fcr Evlerini a\u00e7mak Karaisal\u0131 Belediyesinin Sosyal Belediyecilik anla\u015f\u0131\u015f\u0131 ile uyumlu bir proje olaca\u011f\u0131ndan konunun Belediye Meclisinde g\u00f6r\u00fc\u015f\u00fclmesi hususunda havalesini arz ederim. Denilmekte olup, teklif hakk\u0131nda s\u00f6z isteyen olup, olmad\u0131\u011f\u0131 soruldu.  Ba\u015fkan s\u00f6z ald\u0131. Arkada\u015flar teklifin M\u00fcd\u00fcrl\u00fc\u011f\u00fcnden geldi\u011fi gibi kabul edilmesini oylar\u0131n\u0131za sunuyorum. Dedi. Teklif oylamaya sunuldu. oy birli\u011fi ile teklifin kabul\u00fcne karar verildi.\n<\/td>\n<\/tr>\n<tr>\n<td>KARAR 64<\/td>\n<\/tr>\n<tr>\n<td>Belediyemiz Fen \u0130\u015fleri M\u00fcd\u00fcrl\u00fc\u011f\u00fcn\u00fcn 03\/12\/2019 tarih ve E.3733 say\u0131l\u0131 yaz\u0131lar\u0131nda , Belediyemizce yap\u0131lmakta olan  imar plan \u00e7al\u0131\u015fmalar\u0131nda lise olarak g\u00f6r\u00fclen 523 ada 8 parselde imar plan\u0131 de\u011fi\u015fikli\u011fi yap\u0131larak s\u00f6z konusu olan ada-parsel de Jandarma Karakolu binas\u0131 yap\u0131m\u0131 i\u00e7in imar\u0131n uygun hale getirilece\u011fi hususunda gerekli meclis karar\u0131n\u0131n al\u0131nmas\u0131n\u0131 arz ederim denilmekte olup, teklif hakk\u0131nda s\u00f6z isteyen olup olmad\u0131\u011f\u0131 soruldu. \u00dcyelerden  s\u00f6z ald\u0131. Arkada\u015flar teklifin Belediyemiz \u0130mar ve \u015eehircilik M\u00fc\u015fterek komisyonunda g\u00f6r\u00fc\u015f\u00fclmek \u00fczere havale edilmesini teklif ediyorum. Dedi. Teklif oylamaya sunuldu. Yap\u0131lan oylama neticesinde teklifin kabul\u00fcne oy birli\u011fi ile karar verildi.\n<\/td>\n<\/tr>\n<tr>\n<td>KARAR 65<\/td>\n<\/tr>\n<tr>\n<td>Belediyemiz Fen \u0130\u015fleri M\u00fcd\u00fcrl\u00fc\u011f\u00fcn\u00fcn 02\/12\/2019 tarih ve 3717  say\u0131l\u0131 yaz\u0131lar\u0131nda ;\u00c7evre ve \u015eehircilik Bakanl\u0131\u011f\u0131 \u015fartl\u0131 nakdi yard\u0131m yolu ile sat\u0131n al\u0131nan 2019 model Hidromek marka HMK 102 S ALPHA A5 Motor No: NM75621U323949E \u015easi No: HMK102S KP2S092912 \u0130\u015f Makinas\u0131 \u00fczerine Rehin ve Haciz i\u015flemi yap\u0131lamayaca\u011f\u0131 hususun da gerekli Meclis Karar\u0131 al\u0131nmas\u0131 hususun da; OLUR&#8217; lar\u0131n\u0131za arz ederim Denilmekte olup, teklif hakk\u0131nda siz isteyen olup, olmad\u0131\u011f\u0131 soruldu. Ba\u015fkan s\u00f6z ald\u0131. teklifin m\u00fcd\u00fcrl\u00fc\u011f\u00fcnden geldi\u011fi gibi kabul edilmesini teklif ediyorum. Dedi. Teklif oylamaya  sunuldu. Teklifin kabul\u00fcne oy birli\u011fi kabul edilmesine \u00c7evre ve \u015eehircilik Bakanl\u0131\u011f\u0131 \u015fartl\u0131 nakdi yard\u0131m yolu ile sat\u0131n al\u0131nan 2019 model Hidromek marka HMK 102 S ALPHA A5 Motor No: NM75621U323949E \u015easi No: HMK102S KP2S092912 \u0130\u015f Makinas\u0131n\u0131n kamu hizmetlerimizde kullan\u0131ld\u0131\u011f\u0131ndan dolay\u0131 \u00fczerine Rehin ve Haciz i\u015flemi yap\u0131lmamas\u0131na oy birli\u011fi ile karar verildi.\n<\/td>\n<\/tr>\n<tr>\n<td>KARAR 66<\/td>\n<\/tr>\n<tr>\n<td>Adana Ticaret Sicil M\u00fcd\u00fcrl\u00fc\u011f\u00fc 77633 sicilinde kay\u0131tl\u0131 Karaisal\u0131 Belediyesi Personel Limited \u015eirketi % 100 i\u015ftirakimiz olup, tek ortak belediyemizdir. S\u00f6z konusu \u015firkette Belediye t\u00fczel ki\u015fili\u011fini temsil etmeye \u015firket kararlar\u0131n\u0131 belediye ad\u0131na imzalamaya yetkili olarak M\u00fcd\u00fcrler Kurulu Ba\u015fkan\u0131 13858256536 TC numaral\u0131 Saadettin ASLAN , \u015firket m\u00fcd\u00fcr\u00fc 20932020648 TC numaral\u0131 \u0130brahim \u00d6ZCAN ile 15220213826 TC numaral\u0131 Kenan K\u00dc\u00c7\u00dcK&#8217; \u00fcn ayr\u0131 ayr\u0131 m\u00fcnferiden yetkilendirilmesi i\u00e7in Belediyemiz Meclisince g\u00f6r\u00fc\u015f\u00fclerek karar al\u0131nmas\u0131 hususunda,<br \/>\nO&#8217; lurlar\u0131n\u0131z\u0131 arz ederim.Denilmekte olup, Ba\u015fkan s\u00f6z ald\u0131.  Teklifin bir sonraki meclis toplant\u0131s\u0131nda g\u00f6r\u00fc\u015f\u00fclmek \u00fczere Meclis g\u00fcndeminde b\u0131rak\u0131lmas\u0131n\u0131 teklif ediyorum. Dedi. Teklif oylamaya sunuldu. teklifin kabul\u00fcne  oy birli\u011fi ile karar verildi.\n<\/td>\n<\/tr>\n<tr>\n<td>KARAR 67<\/td>\n<\/tr>\n<tr>\n<td> Belediyemiz \u0130mar ve \u015eehircilik M\u00fc\u015fterek Komisyonunun 03\/12\/2019 tarih ve 3 nolu \u0130mar De\u011fi\u015fikli\u011fi ile ilgili Komisyon Raporunun g\u00f6r\u00fc\u015f\u00fclmesine ge\u00e7ildi. Komisyon raporunda aynen &#8220;Belediyemiz Meclisince komisyonumuzda g\u00f6r\u00fc\u015f\u00fclmek \u00fczere Belediyemiz Meclisinin 03\/12\/2019 tarih ve 64  say\u0131l\u0131 karar\u0131 ile   havale edilen \u00a0Belediyemizce yap\u0131lmakta olan imar plan \u00e7al\u0131\u015fmas\u0131nda lise olarak g\u00f6r\u00fclen Adana \u0130li Karaisal\u0131 \u0130l\u00e7esi Selamp\u0131nar Mahallesi 523 ada 8 parsel de imar plan\u0131 de\u011fi\u015fikli\u011fi yap\u0131larak s\u00f6z konusu olan ada &#8211; parsel de Jandarma Karakolu binas\u0131 yap\u0131m\u0131 i\u00e7in imar\u0131n uygun hale getirilece\u011fi hususun da; gerekli Meclis Karar\u0131 al\u0131nmas\u0131n\u0131 arz ederim. Denilmekte olup, Belediyemiz \u0130mar \u015eehircilik ve M\u00fc\u015fterek Komisyonunca g\u00f6r\u00fc\u015f\u00fcld\u00fc. Yap\u0131lan G\u00f6r\u00fc\u015fme neticesinde teklifin m\u00fcd\u00fcrl\u00fc\u011f\u00fcnden geldi\u011fi gibi  kabul edilmesine karar verilmi\u015f olup,  Belediyemiz Meclisine sunulmas\u0131na   karar verildi.&#8221; denilmektedir.\u00dcyelerden Mustafa EK\u0130C\u0130 s\u00f6z ald\u0131. Arkada\u015flar  Komisyon raporunun komisyondan geldi\u011fi gibi kabul edilmesine,  \u00a0Belediyemizce yap\u0131lmakta olan imar plan \u00e7al\u0131\u015fmalar\u0131nda  lise olarak g\u00f6r\u00fclen Adana \u0130li Karaisal\u0131 \u0130l\u00e7esi Selamp\u0131nar Mahallesi 523 ada 8 parsel de imar plan\u0131 de\u011fi\u015fikli\u011fi yap\u0131larak  Jandarma Karakolu binas\u0131 yap\u0131m\u0131 i\u00e7in imar\u0131n uygun hale getirilmesine oy birli\u011fi ile karar verili.\n<\/td>\n<\/tr>\n<tr>\n<td>KARAR 68<\/td>\n<\/tr>\n<tr>\n<td>G\u00fcndemde bulunan madde gere\u011fi ; Belediyemiz Plan B\u00fct\u00e7e ve M\u00fc\u015fterek Komisyonunun 03\/12\/2019 tarih ve 13 nolu Komisyon Raporunun G\u00f6r\u00fc\u015f\u00fclmesine Karaisal\u0131 Belediye Meclisinin 03\/12\/2019 tarih ve 62 Say\u0131l\u0131 karar\u0131  ile  Belediyemiz Plan B\u00fct\u00e7e ve M\u00fc\u015fterek komisyonunda g\u00f6r\u00fc\u015f\u00fclmek \u00fczere  havale edilen;<br \/>\nBelediye Ba\u015fkanl\u0131\u011f\u0131m\u0131zca 2020 y\u0131l\u0131 i\u00e7erisinde \u00e7al\u0131\u015ft\u0131r\u0131lacak olan ge\u00e7ici i\u015f\u00e7ilerin belirlenmesi ile ilgili madde komisyonumuzca g\u00f6r\u00fc\u015f\u00fclmek \u00fczere 03\/12\/2019 tarihinde saat 11:00 \u2018da topland\u0131 ve g\u00f6r\u00fc\u015f\u00fclmeye ba\u015fland\u0131. Komisyonumuzca g\u00f6r\u00fc\u015f\u00fclme neticesinde ;<br \/>\nBelediyeler ve mahalli idare birliklerinde kullan\u0131lacak ge\u00e7ici i\u015f pozisyonlar\u0131 bu kurum ve kurulu\u015flar i\u00e7in\u00a0norm kadro standartlar\u0131 cetvellerinde\u00a0belirlenen memur norm kadro standard\u0131 toplam\u0131n\u0131n y\u00fczde yirmisini ge\u00e7memek \u00fczere bulunacak say\u0131n\u0131n yuvarlanmas\u0131 ve tam y\u0131l esas\u0131na g\u00f6re hesaplanmas\u0131 sonucu adam\/ay say\u0131s\u0131na g\u00f6re meclis taraf\u0131ndan y\u0131ll\u0131k olarak belirlenir. Denilmekte olup, ilgili y\u00f6netmelik gere\u011fince yap\u0131lan hesaplama neticesinde Belediyemizde 167 adet memur kadrosu bulundu\u011fundan 167&#215;20\/100=34  34&#215;12=408 adam\/ay yapmakta oldu\u011fu hesaplanm\u0131\u015f olup, Komisyonumuzca yap\u0131lan de\u011ferlendirme sonucunda 2020 y\u0131l\u0131nda belediyemizde \u00e7al\u0131\u015ft\u0131r\u0131lacak olan ge\u00e7ici i\u015f\u00e7ilerin 34&#215;12=408 adam\/ay olarak vize verilmesine   oy birli\u011fi ile   karar verildi.&#8221; denilmekte olup, okunan komisyon raporu hakk\u0131nda s\u00f6z isteyen olup, olmad\u0131\u011f\u0131 soruldu. Meclis \u00dcyesi Abdullah KA\u00c7AR s\u00f6z ald\u0131. Arkada\u015flar okunan komisyon raporunun komisyondan geldi\u011fi gibi kabul edilmesini teklif ediyorum. Dedi. teklif oylamaya sunuldu. Yap\u0131lan oylama neticesinde teklifin kabul\u00fcne oy birli\u011fi ile karar verildi.\n<\/td>\n<\/tr>\n<tr>\n<td>KARAR 69<\/td>\n<\/tr>\n<tr>\n<td>G\u00fcndemde bulunan madde gere\u011fi ; Belediyemiz Plan B\u00fct\u00e7e ve M\u00fc\u015fterek Komisyonunun 03\/12\/2019 tarih ve 13 nolu Komisyon Raporunun G\u00f6r\u00fc\u015f\u00fclmesine Karaisal\u0131 Belediye Meclisinin 03\/12\/2019 tarih ve 61 Say\u0131l\u0131 karar\u0131  ile  Belediyemiz Plan B\u00fct\u00e7e ve M\u00fc\u015fterek komisyonunda g\u00f6r\u00fc\u015f\u00fclmek \u00fczere  havale edilen;  Karaisal\u0131 Belediye Meclisinin 03\/12\/2019 tarih ve 61 Say\u0131l\u0131 karar\u0131  ile  Belediyemiz Plan B\u00fct\u00e7e ve M\u00fc\u015fterek komisyonunda g\u00f6r\u00fc\u015f\u00fclmek \u00fczere  havale edilen;<br \/>\nBelediyemiz Zab\u0131ta M\u00fcd\u00fcrl\u00fc\u011f\u00fcn\u00fcn 29\/11\/2019 tarih ve E.3703 say\u0131l\u0131 yaz\u0131lar\u0131nda; G\u00f6revi gere\u011fi Zab\u0131ta Hizmetlerinin s\u00fcreklili\u011fini sa\u011flamak i\u00e7in Ulusal Bayram ,Genel Tatil, Hafta Tatili ve g\u00fcn\u00fcn 24 saatinde s\u00fcrekli hizmet veren zab\u0131tan\u0131n \u00e7al\u0131\u015fma s\u00fcresi ve saatleri 657 say\u0131l\u0131 Devlet Memurlar\u0131 Kanununda belirtilen \u00e7al\u0131\u015fma s\u00fcresi ve saatlerine ba\u011fl\u0131 kalmaks\u0131z\u0131n hizmetin aksat\u0131lmadan y\u00fcr\u00fct\u00fclmesini sa\u011flayacak \u015fekilde d\u00fczenlenmi\u015ftir.Zab\u0131ta Hizmetlerinde g\u00f6rev yapan personele, y\u0131l\u0131 B\u00fct\u00e7e Kanununun &#8220;K cetveli&#8221; ile belirlenen &#8220;Ayl\u0131k Maktu Fazla \u00c7al\u0131\u015fma \u00dccreti&#8221; \u00f6denmektedir.<br \/>\nBelediyemiz emrinde 657 say\u0131l\u0131 Devlet Memurlar\u0131 Kanununa tabi olarak g\u00f6rev yapan zab\u0131ta personeline 2020 y\u0131l\u0131 i\u00e7in \u00f6denecek mesai \u00fccretinin Bakanlar Kurulunun belirleyece\u011fi tavan \u00fczerinden \u00f6denmesi i\u00e7in 5393 say\u0131l\u0131 Belediye Kanununun 51.maddesi gere\u011fince Belediye Meclisince gerekli karar\u0131n al\u0131nmas\u0131 hususunu arz ederim. Denilmekte olup, komisyonumuzca g\u00f6r\u00fc\u015f\u00fcld\u00fc. Teklifin m\u00fcd\u00fcrl\u00fc\u011f\u00fcnden geldi\u011fi gibi kabul edilmesine komisyonumuzca karar verilmi\u015f olup, komisyon raporumuzun Belediyemiz Meclisine sunulmas\u0131na  oy birli\u011fi ile karar verildi. Denilmekte olup, okunan komisyon raporu hakk\u0131nda s\u00f6z isteyen olup , olmad\u0131\u011f\u0131 soruldu. \u00dcyelerden Abdullah KA\u00c7AR s\u00f6z ald\u0131. Arkada\u015flar okunan komisyon raporunun komisyondan geldi\u011fi gibi kabul edilmesini teklif ediyorum. Dedi. Teklif oylamaya sunuldu. Yap\u0131lan oylama neticesinde teklifin kabul\u00fcne oy birli\u011fi ile karar verildi.\n<\/td>\n<\/tr>\n<tr>\n<td>KARAR 70<\/td>\n<\/tr>\n<tr>\n<td>dana Ticaret Sicil M\u00fcd\u00fcrl\u00fc\u011f\u00fc 77633 sicilinde kay\u0131tl\u0131 Karaisal\u0131 Belediyesi Personel Limited \u015eirketi % 100 i\u015ftirakimiz olup, tek ortak belediyemizdir. S\u00f6z konusu \u015firkette Belediye t\u00fczel ki\u015fili\u011fini temsil etmeye \u015firket kararlar\u0131n\u0131 belediye ad\u0131na imzalamaya yetkili olarak M\u00fcd\u00fcrler Kurulu Ba\u015fkan\u0131 13858256536 TC numaral\u0131 Saadettin ASLAN , \u015firket m\u00fcd\u00fcr\u00fc 20932020648 TC numaral\u0131 \u0130brahim \u00d6ZCAN ile 15220213826 TC numaral\u0131 Kenan K\u00dc\u00c7\u00dcK&#8217; \u00fcn ayr\u0131 ayr\u0131 m\u00fcnferiden yetkilendirilmesi i\u00e7in Belediyemiz Meclisince g\u00f6r\u00fc\u015f\u00fclerek karar al\u0131nmas\u0131 hususunda,<br \/>\nOlurlar\u0131n\u0131z\u0131 arz ederim.Denilmekte olup, Ba\u015fkan s\u00f6z ald\u0131. Arkada\u015flar Karaisal\u0131 Belediyesi Personel Limited \u015eirketinde  Belediye t\u00fczel ki\u015fili\u011fini temsil etmeye \u015firket kararlar\u0131n\u0131 belediye ad\u0131na imzalamaya yetkili olarak yukar\u0131da TC numaralar\u0131 ve isimleri yaz\u0131l\u0131 2 m\u00fcd\u00fcr\u00fcn m\u00fc\u015ftereken imzaya yetkili olmas\u0131n\u0131 teklif ediyorum. dedi. Teklif oylamaya sunuldu. Yap\u0131lan oylama neticesinde teklifin kabul\u00fcne oy birli\u011fi ile karar verildi.\n<\/td>\n<\/tr>\n<\/tbody>\n<\/table>\n","protected":false},"excerpt":{"rendered":"<p>KARAR 61 Belediyemiz Zab\u0131ta M\u00fcd\u00fcrl\u00fc\u011f\u00fcn\u00fcn 29\/11\/2019 tarih ve E.3703 say\u0131l\u0131 yaz\u0131lar\u0131nda; G\u00f6revi gere\u011fi Zab\u0131ta Hizmetlerinin s\u00fcreklili\u011fini sa\u011flamak i\u00e7in Ulusal Bayram ,Genel Tatil, Hafta Tatili ve g\u00fcn\u00fcn 24 saatinde s\u00fcrekli hizmet veren zab\u0131tan\u0131n \u00e7al\u0131\u015fma s\u00fcresi ve saatleri 657 say\u0131l\u0131 Devlet Memurlar\u0131 Kanununda belirtilen \u00e7al\u0131\u015fma s\u00fcresi ve saatlerine ba\u011fl\u0131 kalmaks\u0131z\u0131n hizmetin aksat\u0131lmadan y\u00fcr\u00fct\u00fclmesini sa\u011flayacak \u015fekilde d\u00fczenlenmi\u015ftir.Zab\u0131ta Hizmetlerinde [&hellip;]<\/p>\n","protected":false},"author":10,"featured_media":0,"parent":6285,"menu_order":201912,"comment_status":"closed","ping_status":"closed","template":"","meta":{"footnotes":""},"class_list":["post-8397","page","type-page","status-publish","hentry"],"_links":{"self":[{"href":"https:\/\/www.karaisali.bel.tr\/index.php?rest_route=\/wp\/v2\/pages\/8397","targetHints":{"allow":["GET"]}}],"collection":[{"href":"https:\/\/www.karaisali.bel.tr\/index.php?rest_route=\/wp\/v2\/pages"}],"about":[{"href":"https:\/\/www.karaisali.bel.tr\/index.php?rest_route=\/wp\/v2\/types\/page"}],"author":[{"embeddable":true,"href":"https:\/\/www.karaisali.bel.tr\/index.php?rest_route=\/wp\/v2\/users\/10"}],"replies":[{"embeddable":true,"href":"https:\/\/www.karaisali.bel.tr\/index.php?rest_route=%2Fwp%2Fv2%2Fcomments&post=8397"}],"version-history":[{"count":0,"href":"https:\/\/www.karaisali.bel.tr\/index.php?rest_route=\/wp\/v2\/pages\/8397\/revisions"}],"up":[{"embeddable":true,"href":"https:\/\/www.karaisali.bel.tr\/index.php?rest_route=\/wp\/v2\/pages\/6285"}],"wp:attachment":[{"href":"https:\/\/www.karaisali.bel.tr\/index.php?rest_route=%2Fwp%2Fv2%2Fmedia&parent=8397"}],"curies":[{"name":"wp","href":"https:\/\/api.w.org\/{rel}","templated":true}]}}