{"id":7546,"date":"2019-08-19T11:03:59","date_gmt":"2019-08-19T08:03:59","guid":{"rendered":"https:\/\/www.karaisali.bel.tr\/?page_id=7546"},"modified":"2019-08-19T11:03:59","modified_gmt":"2019-08-19T08:03:59","slug":"haziran-2019-meclis-kararlari","status":"publish","type":"page","link":"https:\/\/www.karaisali.bel.tr\/?page_id=7546","title":{"rendered":"Haziran 2019 Meclis Kararlar\u0131"},"content":{"rendered":"<table>\n<tbody>\n<tr>\n<td>KARAR 41<\/td>\n<\/tr>\n<tr>\n<td>G\u00fcndemde bulunan madde gere\u011fi; Adana Valili\u011fi Kadastro M\u00fcd\u00fcrl\u00fc\u011f\u00fcn\u00fcn il\u00e7emiz s\u0131n\u0131rlar\u0131 i\u00e7erisinde bulunan Cevherli Mahallesi, Bekirli Mahallesi, Torunsolakl\u0131 Mahallesi ve \u00d6merli Mahallesinde 3402 Say\u0131l\u0131 Kadastro Kanunun h\u00fck\u00fcmleri uyar\u0131nca yap\u0131lacak olan kadastro \u00e7al\u0131\u015fmalar\u0131nda kadastro ekibinde bilirki\u015fi olarak g\u00f6rev yapabilecek her mahalle i\u00e7in 6 (alt\u0131) adet bilirki\u015finin Belediyemiz Meclisince belirlenmesi ile ilgili teklif okundu. Teklif hakk\u0131nda s\u00f6z isteyen olup, olmad\u0131\u011f\u0131 soruldu. S\u00f6z isteyen olmay\u0131nca Meclis Ba\u015fkan\u0131 Saadettin ASLAN teklifin Belediyemiz Tar\u0131m Orman ve Mahalle Komisyonunda g\u00f6r\u00fc\u015f\u00fclmek \u00fczere havalesini teklif etti. Teklif oylamaya sunuldu. Yap\u0131lan oylama neticesinde teklifin kabul\u00fcne oy birli\u011fi ile karar verildi.\n<\/td>\n<\/tr>\n<tr>\n<td>KARAR 42<\/td>\n<\/tr>\n<tr>\n<td>G\u00fcndemde bulunan madde gere\u011fi; Belediyemiz Tar\u0131m Orman ve Mahalle M\u00fc\u015fterek komisyonunun 12\/06\/2019 tarih ve 2 nolu Kadastro Bilirki\u015fisi belirlenmesi ile ilgili komisyon raporunun g\u00f6r\u00fc\u015f\u00fclmesine ge\u00e7ildi. Komisyon raporunda &#8221;<br \/>\nBelediyemiz Meclisince komisyonumuzda g\u00f6r\u00fc\u015f\u00fclmek \u00fczere Belediyemiz Meclisinin 11\/06\/2019 tarih ve 41  say\u0131l\u0131 karar\u0131 ile   havale edilen Adana Valili\u011fi Kadastro M\u00fcd\u00fcrl\u00fc\u011f\u00fcn\u00fcn  Adana ili Karaisal\u0131 \u0130l\u00e7esi    \u00d6merli  Mahallesi,  Torunsolakl\u0131 Mahallesi,  Bekirli Mahallesi ve \u00c7atalan (Cevherli)  Mahallesinde 3402 Say\u0131l\u0131 Kadastro Kanunun h\u00fck\u00fcmleri uyar\u0131nca yap\u0131lacak olan kadastro \u00e7al\u0131\u015fmalar\u0131nda kadastro ekibinde bilirki\u015fi olarak g\u00f6rev yapabilecek 6 (alt\u0131) adet bilirki\u015finin belirlenmesi ile ilgili teklif komisyonumuzca g\u00f6r\u00fc\u015f\u00fcld\u00fc. Yap\u0131lan g\u00f6r\u00fc\u015fme ve ara\u015ft\u0131rma neticesinde bilirki\u015fi olarak g\u00f6rev yapabilecek  belirtilen \u015fartlara uygun olan a\u015fa\u011f\u0131da mahalle ad\u0131 alt\u0131nda yaz\u0131l\u0131 ki\u015filerin Tapu Kadastro \u00e7al\u0131\u015fmalar\u0131nda bilirki\u015fi olarak g\u00f6rev yapmak \u00fczere belirlenmesi    komisyonumuzca uygun bulunmu\u015f olup,  Belediyemiz Meclisine sunulmas\u0131na oy birli\u011fi ile karar verildi.\n<\/td>\n<\/tr>\n<\/tbody>\n<\/table>\n","protected":false},"excerpt":{"rendered":"<p>KARAR 41 G\u00fcndemde bulunan madde gere\u011fi; Adana Valili\u011fi Kadastro M\u00fcd\u00fcrl\u00fc\u011f\u00fcn\u00fcn il\u00e7emiz s\u0131n\u0131rlar\u0131 i\u00e7erisinde bulunan Cevherli Mahallesi, Bekirli Mahallesi, Torunsolakl\u0131 Mahallesi ve \u00d6merli Mahallesinde 3402 Say\u0131l\u0131 Kadastro Kanunun h\u00fck\u00fcmleri uyar\u0131nca yap\u0131lacak olan kadastro \u00e7al\u0131\u015fmalar\u0131nda kadastro ekibinde bilirki\u015fi olarak g\u00f6rev yapabilecek her mahalle i\u00e7in 6 (alt\u0131) adet bilirki\u015finin Belediyemiz Meclisince belirlenmesi ile ilgili teklif okundu. Teklif hakk\u0131nda [&hellip;]<\/p>\n","protected":false},"author":10,"featured_media":0,"parent":6285,"menu_order":201906,"comment_status":"closed","ping_status":"closed","template":"","meta":{"footnotes":""},"class_list":["post-7546","page","type-page","status-publish","hentry"],"_links":{"self":[{"href":"https:\/\/www.karaisali.bel.tr\/index.php?rest_route=\/wp\/v2\/pages\/7546","targetHints":{"allow":["GET"]}}],"collection":[{"href":"https:\/\/www.karaisali.bel.tr\/index.php?rest_route=\/wp\/v2\/pages"}],"about":[{"href":"https:\/\/www.karaisali.bel.tr\/index.php?rest_route=\/wp\/v2\/types\/page"}],"author":[{"embeddable":true,"href":"https:\/\/www.karaisali.bel.tr\/index.php?rest_route=\/wp\/v2\/users\/10"}],"replies":[{"embeddable":true,"href":"https:\/\/www.karaisali.bel.tr\/index.php?rest_route=%2Fwp%2Fv2%2Fcomments&post=7546"}],"version-history":[{"count":0,"href":"https:\/\/www.karaisali.bel.tr\/index.php?rest_route=\/wp\/v2\/pages\/7546\/revisions"}],"up":[{"embeddable":true,"href":"https:\/\/www.karaisali.bel.tr\/index.php?rest_route=\/wp\/v2\/pages\/6285"}],"wp:attachment":[{"href":"https:\/\/www.karaisali.bel.tr\/index.php?rest_route=%2Fwp%2Fv2%2Fmedia&parent=7546"}],"curies":[{"name":"wp","href":"https:\/\/api.w.org\/{rel}","templated":true}]}}