{"id":6828,"date":"2019-04-12T10:31:52","date_gmt":"2019-04-12T07:31:52","guid":{"rendered":"https:\/\/www.karaisali.bel.tr\/?page_id=6828"},"modified":"2024-11-29T22:27:38","modified_gmt":"2024-11-29T19:27:38","slug":"meclis-uyelerimiz","status":"publish","type":"page","link":"https:\/\/www.karaisali.bel.tr\/?page_id=6828","title":{"rendered":"Meclis \u00dcyelerimiz"},"content":{"rendered":"<div id=\"resimler-dis\">\n<div class=\"resimler-ic\">\n<h4><img loading=\"lazy\" decoding=\"async\" class=\"\" src=\"http:\/\/www.karaisali.bel.tr\/wp-content\/uploads\/meclis-uyeleri-2024\/abdulkadir-gunaltin.jpg\" width=\"205\" height=\"249\" \/><\/h4>\n<h4>Abd\u00fclkadir G\u00dcNALTIN<\/h4>\n<\/p><\/div>\n<div class=\"resimler-ic\">\n<h4><img loading=\"lazy\" decoding=\"async\" class=\"\" src=\"http:\/\/www.karaisali.bel.tr\/wp-content\/uploads\/meclis-uyeleri-2024\/sezai-yilmaz.jpg\" width=\"205\" height=\"249\" \/><\/h4>\n<h4>Ahmet Sezai YILMAZ<\/h4>\n<\/p><\/div>\n<div class=\"resimler-ic\">\n<h4><img loading=\"lazy\" decoding=\"async\" class=\"\" src=\"http:\/\/www.karaisali.bel.tr\/wp-content\/uploads\/meclis-uyeleri-2024\/cengiz-tasci.jpg\" width=\"205\" height=\"249\" \/><\/h4>\n<h4>Ali Cengiz TA\u015e\u00c7I<\/h4>\n<\/p><\/div>\n<div class=\"resimler-ic\">\n<h4><img loading=\"lazy\" decoding=\"async\" class=\"\" src=\"http:\/\/www.karaisali.bel.tr\/wp-content\/uploads\/meclis-uyeleri-2024\/cemal-demirdag.jpg\" width=\"205\" height=\"249\" \/><\/h4>\n<h4>Cemal DEM\u0130RDA\u011e<\/h4>\n<\/p><\/div>\n<div class=\"resimler-ic\">\n<h4><img loading=\"lazy\" decoding=\"async\" class=\"\" src=\"http:\/\/www.karaisali.bel.tr\/wp-content\/uploads\/meclis-uyeleri-2024\/gani-gurol-atasoy.jpg\" width=\"205\" height=\"249\" \/><\/h4>\n<h4>Gani G\u00fcrol ATASOY<\/h4>\n<\/p><\/div>\n<div class=\"resimler-ic\">\n<h4><img loading=\"lazy\" decoding=\"async\" class=\"\" src=\"http:\/\/www.karaisali.bel.tr\/wp-content\/uploads\/meclis-uyeleri-2024\/gulhan-kasap.jpg\" width=\"205\" height=\"249\" \/><\/h4>\n<h4>G\u00fclhan KASAP<\/h4>\n<\/p><\/div>\n<div class=\"resimler-ic\">\n<h4><img loading=\"lazy\" decoding=\"async\" class=\"\" src=\"http:\/\/www.karaisali.bel.tr\/wp-content\/uploads\/meclis-uyeleri-2024\/hatice-efe.jpg\" width=\"205\" height=\"249\" \/><\/h4>\n<h4>Hatice EFE<\/h4>\n<\/p><\/div>\n<div class=\"resimler-ic\">\n<h4><img loading=\"lazy\" decoding=\"async\" class=\"\" src=\"http:\/\/www.karaisali.bel.tr\/wp-content\/uploads\/meclis-uyeleri-2024\/mahmut-gokce.jpg\" width=\"205\" height=\"249\" \/><\/h4>\n<h4>Mahmut G\u00d6K\u00c7E<\/h4>\n<\/p><\/div>\n<div class=\"resimler-ic\">\n<h4><img loading=\"lazy\" decoding=\"async\" class=\"\" src=\"http:\/\/www.karaisali.bel.tr\/wp-content\/uploads\/meclis-uyeleri-2024\/mahmut-sarisoy.jpg\" width=\"205\" height=\"249\" \/><\/h4>\n<h4>Mahmut SARISOY<\/h4>\n<\/p><\/div>\n<div class=\"resimler-ic\">\n<h4><img loading=\"lazy\" decoding=\"async\" class=\"\" src=\"http:\/\/www.karaisali.bel.tr\/wp-content\/uploads\/meclis-uyeleri-2024\/mehmet-ali-yasdibas.jpg\" width=\"205\" height=\"249\" \/><\/h4>\n<h4>Mehmet Ali YASDIBA\u015e<\/h4>\n<\/p><\/div>\n<div class=\"resimler-ic\">\n<h4><img loading=\"lazy\" decoding=\"async\" class=\"\" src=\"http:\/\/www.karaisali.bel.tr\/wp-content\/uploads\/meclis-uyeleri\/mustafa_durak.jpg\" width=\"205\" height=\"249\" \/><\/h4>\n<h4>Mustafa DURAK<\/h4>\n<\/p><\/div>\n<div class=\"resimler-ic\">\n<h4><img loading=\"lazy\" decoding=\"async\" class=\"\" src=\"http:\/\/www.karaisali.bel.tr\/wp-content\/uploads\/meclis-uyeleri-2024\/mustafa-eren.jpg\" width=\"205\" height=\"249\" \/><\/h4>\n<h4>Mustafa EREN<\/h4>\n<\/p><\/div>\n<div class=\"resimler-ic\">\n<h4><img loading=\"lazy\" decoding=\"async\" class=\"\" src=\"http:\/\/www.karaisali.bel.tr\/wp-content\/uploads\/meclis-uyeleri-2024\/sedat-gok.jpg\" width=\"205\" height=\"249\" \/><\/h4>\n<h4>Sedat G\u00d6K<\/h4>\n<\/p><\/div>\n<div class=\"resimler-ic\">\n<h4><img loading=\"lazy\" decoding=\"async\" class=\"\" src=\"http:\/\/www.karaisali.bel.tr\/wp-content\/uploads\/meclis-uyeleri-2024\/saban-kaymak.jpg\" width=\"205\" height=\"249\" \/><\/h4>\n<h4>\u015eaban KAYMAK<\/h4>\n<\/p><\/div>\n<div class=\"resimler-ic\">\n<h4><img loading=\"lazy\" decoding=\"async\" class=\"\" src=\"http:\/\/www.karaisali.bel.tr\/wp-content\/uploads\/meclis-uyeleri-2024\/ugur-hakan-seker.jpg\" width=\"205\" height=\"249\" \/><\/h4>\n<h4>U\u011fur Hakan \u015eEKER<\/h4>\n<\/p><\/div>\n<\/div>\n","protected":false},"excerpt":{"rendered":"<p>Abd\u00fclkadir G\u00dcNALTIN Ahmet Sezai YILMAZ Ali Cengiz TA\u015e\u00c7I Cemal DEM\u0130RDA\u011e Gani G\u00fcrol ATASOY G\u00fclhan KASAP Hatice EFE Mahmut G\u00d6K\u00c7E Mahmut SARISOY Mehmet Ali YASDIBA\u015e Mustafa DURAK Mustafa EREN Sedat G\u00d6K \u015eaban KAYMAK U\u011fur Hakan \u015eEKER<\/p>\n","protected":false},"author":10,"featured_media":0,"parent":0,"menu_order":0,"comment_status":"closed","ping_status":"closed","template":"","meta":{"footnotes":""},"class_list":["post-6828","page","type-page","status-publish","hentry"],"_links":{"self":[{"href":"https:\/\/www.karaisali.bel.tr\/index.php?rest_route=\/wp\/v2\/pages\/6828","targetHints":{"allow":["GET"]}}],"collection":[{"href":"https:\/\/www.karaisali.bel.tr\/index.php?rest_route=\/wp\/v2\/pages"}],"about":[{"href":"https:\/\/www.karaisali.bel.tr\/index.php?rest_route=\/wp\/v2\/types\/page"}],"author":[{"embeddable":true,"href":"https:\/\/www.karaisali.bel.tr\/index.php?rest_route=\/wp\/v2\/users\/10"}],"replies":[{"embeddable":true,"href":"https:\/\/www.karaisali.bel.tr\/index.php?rest_route=%2Fwp%2Fv2%2Fcomments&post=6828"}],"version-history":[{"count":6,"href":"https:\/\/www.karaisali.bel.tr\/index.php?rest_route=\/wp\/v2\/pages\/6828\/revisions"}],"predecessor-version":[{"id":11596,"href":"https:\/\/www.karaisali.bel.tr\/index.php?rest_route=\/wp\/v2\/pages\/6828\/revisions\/11596"}],"wp:attachment":[{"href":"https:\/\/www.karaisali.bel.tr\/index.php?rest_route=%2Fwp%2Fv2%2Fmedia&parent=6828"}],"curies":[{"name":"wp","href":"https:\/\/api.w.org\/{rel}","templated":true}]}}