{"id":6825,"date":"2019-04-12T10:30:01","date_gmt":"2019-04-12T07:30:01","guid":{"rendered":"https:\/\/www.karaisali.bel.tr\/?page_id=6825"},"modified":"2019-08-19T10:59:53","modified_gmt":"2019-08-19T07:59:53","slug":"nisan-2019-meclis-kararlari","status":"publish","type":"page","link":"https:\/\/www.karaisali.bel.tr\/?page_id=6825","title":{"rendered":"Nisan 2019 Meclis Kararlar\u0131"},"content":{"rendered":"<p><code><\/p>\n<table>\n<tbody>\n<tr>\n<td>KARAR 23<\/td>\n<\/tr>\n<tr>\n<td>5393 Say\u0131l\u0131 Belediye Kanununun ve Belediye \u00c7al\u0131\u015fma Y\u00f6netmeli\u011finin 5. Maddesine istinaden Meclis Birinci Ba\u015fkan Vekili ve \u0130kinci Ba\u015fkan Vekili se\u00e7imine ge\u00e7ildi. Yap\u0131lan gizli oylama neticesinde \u00fcyelerden MUSTAFA EK\u0130C\u0130 (14) OY alarak 1. Meclis Ba\u015fkan vekilli\u011fine se\u00e7ildi. \u0130kinci Ba\u015fkanvekilli\u011fi se\u00e7imi sonucunda ESAT K\u00d6SE (14) alarak 2. Meclis Ba\u015fkanvekilli\u011fine se\u00e7ildi.<\/td>\n<\/tr>\n<tr>\n<td>KARAR 24<\/td>\n<\/tr>\n<tr>\n<td>k iki y\u0131l g\u00f6rev yapmak \u00fczere 2 adet meclis zab\u0131t katipli\u011fi se\u00e7imine ge\u00e7ildi. Yap\u0131lan gizli oylama sonucunda meclis katipli\u011fine TURGAY BULUT (16) oy, MUSTAFA \u00d6ZKAYA (16)  Oy alarak  2 y\u0131l s\u00fcre ile meclis zab\u0131t katipli\u011fine se\u00e7ildiler.\n<\/td>\n<\/tr>\n<tr>\n<td>KARAR 25<\/td>\n<\/tr>\n<tr>\n<td>Belediye \u00c7al\u0131\u015fma Y\u00f6netmeli\u011finin 20. Maddesi ve 5393 say\u0131l\u0131 Belediye Kanununun 33. Maddesi gere\u011fince  1 y\u0131l g\u00f6rev yapmak \u00fczere 2 adet enc\u00fcmen \u00fcyeli\u011fi se\u00e7imine ge\u00e7ildi. Yap\u0131lan gizli oylama neticesinde \u00fcyelerden AYDIN NERG\u0130Z (16) oy, CELALETT\u0130N S\u00dcRME (16)  oy alarak 1 y\u0131l g\u00f6rev yapmak \u00fczere Enc\u00fcmen \u00dcyeli\u011fine se\u00e7ildiler.\n<\/td>\n<\/tr>\n<tr>\n<td>KARAR 26<\/td>\n<\/tr>\n<tr>\n<td>5 adet imar ve \u015fehircilik komisyon \u00fcyeli\u011fi i\u00e7in se\u00e7im yap\u0131ld\u0131. Yap\u0131lan a\u00e7\u0131k oylama sonucu \u00fcyelerden R\u0130FAT K\u00d6RO\u011eLU (16) oy, ESAT K\u00d6SE (16) oy, OSMAN KURDAK (16) oy, TURGAY BULUT (16) oy, AYHAN I\u015eIK (16)  oy alarak   1 y\u0131l g\u00f6rev yapmak \u00fczere \u0130mar ve \u015eehircilik Komisyonuna se\u00e7ildiler.\n<\/td>\n<\/tr>\n<tr>\n<td>KARAR 27<\/td>\n<\/tr>\n<tr>\n<td>5 adet Plan ve B\u00fct\u00e7e Komisyon \u00fcyeli\u011fi i\u00e7in se\u00e7im yap\u0131ld\u0131. Yap\u0131lan a\u00e7\u0131k oylama sonucu \u00fcyelerden ABDULLAH KA\u00c7AR (16) oy, CEMAL DEM\u0130RDA\u011e (16) , CELALETT\u0130N S\u00dcRME (16) MUSTAFA EK\u0130C\u0130 (16) oy , RECEP KOCA (16)  alarak 1 y\u0131l g\u00f6rev yapmak \u00fczere Plan ve B\u00fct\u00e7e Komisyon \u00dcyeli\u011fine se\u00e7ildiler. <\/td>\n<\/tr>\n<tr>\n<td>KARAR 28<\/td>\n<\/tr>\n<tr>\n<td>5 adet Tar\u0131m Orman ve Mahalle Hizmetleri Komisyon \u00fcyeli\u011fi i\u00e7in se\u00e7im yap\u0131ld\u0131. Yap\u0131lan a\u00e7\u0131k oylama sonucunda \u00fcyelerden  AHMET GELEN (16) , SAN\u0130YE USTA (16) oy, MUSTAFA \u00d6ZKAYA (16)  KUDRET DEM\u0130RC\u0130O\u011eLU (16) oy, AYHAN I\u015eIK (16)  oy , alarak  1 y\u0131l g\u00f6rev yapmak \u00fczere Tar\u0131m Orman ve Mahalle Komisyonuna se\u00e7ildiler.\n<\/td>\n<\/tr>\n<tr>\n<td>KARAR 29<\/td>\n<\/tr>\n<tr>\n<td>5 adet E\u011fitim, K\u00fclt\u00fcr, Gen\u00e7lik ve Spor Komisyon  \u00fcyeli\u011fi i\u00e7in se\u00e7im yap\u0131ld\u0131. Yap\u0131lan a\u00e7\u0131k oylama sonucunda \u00fcyelerden R\u0130FAT K\u00d6RO\u011eLU (16) , MUSTAFA \u00d6ZKAYA (16) TURGAY BULUT (16) OSMAN KURDAK (16) , RECEP KOCA (16)  alarak 1 y\u0131l g\u00f6rev yapmak \u00fczere E\u011fitim, K\u00fclt\u00fcr, Gen\u00e7lik ve Spor  Komisyonuna se\u00e7ildiler.\n<\/td>\n<\/tr>\n<tr>\n<td>KARAR 30<\/td>\n<\/tr>\n<tr>\n<td>5 adet  \u00c7evre ve Sa\u011fl\u0131k Komisyon  \u00fcyeli\u011fi i\u00e7in se\u00e7im yap\u0131ld\u0131. Yap\u0131lan a\u00e7\u0131k oylama sonucunda \u00fcyelerden SAN\u0130YE USTA (16) oy, AHMET GELEN (16) oy, KUDRET DEM\u0130RC\u0130O\u011eLU (16) oy , AYDIN NERG\u0130Z (16) oy ,  AYHAN I\u015eIK (16) oy  alarak 1 y\u0131l g\u00f6rev yapmak \u00c7evre ve Sa\u011fl\u0131k Komisyonuna se\u00e7ildiler.\n<\/td>\n<\/tr>\n<tr>\n<td>KARAR 31<\/td>\n<\/tr>\n<tr>\n<td>Belediyemiz Mali Hizmetler M\u00fcd\u00fcrl\u00fc\u011f\u00fcn\u00fcn 11\/04\/2019 tarih ve E.1083  say\u0131l\u0131 yaz\u0131lar\u0131nda Belediye Ba\u015fkanl\u0131\u011f\u0131m\u0131zca ger\u00e7ekle\u015ftirilecek olan projeler ve muhtelif bor\u00e7lar\u0131m\u0131z\u0131 \u00f6demek \u00fczere 5393 say\u0131l\u0131 Belediye Kanununun 68\/D maddesi uyar\u0131nca Belediyemizin 2018 y\u0131l\u0131 ger\u00e7ekle\u015fen geliri 18.692.950,27-TL olup y\u00fczde onu olan 1.869.295,00-TL bor\u00e7lanma yetkisi verilmesi hususunda meclisimizce karar al\u0131nmak \u00fczere havalesini arz ederim. Denilmekte olup , teklif hakk\u0131nda s\u00f6z isteyen olup, olmad\u0131\u011f\u0131 soruldu. S\u00f6z isteyen olmay\u0131nca Ba\u015fkan s\u00f6z ald\u0131. Arkada\u015flar teklifin Plan B\u00fct\u00e7e ve M\u00fc\u015fterek Komisyonunda g\u00f6r\u00fc\u015f\u00fclmek \u00fczere havale edilmesini teklif ediyorum. Dedi. Teklif oylamaya sunuldu. Yap\u0131lan oylama neticesinde teklifin kabul\u00fcne oy birli\u011fi ile karar verildi.\n<\/td>\n<\/tr>\n<tr>\n<td>KARAR 32<\/td>\n<\/tr>\n<tr>\n<td>G\u00fcndemde bulunan madde gere\u011fi ; 2018 y\u0131l\u0131 Faaliyet Raporunun g\u00f6r\u00fc\u015f\u00fclmesine ge\u00e7ildi. Meclis 1. Ba\u015fkanvekili Mustafa EK\u0130C\u0130 5393 Say\u0131l\u0131 Belediye Kanununun 56. maddesi gere\u011fince  Belediye Ba\u015fkan\u0131 Saadettin ASLAN \u2018\u0131n yerine ge\u00e7erek Faaliyet Raporunun g\u00f6r\u00fc\u015f\u00fclmesine ge\u00e7ildi. 1. Ba\u015fkanvekili Mustafa EK\u0130C\u0130    Belediyemizce haz\u0131rlanan 2018 y\u0131l  faaliyet raporunun okunmas\u0131n\u0131 teklif etti. Haz\u0131rlanan faaliyet raporu  tek tek okundu. Okunan 2018 Y\u0131l\u0131 Faaliyet Raporu oylamaya sunuldu. Yap\u0131lan oylama neticesinde Belediyemiz 2018 y\u0131l\u0131 Faaliyet Raporunun kabul edilmesine oy birli\u011fi  ile karar verildi.\n<\/td>\n<\/tr>\n<tr>\n<td>KARAR 33<\/td>\n<\/tr>\n<tr>\n<td>G\u00fcndemde bulunan madde gere\u011fi; Belediyemiz Denetim Komisyonunun 5393 Say\u0131l\u0131 Belediye Kanununun 25. maddesi gere\u011fince haz\u0131rlam\u0131\u015f oldu\u011fu 2018 y\u0131l\u0131 Denetim Raporu tek tek okunarak g\u00f6r\u00fc\u015f\u00fcld\u00fc.\n<\/td>\n<\/tr>\n<tr>\n<td>KARAR 34<\/td>\n<\/tr>\n<tr>\n<td>G\u00fcndemde bulunan madde gere\u011fi \u00c7ukurova Belediyeler Birli\u011finin 21\/03\/2019 tarih ve 142 say\u0131l\u0131 yaz\u0131lar\u0131nda \u00c7ukurova Belediyeler Birli\u011fi t\u00fcz\u00fc\u011f\u00fcn\u00fcn 8. maddesi gere\u011fi birlik meclisine se\u00e7ilecek 2 asil 1 yedek \u00fcyenin belirlenmesi ile ilgili yaz\u0131lar\u0131 Belediyemiz Meclisince g\u00f6r\u00fc\u015f\u00fcld\u00fc. \u00c7ukurova Belediyeler Birli\u011fi birlik meclisinde g\u00f6rev yapmak \u00fczere yap\u0131lan se\u00e7im sonucunda  Osman KURDAK (15 oy) , Mustafa \u00d6ZKAYA (15) oy alarak asil \u00fcye   Celalettin S\u00dcRME (15) oy alarak yedek \u00fcye olarak  se\u00e7ildiler.\n<\/td>\n<\/tr>\n<tr>\n<td>KARAR 35<\/td>\n<\/tr>\n<tr>\n<td>G\u00fcndemde bulunan madde gere\u011fi; T\u00fcrk D\u00fcnyas\u0131 Belediyeler Birli\u011finde g\u00f6rev yapmak \u00fczere  1 adet asil 1 adet yedek \u00fcye se\u00e7imine ge\u00e7ildi. Yap\u0131lan se\u00e7im  sonucunda   Ayd\u0131n Nergiz   (15) oy alarak  AS\u0130L  \u00fcye Turgay BULUT (15)  oy  alarak  YEDEK \u00dcye olarak se\u00e7ildiler.\n<\/td>\n<\/tr>\n<tr>\n<td>KARAR 36<\/td>\n<\/tr>\n<tr>\n<td>G\u00fcndemde bulunan madde gere\u011fi; Belediyemiz \u0130nsan Kaynaklar\u0131 ve E\u011fitim M\u00fcd\u00fcrl\u00fc\u011f\u00fcn\u00fcn 12\/04\/2019 tarih ve E:1099 say\u0131l\u0131 yaz\u0131lar\u0131nda Belediye Meclis \u00fcyelerinden Ba\u015fkan Yard\u0131mc\u0131l\u0131\u011f\u0131 g\u00f6revine atanan Belediye Ba\u015fkan Yard\u0131mc\u0131s\u0131n\u0131n ayl\u0131k maa\u015f\u0131n\u0131n belirlenmesi ile ilgili teklifi g\u00f6r\u00fc\u015f\u00fcld\u00fc. Teklif\t hakk\u0131nda s\u00f6z isteyen olup, olmad\u0131\u011f\u0131 soruldu. \u00dcyelerden Mustafa EK\u0130C\u0130 s\u00f6z ald\u0131. Arkada\u015flar Belediye Ba\u015fkan Yard\u0131mc\u0131l\u0131\u011f\u0131 ayl\u0131k maa\u015f\u0131n\u0131n net 5.000,00-TL olarak belirlenmesini teklif ediyorum. Dedi. Teklif oylamaya sunuldu. Yap\u0131lan oylama neticesinde teklifin kabul\u00fcne oy birli\u011fi ile karar verildi.\n<\/td>\n<\/tr>\n<tr>\n<td>KARAR 37<\/td>\n<\/tr>\n<tr>\n<td>G\u00fcndemde bulanan madde gere\u011fi; Belediyemiz Meclisinin tatil g\u00fcn\u00fcn\u00fcn belirlenmesi ile ilgili teklif g\u00f6r\u00fc\u015f\u00fcld\u00fc. \u00dcyelerden Mustafa EK\u0130C\u0130 s\u00f6z ald\u0131. Arkada\u015flar meclisimizin tatil yapmamas\u0131n\u0131 teklif ediyorum. Dedi. Teklif oylamaya sunuldu. Yap\u0131lan oylama neticesinde teklifin kabul\u00fcne oy birli\u011fi ile karar verildi.\n<\/td>\n<\/tr>\n<tr>\n<td>KARAR 38<\/td>\n<\/tr>\n<tr>\n<td>G\u00fcndemde bulunan madde gere\u011fi; Belediyemiz Plan B\u00fct\u00e7e ve M\u00fc\u015fterek Komisyonunun  15\/04\/2019 tarih ve 8 nolu Bor\u00e7lanma ile ilgili komisyon raporunun g\u00f6r\u00fc\u015f\u00fclmesine ge\u00e7ildi. Komisyon raporunda aynen ; Belediyemiz Meclisince komisyonumuzda g\u00f6r\u00fc\u015f\u00fclmek \u00fczere havale edilen ; Belediyemiz Mali Hizmetler M\u00fcd\u00fcrl\u00fc\u011f\u00fcn\u00fcn 11\/04\/2019 tarih ve E.1083  say\u0131l\u0131 yaz\u0131lar\u0131nda Belediye Ba\u015fkanl\u0131\u011f\u0131m\u0131zca ger\u00e7ekle\u015ftirilecek olan projeler ve muhtelif bor\u00e7lar\u0131m\u0131z\u0131 \u00f6demek \u00fczere 5393 say\u0131l\u0131 Belediye Kanununun 68\/D maddesi uyar\u0131nca Belediyemizin 2018 y\u0131l\u0131 ger\u00e7ekle\u015fen geliri 18.692.950,27-TL olup y\u00fczde onu olan 1.869.295,00-TL bor\u00e7lanma yetkisi  verilmesi ile ilgili teklif komisyonumuzca g\u00f6r\u00fc\u015f\u00fcld\u00fc. 5393 say\u0131l\u0131 Belediye Kanununun 68\/D maddesi uyar\u0131nca Belediyemizin 2018 y\u0131l\u0131 ger\u00e7ekle\u015fen geliri 18.692.950,27-TL oldu\u011fu komisyonumuza sunulan belgelerden anla\u015f\u0131lm\u0131\u015f olup, Belediyemizin proje ve muhtelif bor\u00e7lar\u0131n\u0131 \u00f6demek \u00fczere y\u00fczde onu olan 1.860.000,00-TL (B\u0130RM\u0130LYONSEK\u0130ZY\u00dcZALTMI\u015eB\u0130NT\u00dcRKL\u0130RASI) bor\u00e7lanma yetkisi verilmesine oy \u00e7oklu\u011fu ile (12 Kabul oyu, 2 red oyu (Recep Koca, Ayhan I\u015f\u0131k) komisyonumuzca karar verilmi\u015f olup, komisyon raporunun Belediyemiz Meclisine sunulmas\u0131na karar verilmi\u015ftir.Denilmekte olup, okunan komisyon raporu hakk\u0131nda s\u00f6z isteyen olup, olmad\u0131\u011f\u0131 soruldu. S\u00f6z isteyen olmay\u0131nca Ba\u015fkan s\u00f6z ald\u0131. Arkada\u015flar okunan komisyon raporunun komisyondan geldi\u011fi gibi kabul edilmesini teklif ediyorum. Teklif oylamaya sunuldu, Yap\u0131lan oylama sonucunda Belediye Ba\u015fkanl\u0131\u011f\u0131m\u0131zca ger\u00e7ekle\u015ftirilecek olan projeler ve muhtelif bor\u00e7lar\u0131m\u0131z\u0131 \u00f6demek \u00fczere 5393 say\u0131l\u0131 Belediye Kanununun 68\/D maddesi uyar\u0131nca Belediyemizin 2018 y\u0131l\u0131 ger\u00e7ekle\u015fen geliri 18.692.950,27-TL olup y\u00fczde onu olan 1.860.000,00-TL (B\u0130RM\u0130LYONSEK\u0130ZY\u00dcZALTMI\u015eB\u0130NT\u00dcRKL\u0130RASI) bor\u00e7lanma yetkisinin   verilmesine oy birli\u011fi ile karar verildi.\n<\/td>\n<\/tr>\n<\/tbody>\n<\/table>\n<p><\/code><\/p>\n","protected":false},"excerpt":{"rendered":"<p>KARAR 23 5393 Say\u0131l\u0131 Belediye Kanununun ve Belediye \u00c7al\u0131\u015fma Y\u00f6netmeli\u011finin 5. Maddesine istinaden Meclis Birinci Ba\u015fkan Vekili ve \u0130kinci Ba\u015fkan Vekili se\u00e7imine ge\u00e7ildi. Yap\u0131lan gizli oylama neticesinde \u00fcyelerden MUSTAFA EK\u0130C\u0130 (14) OY alarak 1. Meclis Ba\u015fkan vekilli\u011fine se\u00e7ildi. \u0130kinci Ba\u015fkanvekilli\u011fi se\u00e7imi sonucunda ESAT K\u00d6SE (14) alarak 2. Meclis Ba\u015fkanvekilli\u011fine se\u00e7ildi. KARAR 24 k iki y\u0131l [&hellip;]<\/p>\n","protected":false},"author":10,"featured_media":0,"parent":6285,"menu_order":201904,"comment_status":"closed","ping_status":"closed","template":"","meta":{"footnotes":""},"class_list":["post-6825","page","type-page","status-publish","hentry"],"_links":{"self":[{"href":"https:\/\/www.karaisali.bel.tr\/index.php?rest_route=\/wp\/v2\/pages\/6825","targetHints":{"allow":["GET"]}}],"collection":[{"href":"https:\/\/www.karaisali.bel.tr\/index.php?rest_route=\/wp\/v2\/pages"}],"about":[{"href":"https:\/\/www.karaisali.bel.tr\/index.php?rest_route=\/wp\/v2\/types\/page"}],"author":[{"embeddable":true,"href":"https:\/\/www.karaisali.bel.tr\/index.php?rest_route=\/wp\/v2\/users\/10"}],"replies":[{"embeddable":true,"href":"https:\/\/www.karaisali.bel.tr\/index.php?rest_route=%2Fwp%2Fv2%2Fcomments&post=6825"}],"version-history":[{"count":0,"href":"https:\/\/www.karaisali.bel.tr\/index.php?rest_route=\/wp\/v2\/pages\/6825\/revisions"}],"up":[{"embeddable":true,"href":"https:\/\/www.karaisali.bel.tr\/index.php?rest_route=\/wp\/v2\/pages\/6285"}],"wp:attachment":[{"href":"https:\/\/www.karaisali.bel.tr\/index.php?rest_route=%2Fwp%2Fv2%2Fmedia&parent=6825"}],"curies":[{"name":"wp","href":"https:\/\/api.w.org\/{rel}","templated":true}]}}