{"id":6581,"date":"2019-03-01T10:54:13","date_gmt":"2019-03-01T07:54:13","guid":{"rendered":"https:\/\/www.karaisali.bel.tr\/?page_id=6581"},"modified":"2019-04-12T10:26:42","modified_gmt":"2019-04-12T07:26:42","slug":"subat-2019-meclis-kararlari","status":"publish","type":"page","link":"https:\/\/www.karaisali.bel.tr\/?page_id=6581","title":{"rendered":"\u015eubat 2019 Meclis Kararlar\u0131"},"content":{"rendered":"<table>\n<tbody>\n<tr>\n<td>KARAR 19<\/td>\n<\/tr>\n<tr>\n<td>G\u00fcndemde bulunan madde gere\u011fi;  Belediyemiz Fen \u0130\u015fleri M\u00fcd\u00fcrl\u00fc\u011f\u00fcn\u00fcn  Adana \u0130li ,Karaisal\u0131 \u0130l\u00e7esi , Karap\u0131nar Mahallesi , 350 ada 4 parsel 4.300,00 m2 y\u00fcz \u00f6l\u00e7\u00fcm\u00fcne sahip  olan \u0130mar Plan\u0131na i\u015flenen Spor Tesisinin yenile\u015ftirip ba\u015ftan yap\u0131lmas\u0131 d\u00fc\u015f\u00fcn\u00fclmektedir.<br \/>\n\tYukar\u0131da belirtilen bahse s\u00f6z konu i\u015fin 30 ( Otuz ) Y\u0131l\u0131 a\u015fmamak kayd\u0131yla s\u0131n\u0131rl\u0131 ayni hak tesisi kurulmas\u0131 ve i\u015fletilmesi i\u015finin 2886 say\u0131l\u0131 devlet ihale kanununun 35\/a maddesine g\u00f6re M\u00fclkiyetinin gayri ayn\u0131 hak ve 4721 say\u0131l\u0131 medeni kanunun 826-836 aras\u0131 maddelerinde d\u00fczenlenmi\u015f \u00fcst hakk\u0131 tesis edilmek \u00fczere ihale edilmesi ,  Fen \u0130\u015fleri M\u00fcd\u00fcrl\u00fc\u011f\u00fcnce yap\u0131lacak \u00e7al\u0131\u015fmalar\u0131n Meclis e sunularak \u00fcst hakk\u0131n\u0131n yap\u0131lmas\u0131 hususun da , gerekli karar\u0131n al\u0131nabilmesi i\u00e7in OLUR&#8217;lar\u0131n\u0131za arz ederim. Denilmekte olup, teklif hakk\u0131nda s\u00f6z isteyen olup, olmad\u0131\u011f\u0131 soruldu. \u00dcyelerden Cumali I\u015eIL s\u00f6z ald\u0131. Arkada\u015flar Teklifin \u0130mar \u015eehircilik ve M\u00fc\u015fterek komisyonda g\u00f6r\u00fc\u015f\u00fclmek \u00fczere havale edilmesini teklif ediyorum. Dedi. Teklif oylamaya sunuldu. Yap\u0131lan oylama neticesinde teklifin kabul\u00fcne oy birli\u011fi ile karar verildi.<\/td>\n<\/tr>\n<tr>\n<td>KARAR 20<\/td>\n<\/tr>\n<tr>\n<td>G\u00fcndemde bulunan madde gere\u011fi; Belediyemiz \u0130mar ve \u015eehircilik M\u00fc\u015fterek Komisyonunun Karaisal\u0131 \u0130l\u00e7esi Karap\u0131nar  Mahallesi 350 ada 4 parselin \u00fcst kullan\u0131m hakk\u0131n\u0131n tesis edilmesi ile ilgili komisyon raporunun g\u00f6r\u00fc\u015f\u00fclmesine ge\u00e7ildi. Komisyon Raporunda aynen &#8220;. Belediyemiz Fen \u0130\u015fleri M\u00fcd\u00fcrl\u00fc\u011f\u00fcn\u00fcn  Adana \u0130li ,Karaisal\u0131 \u0130l\u00e7esi , Karap\u0131nar Mahallesi , 350 ada 4 parsel 4.300,00 m2 y\u00fcz \u00f6l\u00e7\u00fcm\u00fcne sahip  olan \u0130mar Plan\u0131na i\u015flenen Spor Tesisinin yenile\u015ftirip ba\u015ftan yap\u0131lmas\u0131 d\u00fc\u015f\u00fcn\u00fclmektedir.<br \/>\nYukar\u0131da belirtilen bahse s\u00f6z konu i\u015fin 30 ( Otuz ) Y\u0131l\u0131 a\u015fmamak kayd\u0131yla s\u0131n\u0131rl\u0131 ayni hak tesisi kurulmas\u0131 ve i\u015fletilmesi i\u015finin 2886 say\u0131l\u0131 devlet ihale kanununun 35\/a maddesine g\u00f6re M\u00fclkiyetinin gayri ayn\u0131 hak ve 4721 say\u0131l\u0131 medeni kanunun 826-836 aras\u0131 maddelerinde d\u00fczenlenmi\u015f \u00fcst hakk\u0131 tesis edilmek \u00fczere ihale edilmesi ,  Fen \u0130\u015fleri M\u00fcd\u00fcrl\u00fc\u011f\u00fcnce yap\u0131lacak \u00e7al\u0131\u015fmalar\u0131n Meclise  sunularak \u00fcst hakk\u0131n\u0131n verilmesi  komisyonumuzca uygun bulunmu\u015f olup, Belediyemiz Meclisine sunulmas\u0131na oy birli\u011fi ile karar verildi. Denilmekte olup, okunan komisyon raporu hakk\u0131nda s\u00f6z isteyen olup, olmad\u0131\u011f\u0131 soruldu. \u00dcyelerden Hasan K\u00d6YL\u00dc s\u00f6z ald\u0131. Arkada\u015flar okunan komisyon raporunun komisyondan geldi\u011fi gibi kabul edilmesini teklif ediyorum. Dedi. Teklif oylamaya sunuldu. Yap\u0131lan oylama neticesinde teklifin kabul\u00fcne oy birli\u011fi ile karar verildi. <\/td>\n<\/tr>\n<\/tbody>\n<\/table>\n","protected":false},"excerpt":{"rendered":"<p>KARAR 19 G\u00fcndemde bulunan madde gere\u011fi; Belediyemiz Fen \u0130\u015fleri M\u00fcd\u00fcrl\u00fc\u011f\u00fcn\u00fcn Adana \u0130li ,Karaisal\u0131 \u0130l\u00e7esi , Karap\u0131nar Mahallesi , 350 ada 4 parsel 4.300,00 m2 y\u00fcz \u00f6l\u00e7\u00fcm\u00fcne sahip olan \u0130mar Plan\u0131na i\u015flenen Spor Tesisinin yenile\u015ftirip ba\u015ftan yap\u0131lmas\u0131 d\u00fc\u015f\u00fcn\u00fclmektedir. Yukar\u0131da belirtilen bahse s\u00f6z konu i\u015fin 30 ( Otuz ) Y\u0131l\u0131 a\u015fmamak kayd\u0131yla s\u0131n\u0131rl\u0131 ayni hak tesisi kurulmas\u0131 [&hellip;]<\/p>\n","protected":false},"author":10,"featured_media":0,"parent":6285,"menu_order":201902,"comment_status":"closed","ping_status":"closed","template":"","meta":{"footnotes":""},"class_list":["post-6581","page","type-page","status-publish","hentry"],"_links":{"self":[{"href":"https:\/\/www.karaisali.bel.tr\/index.php?rest_route=\/wp\/v2\/pages\/6581","targetHints":{"allow":["GET"]}}],"collection":[{"href":"https:\/\/www.karaisali.bel.tr\/index.php?rest_route=\/wp\/v2\/pages"}],"about":[{"href":"https:\/\/www.karaisali.bel.tr\/index.php?rest_route=\/wp\/v2\/types\/page"}],"author":[{"embeddable":true,"href":"https:\/\/www.karaisali.bel.tr\/index.php?rest_route=\/wp\/v2\/users\/10"}],"replies":[{"embeddable":true,"href":"https:\/\/www.karaisali.bel.tr\/index.php?rest_route=%2Fwp%2Fv2%2Fcomments&post=6581"}],"version-history":[{"count":0,"href":"https:\/\/www.karaisali.bel.tr\/index.php?rest_route=\/wp\/v2\/pages\/6581\/revisions"}],"up":[{"embeddable":true,"href":"https:\/\/www.karaisali.bel.tr\/index.php?rest_route=\/wp\/v2\/pages\/6285"}],"wp:attachment":[{"href":"https:\/\/www.karaisali.bel.tr\/index.php?rest_route=%2Fwp%2Fv2%2Fmedia&parent=6581"}],"curies":[{"name":"wp","href":"https:\/\/api.w.org\/{rel}","templated":true}]}}