{"id":6291,"date":"2019-01-03T16:48:17","date_gmt":"2019-01-03T13:48:17","guid":{"rendered":"https:\/\/www.karaisali.bel.tr\/?page_id=6291"},"modified":"2019-03-01T10:49:55","modified_gmt":"2019-03-01T07:49:55","slug":"ocak-2019-meclis-kararlari","status":"publish","type":"page","link":"https:\/\/www.karaisali.bel.tr\/?page_id=6291","title":{"rendered":"Ocak 2019 Meclis Kararlar\u0131"},"content":{"rendered":"<table>\n<tbody>\n<tr>\n<td>KARAR 1<\/td>\n<\/tr>\n<tr>\n<td>\n\t\tG\u00fcndemde bulunan madde gere\u011fi; Belediyemizce 2019 y\u0131l\u0131 i\u00e7erisinde 5393 say\u0131l\u0131 Belediye kanununun 49. Maddesi gere\u011fince \u00e7al\u0131\u015ft\u0131r\u0131lmaya devam olunacak olan  Tam Zamanl\u0131  M\u00fchendislere  \u00f6denecek \u00fccretin belirlenmesi ile ilgili teklif okundu. Teklif hakk\u0131nda s\u00f6z isteyen olup, olmad\u0131\u011f\u0131 soruldu. \u00dcyelerden Rifat K\u00d6RO\u011eLU s\u00f6z ald\u0131. Arkada\u015flar teklifin Plan B\u00fct\u00e7e ve M\u00fc\u015fterek komisyonda g\u00f6r\u00fc\u015f\u00fclmek \u00fczere havale edilmesini teklif ediyorum. Dedi. Teklif oylamaya sunuldu. yap\u0131lan oylama neticesinde teklifin kabul\u00fcne oy birli\u011fi ile karar verildi.\n\t\t<\/td>\n<\/tr>\n<tr>\n<td>KARAR 2<\/td>\n<\/tr>\n<tr>\n<td>\n\t\tG\u00fcndemde bulunan madde gere\u011fi; Belediyemizce 2019 y\u0131l\u0131 i\u00e7erisinde 5393 say\u0131l\u0131 Belediye kanununun 49. Maddesi gere\u011fince \u00e7al\u0131\u015ft\u0131r\u0131lmaya devam olunacak olan  Tam Zamanl\u0131 Teknikerlere  \u00f6denecek \u00fccretin belirlenmesi ile ilgili teklif okundu. Teklif hakk\u0131nda s\u00f6z isteyen olup, olmad\u0131\u011f\u0131 soruldu. \u00dcyelerden Rifat K\u00d6RO\u011eLU s\u00f6z ald\u0131. Arkada\u015flar teklifin Plan B\u00fct\u00e7e ve M\u00fc\u015fterek komisyonda g\u00f6r\u00fc\u015f\u00fclmek \u00fczere havale edilmesini teklif ediyorum. Dedi. Teklif oylamaya sunuldu. yap\u0131lan oylama neticesinde teklifin kabul\u00fcne oy birli\u011fi ile karar verildi.\n\t\t<\/td>\n<\/tr>\n<tr>\n<td>KARAR 3<\/td>\n<\/tr>\n<tr>\n<td>G\u00fcndemde bulunan madde gere\u011fi; Belediyemizce 2019 y\u0131l\u0131 i\u00e7erisinde 5393 say\u0131l\u0131 Belediye kanununun 49. Maddesi gere\u011fince \u00e7al\u0131\u015ft\u0131r\u0131lmaya devam olunacak olan  Tam Zamanl\u0131 Programc\u0131ya \u00f6denecek \u00fccretin belirlenmesi ile ilgili teklif okundu. Teklif hakk\u0131nda s\u00f6z isteyen olup, olmad\u0131\u011f\u0131 soruldu. \u00dcyelerden Rifat K\u00d6RO\u011eLU s\u00f6z ald\u0131. Arkada\u015flar teklifin Plan B\u00fct\u00e7e ve M\u00fc\u015fterek komisyonda g\u00f6r\u00fc\u015f\u00fclmek \u00fczere havale edilmesini teklif ediyorum. Dedi. Teklif oylamaya sunuldu. yap\u0131lan oylama neticesinde teklifin kabul\u00fcne oy birli\u011fi ile karar verildi.\n\t\t<\/td>\n<\/tr>\n<tr>\n<td>KARAR 4<\/td>\n<\/tr>\n<tr>\n<td>G\u00fcndemde bulunan madde gere\u011fi; Belediyemizce 2019 y\u0131l\u0131 i\u00e7erisinde 5393 say\u0131l\u0131 Belediye kanununun 49. Maddesi gere\u011fince \u00e7al\u0131\u015ft\u0131r\u0131lmaya devam olunacak olan  Tam Zamanl\u0131 Ekonomiste  \u00f6denecek \u00fccretin belirlenmesi ile ilgili teklif okundu. Teklif hakk\u0131nda s\u00f6z isteyen olup, olmad\u0131\u011f\u0131 soruldu. \u00dcyelerden Rifat K\u00d6RO\u011eLU s\u00f6z ald\u0131. Arkada\u015flar teklifin Plan B\u00fct\u00e7e ve M\u00fc\u015fterek komisyonda g\u00f6r\u00fc\u015f\u00fclmek \u00fczere havale edilmesini teklif ediyorum. Dedi. Teklif oylamaya sunuldu. yap\u0131lan oylama neticesinde teklifin kabul\u00fcne oy birli\u011fi ile karar verildi.\n\t\t<\/td>\n<\/tr>\n<tr>\n<td>KARAR 5<\/td>\n<\/tr>\n<tr>\n<td>\u00fcndemde bulunan madde gere\u011fi; Belediyemizce 2019 y\u0131l\u0131 i\u00e7erisinde 5393 say\u0131l\u0131 Belediye kanununun 49. Maddesi gere\u011fince \u00e7al\u0131\u015ft\u0131r\u0131lmaya devam olunacak olan  Tam Zamanl\u0131 Kimyagere  \u00f6denecek \u00fccretin belirlenmesi ile ilgili teklif okundu. Teklif hakk\u0131nda s\u00f6z isteyen olup, olmad\u0131\u011f\u0131 soruldu. \u00dcyelerden Rifat K\u00d6RO\u011eLU s\u00f6z ald\u0131. Arkada\u015flar teklifin Plan B\u00fct\u00e7e ve M\u00fc\u015fterek komisyonda g\u00f6r\u00fc\u015f\u00fclmek \u00fczere havale edilmesini teklif ediyorum. Dedi. Teklif oylamaya sunuldu. yap\u0131lan oylama neticesinde teklifin kabul\u00fcne oy birli\u011fi ile karar verildi.\n\t\t<\/td>\n<\/tr>\n<tr>\n<td>KARAR 6<\/td>\n<\/tr>\n<tr>\n<td>G\u00fcndemde bulunan madde gere\u011fi; Belediyemizce 2019 y\u0131l\u0131 i\u00e7erisinde 5393 say\u0131l\u0131 Belediye kanununun 49. Maddesi gere\u011fince \u00e7al\u0131\u015ft\u0131r\u0131lmaya devam olunacak olan  K\u0131smi Zamanl\u0131 Avukata  \u00f6denecek \u00fccretin belirlenmesi ile ilgili teklif okundu. Teklif hakk\u0131nda s\u00f6z isteyen olup, olmad\u0131\u011f\u0131 soruldu. \u00dcyelerden Rifat K\u00d6RO\u011eLU s\u00f6z ald\u0131. Arkada\u015flar teklifin Plan B\u00fct\u00e7e ve M\u00fc\u015fterek komisyonda g\u00f6r\u00fc\u015f\u00fclmek \u00fczere havale edilmesini teklif ediyorum. Dedi. Teklif oylamaya sunuldu. yap\u0131lan oylama neticesinde teklifin kabul\u00fcne oy birli\u011fi ile karar verildi.\n\t\t<\/td>\n<\/tr>\n<tr>\n<td>KARAR 7<\/td>\n<\/tr>\n<tr>\n<td>G\u00fcndemde bulunan madde gere\u011fi; Belediyemizce 2019 y\u0131l\u0131 i\u00e7erisinde 5393 say\u0131l\u0131 Belediye kanununun 49. Maddesi gere\u011fince \u00e7al\u0131\u015ft\u0131r\u0131lmaya devam olunacak olan  K\u0131smi Zamanl\u0131 Veteriner Hekime \u00f6denecek \u00fccretin belirlenmesi ile ilgili teklif okundu. Teklif hakk\u0131nda s\u00f6z isteyen olup, olmad\u0131\u011f\u0131 soruldu. \u00dcyelerden Rifat K\u00d6RO\u011eLU s\u00f6z ald\u0131. Arkada\u015flar teklifin Plan B\u00fct\u00e7e ve M\u00fc\u015fterek komisyonda g\u00f6r\u00fc\u015f\u00fclmek \u00fczere havale edilmesini teklif ediyorum. Dedi. Teklif oylamaya sunuldu. yap\u0131lan oylama neticesinde teklifin kabul\u00fcne oy birli\u011fi ile karar verildi.\n\t\t<\/td>\n<\/tr>\n<tr>\n<td>KARAR 8<\/td>\n<\/tr>\n<tr>\n<td>G\u00fcndemde bulanan madde gere\u011fi ; 5393 Belediye Kanununun 25. maddesi gere\u011fince 2019 y\u0131l\u0131 Denetim Komisyonunda g\u00f6rev yapmak \u00fczere 4 adet denetim komisyon \u00fcyesi se\u00e7imi i\u00e7in gizli oylama yap\u0131ld\u0131. Yap\u0131lan gizli oylamada Hasan K\u00d6YL\u00dc (11) oy Hasbi \u00d6ZEN\u0130R (11) oy, Esat K\u00d6SE (10) oy, Hakan ARICI (10) oy alarak 2019 y\u0131l\u0131 Denetim Komisyonunda g\u00f6rev yapmak \u00fczere se\u00e7ildiler.\n\t\t<\/td>\n<\/tr>\n<tr>\n<td>KARAR 9<\/td>\n<\/tr>\n<tr>\n<td>G\u00fcndemde bulanan madde gere\u011fi ; Belediyemiz Emlak ve \u0130stimlak M\u00fcd\u00fcrl\u00fc\u011f\u00fcn\u00fcn 31\/12\/2018 tarih ve E.4428 say\u0131l\u0131 yaz\u0131lar\u0131 ile Adana \u0130li Karaisal\u0131 \u0130l\u00e7esi Karap\u0131nar Mahallesinde bulunan 350 ada 4 parsel nolu y\u00fczme havuzu ve soyunma odalar\u0131 Adana B\u00fcy\u00fck\u015fehir Belediyesinin  14\/12\/2018 tarih ve 743 say\u0131l\u0131 Meclis Karar\u0131 ile Belediyemize devri yap\u0131lan ta\u015f\u0131nmaz\u0131n 5393 say\u0131l\u0131 Belediye Kanununun 18\/e maddesi uyar\u0131nca 10 y\u0131ll\u0131\u011f\u0131nda kiraya verilmesi ile ilgili teklifi okundu.  Teklif hakk\u0131nda s\u00f6z isteyen olup, olmad\u0131\u011f\u0131 soruldu. \u00dcyelerden Rifat K\u00d6RO\u011eLU s\u00f6z ald\u0131. Arkada\u015flar teklifin \u0130mar \u015eehircilik ve M\u00fc\u015fterek Komisyonda g\u00f6r\u00fc\u015f\u00fclmek \u00fczere h0avale edilmesini teklif ediyorum dedi. Teklif oylamaya sunuldu. Yap\u0131lan oylama neticesinde teklifin kabul\u00fcne oy birli\u011fi ile karar verildi.\n\t\t<\/td>\n<\/tr>\n<tr>\n<td>KARAR 10<\/td>\n<\/tr>\n<tr>\n<td>G\u00fcndemde bulunan madde gere\u011fi ; Belediyemiz Plan B\u00fct\u00e7e ve M\u00fc\u015fterek Komisyonunun  04\/01\/2019 tarih ve 1 nolu karar\u0131n\u0131n g\u00f6r\u00fc\u015f\u00fclmesine ge\u00e7ildi. Kararda aynen &#8221; Belediyemiz Meclisince komisyonumuzda g\u00f6r\u00fc\u015f\u00fclmek \u00fczere havale edilen ; Belediyemizce 2019 y\u0131l\u0131 i\u00e7erisinde 5393 say\u0131l\u0131 Belediye kanununun 49. Maddesi gere\u011fince \u00e7al\u0131\u015ft\u0131r\u0131lmaya devam olunacak olan  Tam Zamanl\u0131  M\u00fchendislere  \u00f6denecek \u00fccretin belirlenmesi ile ilgili teklif komisyonumuzca g\u00f6r\u00fc\u015f\u00fcld\u00fc. Yap\u0131lan g\u00f6r\u00fc\u015fme neticesinde Belediye Ba\u015fkanl\u0131\u011f\u0131m\u0131zca 2019 y\u0131l\u0131nda 5393 Say\u0131l\u0131 Belediye Kanununun 49. Maddesi gere\u011fince \u00e7al\u0131\u015ft\u0131r\u0131lmaya devam edilecek olan M\u00fchendislere  ayl\u0131k net  2.790,00-TL(\u0130K\u0130B\u0130NYED\u0130Y\u00dcZDOKSAN T\u00dcRKL\u0130RASI) (ek \u00f6deme hari\u00e7)   \u00f6denmesi komisyonumuzca uygun bulunmu\u015ftur. Denilmekte olup, okunan komisyon raporu hakk\u0131nda s\u00f6z isteyen olup, olmad\u0131\u011f\u0131 soruldu. \u00dcyelerden Rifat K\u00d6RO\u011eLU s\u00f6z ald\u0131. Arkada\u015flar Komisyon raporunun komisyondan geldi\u011fi gibi kabul edilmesini teklif ediyorum. Dedi. Teklif oylamaya sunuldu. Yap\u0131lan oylama neticesinde teklifin kabul\u00fcne  , Belediye Ba\u015fkanl\u0131\u011f\u0131m\u0131zca 2019 y\u0131l\u0131nda 5393 Say\u0131l\u0131 Belediye Kanununun 49. Maddesi gere\u011fince \u00e7al\u0131\u015ft\u0131r\u0131lmaya devam edilecek olan M\u00fchendislere  ayl\u0131k net  2.790,00-TL(\u0130K\u0130B\u0130NYED\u0130Y\u00dcZDOKSAN T\u00dcRKL\u0130RASI) (ek \u00f6deme hari\u00e7)   \u00f6denmesine oy birli\u011fi ile karar verildi.\n\t\t<\/td>\n<\/tr>\n<tr>\n<td>KARAR 11<\/td>\n<\/tr>\n<tr>\n<td>G\u00fcndemde bulunan madde gere\u011fi;  Belediyemiz Plan B\u00fct\u00e7e ve M\u00fc\u015fterek Komisyonunun 04\/01\/2019 tarih ve 2 nolu karar\u0131n\u0131n g\u00f6r\u00fc\u015f\u00fclmesine ge\u00e7ildi. Kararda aynen &#8221; Belediyemiz Meclisince Plan B\u00fct\u00e7e ve M\u00fc\u015fterek Komisyonumuzda g\u00f6r\u00fc\u015f\u00fclmek \u00fczere 03\/01\/2019 tarih ve  2 say\u0131l\u0131 karar\u0131 ile havale edilen; Belediyemiz norm kadrosunda m\u00fcnhal bulunan Tekniker kadrosunda 5393 say\u0131l\u0131 Belediye Kanununun 49. Maddesi gere\u011fince tam zamanl\u0131 s\u00f6zle\u015fmeli personel olarak g\u00f6rev yapacak olan teknikere \u00f6denecek \u00fccretin belirlenmesi ile ilgili teklif komisyonumuzca g\u00f6r\u00fc\u015f\u00fcld\u00fc. Belediyemiz Norm Kadrosunda 5393 say\u0131l\u0131 Belediye Kanununun 49. Maddesi uyar\u0131nca Tam Zamanl\u0131 \u00c7al\u0131\u015ft\u0131r\u0131lacak  s\u00f6zle\u015fmeli Teknikere ayl\u0131k net 2.652,00-TL (\u0130K\u0130B\u0130NALTIY\u00dcZELL\u0130\u0130K\u0130T\u00dcRKL\u0130RASI)  (ek \u00f6deme hari\u00e7) belirlenmesine ,karar\u0131n   Belediyemiz Meclisine sunulmas\u0131na oy birli\u011fi ile karar verildi. Denilmekte olup, okunan karar hakk\u0131nda s\u00f6z isteyen olup, olmad\u0131\u011f\u0131 soruldu. \u00dcyelerden Rifat KORO\u011eLU s\u00f6z ald\u0131. Arkada\u015flar okunan komisyon karar\u0131n\u0131n komisyondan geldi\u011fi gibi kabul edilmesini teklif ediyorum. Dedi. Teklif oylamaya sunuldu. Yap\u0131lan oylama neticesinde teklifin kabul\u00fcne ,  Belediyemiz Norm Kadrosunda 5393 say\u0131l\u0131 Belediye Kanununun 49. Maddesi uyar\u0131nca Tam Zamanl\u0131 \u00c7al\u0131\u015ft\u0131r\u0131lacak  s\u00f6zle\u015fmeli Teknikere ayl\u0131k net 2.652,00-TL (\u0130K\u0130B\u0130NALTIY\u00dcZELL\u0130\u0130K\u0130T\u00dcRKL\u0130RASI)  (ek \u00f6deme hari\u00e7) \u00f6denmesine oy birli\u011fi ile karar verildi.\n\t\t<\/td>\n<\/tr>\n<tr>\n<td>KARAR 12<\/td>\n<\/tr>\n<tr>\n<td>G\u00fcndemde bulunan madde gere\u011fi;  Belediyemiz Plan B\u00fct\u00e7e ve M\u00fc\u015fterek Komisyonunun 04\/01\/2019 tarih ve 3 nolu karar\u0131nda &#8220;Belediyemiz Meclisince komisyonumuzda g\u00f6r\u00fc\u015f\u00fclmek \u00fczere havale edilen ; Belediyemizce 2019 y\u0131l\u0131 i\u00e7erisinde 5393 say\u0131l\u0131 Belediye kanununun 49. Maddesi gere\u011fince \u00e7al\u0131\u015ft\u0131r\u0131lacak Tam Zamanl\u0131  Programc\u0131lara \u00f6denecek \u00fccretin belirlenmesi ile ilgili teklif komisyonumuzca g\u00f6r\u00fc\u015f\u00fcld\u00fc. Yap\u0131lan g\u00f6r\u00fc\u015fme neticesinde Belediye Ba\u015fkanl\u0131\u011f\u0131m\u0131zca 2019 y\u0131l\u0131nda 5393 Say\u0131l\u0131 Belediye Kanununun 49. Maddesi gere\u011fince Tam Zamanl\u0131 \u00e7al\u0131\u015ft\u0131r\u0131lmaya devam edilecek olan Programc\u0131lara ayl\u0131k net 2.790,00-TL (\u0130K\u0130B\u0130NYED\u0130Y\u00dcZDOKSANT\u00dcRKL\u0130RASI)  (ek \u00f6deme hari\u00e7) \u00f6denmesi komisyonumuzca uygun bulunmu\u015ftur.  Denilmekte olup, okunan karar hakk\u0131nda s\u00f6z isteyen olup, olmad\u0131\u011f\u0131 soruldu. \u00dcyelerden Rifat KORO\u011eLU s\u00f6z ald\u0131. Arkada\u015flar okunan komisyon karar\u0131n\u0131n komisyondan geldi\u011fi gibi kabul edilmesini teklif ediyorum. Dedi. Teklif oylamaya sunuldu. Yap\u0131lan oylama neticesinde teklifin kabul\u00fcne ,  Belediyemiz Norm Kadrosunda 5393 say\u0131l\u0131 Belediye Kanununun 49. Maddesi uyar\u0131nca Tam Zamanl\u0131 \u00c7al\u0131\u015ft\u0131r\u0131lacak  s\u00f6zle\u015fmeli Programc\u0131lara  ayl\u0131k net 2.790,00-TL (\u0130K\u0130B\u0130NYED\u0130Y\u00dcZDOKSANT\u00dcRKL\u0130RASI)  (ek \u00f6deme hari\u00e7) \u00f6denmesine oy birli\u011fi ile karar verildi.\n\t\t<\/td>\n<\/tr>\n<tr>\n<td>KARAR 13<\/td>\n<\/tr>\n<tr>\n<td>G\u00fcndemde bulunan madde gere\u011fi;  Belediyemiz Plan B\u00fct\u00e7e ve M\u00fc\u015fterek Komisyonunun 04\/01\/2019 tarih ve 4 nolu karar\u0131nda &#8220;Belediyemiz Meclisince komisyonumuzda g\u00f6r\u00fc\u015f\u00fclmek \u00fczere havale edilen ; Belediyemizce 2019 y\u0131l\u0131 i\u00e7erisinde 5393 say\u0131l\u0131 Belediye kanununun 49. Maddesi gere\u011fince \u00e7al\u0131\u015ft\u0131r\u0131lacak Tam Zamanl\u0131 ekonomiste  \u00f6denecek \u00fccretin belirlenmesi ile ilgili teklif komisyonumuzca g\u00f6r\u00fc\u015f\u00fcld\u00fc. Yap\u0131lan g\u00f6r\u00fc\u015fme neticesinde Belediye Ba\u015fkanl\u0131\u011f\u0131m\u0131zca 2019 y\u0131l\u0131nda 5393 Say\u0131l\u0131 Belediye Kanununun 49. Maddesi gere\u011fince \u00e7al\u0131\u015ft\u0131r\u0131lmaya devam edilecek olan  Ekonomiste   Maliye Bakanl\u0131\u011f\u0131 B\u00fct\u00e7e ve Mali Kontrol Genel M\u00fcd\u00fcrl\u00fc\u011f\u00fcnce belirlenen en y\u00fcksek tavan \u00fccretten   (ek \u00f6deme hari\u00e7)  \u00f6denmesi komisyonumuzca uygun bulunmu\u015ftur.   Denilmekte olup, okunan karar hakk\u0131nda s\u00f6z isteyen olup, olmad\u0131\u011f\u0131 soruldu. \u00dcyelerden Rifat KORO\u011eLU s\u00f6z ald\u0131. Arkada\u015flar okunan komisyon karar\u0131n\u0131n komisyondan geldi\u011fi gibi kabul edilmesini teklif ediyorum. Dedi. Teklif oylamaya sunuldu. Yap\u0131lan oylama neticesinde teklifin kabul\u00fcne ,  Belediyemiz Norm Kadrosunda 5393 say\u0131l\u0131 Belediye Kanununun 49. Maddesi uyar\u0131nca Tam Zamanl\u0131 \u00c7al\u0131\u015ft\u0131r\u0131lacak  s\u00f6zle\u015fmeli Ekonomistlere Maliye Bakanl\u0131\u011f\u0131 B\u00fct\u00e7e ve Mali Kontrol Genel M\u00fcd\u00fcrl\u00fc\u011f\u00fcnce belirlenen en y\u00fcksek tavan \u00fccretten   (ek \u00f6deme hari\u00e7)  \u00f6denmesine oy birli\u011fi ile karar verildi.\n\t\t<\/td>\n<\/tr>\n<tr>\n<td>KARAR 14<\/td>\n<\/tr>\n<tr>\n<td>G\u00fcndemde bulunan madde gere\u011fi;  Belediyemiz Plan B\u00fct\u00e7e ve M\u00fc\u015fterek Komisyonunun 04\/01\/2019 tarih ve 5 nolu karar\u0131nda &#8220;Belediyemiz Meclisince komisyonumuzda g\u00f6r\u00fc\u015f\u00fclmek \u00fczere havale edilen ; Belediyemizce 2019 y\u0131l\u0131 i\u00e7erisinde 5393 say\u0131l\u0131 Belediye kanununun 49. Maddesi gere\u011fince \u00e7al\u0131\u015ft\u0131r\u0131lacak Tam Zamanl\u0131 Kimyagere \u00f6denecek \u00fccretin belirlenmesi ile ilgili teklif komisyonumuzca g\u00f6r\u00fc\u015f\u00fcld\u00fc. Yap\u0131lan g\u00f6r\u00fc\u015fme neticesinde Belediye Ba\u015fkanl\u0131\u011f\u0131m\u0131zca 2019 y\u0131l\u0131nda 5393 Say\u0131l\u0131 Belediye Kanununun 49. Maddesi gere\u011fince \u00e7al\u0131\u015ft\u0131r\u0131lmaya devam edilecek olan Kimyagere ayl\u0131k net  2.790,00-TL (\u0130K\u0130B\u0130NYED\u0130Y\u00dcZ DOKSANT\u00dcRKL\u0130RASI) (ek \u00f6deme hari\u00e7)   \u00f6denmesi komisyonumuzca uygun bulunmu\u015ftur.   Denilmekte olup, okunan karar hakk\u0131nda s\u00f6z isteyen olup, olmad\u0131\u011f\u0131 soruldu. \u00dcyelerden Rifat KORO\u011eLU s\u00f6z ald\u0131. Arkada\u015flar okunan komisyon karar\u0131n\u0131n komisyondan geldi\u011fi gibi kabul edilmesini teklif ediyorum. Dedi. Teklif oylamaya sunuldu. Yap\u0131lan oylama neticesinde teklifin kabul\u00fcne ,  Belediyemiz Norm Kadrosunda 5393 say\u0131l\u0131 Belediye Kanununun 49. Maddesi uyar\u0131nca Tam Zamanl\u0131 \u00c7al\u0131\u015ft\u0131r\u0131lacak  s\u00f6zle\u015fmeli Kimyagere  ayl\u0131k net 2.790,00-TL (\u0130K\u0130B\u0130NYED\u0130Y\u00dcZDOKSANT\u00dcRKL\u0130RASI)  (ek \u00f6deme hari\u00e7) \u00f6denmesine oy birli\u011fi ile karar verildi.\n\t\t<\/td>\n<\/tr>\n<tr>\n<td>KARAR 15<\/td>\n<\/tr>\n<tr>\n<td>G\u00fcndemde bulunan madde gere\u011fi;  Belediyemiz Plan B\u00fct\u00e7e ve M\u00fc\u015fterek Komisyonunun 04\/01\/2019 tarih ve 6 nolu karar\u0131nda &#8220;Belediyemiz Meclisince komisyonumuzda g\u00f6r\u00fc\u015f\u00fclmek \u00fczere havale edilen ; Belediyemizce 2019 y\u0131l\u0131 i\u00e7erisinde 5393 say\u0131l\u0131 Belediye kanununun 49. Maddesi gere\u011fince \u00e7al\u0131\u015ft\u0131r\u0131lacak K\u0131smi Zamanl\u0131 1 adet Avukata \u00f6denecek \u00fccretin belirlenmesi ile ilgili teklif komisyonumuzca g\u00f6r\u00fc\u015f\u00fcld\u00fc. Yap\u0131lan g\u00f6r\u00fc\u015fme neticesinde Belediye Ba\u015fkanl\u0131\u011f\u0131m\u0131zca 2019 y\u0131l\u0131nda 5393 Say\u0131l\u0131 Belediye Kanununun 49. Maddesi gere\u011fince \u00e7al\u0131\u015ft\u0131r\u0131lmaya devam edilecek olan 1 adet K\u0131smi Zamanl\u0131 Avukata  Maliye Bakanl\u0131\u011f\u0131 B\u00fct\u00e7e  ve Mali Kontrol Genel M\u00fcd\u00fcrl\u00fc\u011f\u00fcn\u00fcn 2019 y\u0131l\u0131 i\u00e7in a\u00e7\u0131klanacak olan \u00fccretin tavan \u00fccretinden  \u00f6denmesi komisyonumuzca uygun bulunmu\u015ftur.  Denilmekte olup, okunan karar hakk\u0131nda s\u00f6z isteyen olup, olmad\u0131\u011f\u0131 soruldu. \u00dcyelerden Rifat KORO\u011eLU s\u00f6z ald\u0131. Arkada\u015flar okunan komisyon karar\u0131n\u0131n komisyondan geldi\u011fi gibi kabul edilmesini teklif ediyorum. Dedi. Teklif oylamaya sunuldu. Yap\u0131lan oylama neticesinde teklifin kabul\u00fcne ,  Belediyemiz Norm Kadrosunda 5393 say\u0131l\u0131 Belediye Kanununun 49. Maddesi uyar\u0131nca K\u0131smi  Zamanl\u0131 \u00c7al\u0131\u015ft\u0131r\u0131lacak  s\u00f6zle\u015fmeli Avukata Maliye Bakanl\u0131\u011f\u0131 B\u00fct\u00e7e ve Mali Kontrol Genel M\u00fcd\u00fcrl\u00fc\u011f\u00fcnce belirlenen en y\u00fcksek tavan \u00fccretten    \u00f6denmesine oy birli\u011fi ile karar verildi.\n\t\t<\/td>\n<\/tr>\n<tr>\n<td>KARAR 16<\/td>\n<\/tr>\n<tr>\n<td>G\u00fcndemde bulunan madde gere\u011fi;  Belediyemiz Plan B\u00fct\u00e7e ve M\u00fc\u015fterek Komisyonunun 04\/01\/2019 tarih ve 7 nolu karar\u0131nda &#8220;Belediyemiz Meclisince komisyonumuzda g\u00f6r\u00fc\u015f\u00fclmek \u00fczere havale edilen ; Belediyemizce 2019 y\u0131l\u0131 i\u00e7erisinde 5393 say\u0131l\u0131 Belediye kanununun 49. Maddesi gere\u011fince \u00e7al\u0131\u015ft\u0131r\u0131lacak K\u0131smi Zamanl\u0131 1 adet Veteriner Hekime  \u00f6denecek \u00fccretin belirlenmesi ile ilgili teklif komisyonumuzca g\u00f6r\u00fc\u015f\u00fcld\u00fc. Yap\u0131lan g\u00f6r\u00fc\u015fme neticesinde Belediye Ba\u015fkanl\u0131\u011f\u0131m\u0131zca 2019 y\u0131l\u0131nda 5393 Say\u0131l\u0131 Belediye Kanununun 49. Maddesi gere\u011fince \u00e7al\u0131\u015ft\u0131r\u0131lmaya devam edilecek olan 1 adet K\u0131smi Zamanl\u0131 Veteriner Hekime   Maliye Bakanl\u0131\u011f\u0131 B\u00fct\u00e7e  ve Mali Kontrol Genel M\u00fcd\u00fcrl\u00fc\u011f\u00fcn\u00fcn 2019 y\u0131l\u0131 i\u00e7in a\u00e7\u0131klanacak olan \u00fccretin tavan \u00fccretinden  \u00f6denmesi komisyonumuzca uygun bulunmu\u015ftur.  Denilmekte olup, okunan karar hakk\u0131nda s\u00f6z isteyen olup, olmad\u0131\u011f\u0131 soruldu. \u00dcyelerden Rifat KORO\u011eLU s\u00f6z ald\u0131. Arkada\u015flar okunan komisyon karar\u0131n\u0131n komisyondan geldi\u011fi gibi kabul edilmesini teklif ediyorum. Dedi. Teklif oylamaya sunuldu. Yap\u0131lan oylama neticesinde teklifin kabul\u00fcne ,  Belediyemiz Norm Kadrosunda 5393 say\u0131l\u0131 Belediye Kanununun 49. Maddesi uyar\u0131nca K\u0131smi  Zamanl\u0131 \u00c7al\u0131\u015ft\u0131r\u0131lacak  s\u00f6zle\u015fmeli Veteriner Hekime  Maliye Bakanl\u0131\u011f\u0131 B\u00fct\u00e7e ve Mali Kontrol Genel M\u00fcd\u00fcrl\u00fc\u011f\u00fcnce belirlenen en y\u00fcksek tavan \u00fccretten    \u00f6denmesine oy birli\u011fi ile karar verildi.\n\t\t<\/td>\n<\/tr>\n<tr>\n<td>KARAR 17<\/td>\n<\/tr>\n<tr>\n<td>G\u00fcndemde bulunan madde gere\u011fi;  Belediyemiz \u0130mar , \u015eehircilik  ve M\u00fc\u015fterek Komisyonunun 06\/01\/2019 tarih ve 1 nolu karar\u0131nda &#8220;Belediyemiz Meclisince komisyonumuzda g\u00f6r\u00fc\u015f\u00fclmek \u00fczere Belediyemiz Meclisinin 03\/01\/2019 tarih ve 9  say\u0131l\u0131 karar\u0131 ile   havale edilen Adana ili Karaisal\u0131 \u0130l\u00e7esi Karap\u0131nar Mahallesi s\u0131n\u0131rlar\u0131 i\u00e7erisinde bulunan 350 ada 4 parselde kay\u0131tl\u0131 y\u00fczme havuzu ve soyunma odalar\u0131n\u0131n Adana B\u00fcy\u00fck\u015fehir Belediyesinin 14\/12\/2018 tarih ve 743 say\u0131l\u0131 karar\u0131 belediyemize devri yap\u0131lan ta\u015f\u0131nmaz\u0131n 5393 say\u0131l\u0131 Belediye Kanununun 18\/e maddesi uyar\u0131nca on y\u0131ll\u0131\u011f\u0131na kiraya verilmesi ile ilgili teklif komisyonumuzca g\u00f6r\u00fc\u015f\u00fcld\u00fc . Yap\u0131lan g\u00f6r\u00fc\u015fme neticesinde  Belediye Ba\u015fkanl\u0131\u011f\u0131m\u0131za gelir getirmek ,  il\u00e7emizde sportif faaliyetlerin gen\u00e7lerimize y\u00f6nelik faaliyetlerinin art\u0131r\u0131larak k\u00f6t\u00fc al\u0131\u015fkanl\u0131klardan uzak tutulmas\u0131,  amac\u0131 ile  Adana B\u00fcy\u00fck\u015fehir Belediyesinin 14\/12\/2018 tarih ve 743 say\u0131l\u0131 karar\u0131 ile  Belediyemize devredilen Karap\u0131nar Mahallesi  350 ada 4 parselde kay\u0131tl\u0131 y\u00fczme havuzu ve soyunma odalar\u0131n\u0131n 10 y\u0131ll\u0131\u011f\u0131na kiraya verilmesi komisyonumuzca uygun bulunmu\u015f olup,  Belediyemiz Meclisine sunulmas\u0131na oy birli\u011fi ile karar verildi. Denilmekte olup, okunan karar hakk\u0131nda s\u00f6z isteyen olup, olmad\u0131\u011f\u0131 soruldu. \u00dcyelerden Rifat KORO\u011eLU s\u00f6z ald\u0131. Arkada\u015flar okunan komisyon karar\u0131n\u0131n komisyondan geldi\u011fi gibi kabul edilmesini teklif ediyorum. Dedi. Teklif oylamaya sunuldu. Yap\u0131lan oylama neticesinde teklifin kabul\u00fcne , Karaisal\u0131 \u0130l\u00e7esi Karap\u0131nar Mahallesi  350 ada 4 parselde kay\u0131tl\u0131 y\u00fczme havuzu ve soyunma odalar\u0131n\u0131n ve arsas\u0131n\u0131n  10 y\u0131ll\u0131\u011f\u0131na kiraya verilmesine oy birli\u011fi ile karar verildi.\n\t\t<\/td>\n<\/tr>\n<tr>\n<td>KARAR 18<\/td>\n<\/tr>\n<tr>\n<td>G\u00fcndemde bulunan madde gere\u011fi  Belediyemiz \u0130mar ve \u015eehircilik M\u00fc\u015fterek Komisyonunun 05\/12\/2018 tarih ve 6 nolu komisyon karar\u0131n\u0131n g\u00f6r\u00fc\u015f\u00fclmesine ge\u00e7ildi. Komisyon karar\u0131nda aynen &#8221; Belediyemiz Meclisince komisyonumuzda g\u00f6r\u00fc\u015f\u00fclmek \u00fczere  Belediyemiz Meclisinin 03\/12\/2018 tarih 74 nolu say\u0131l\u0131 karar\u0131 ile   havale edilen Belediyemiz Yaz\u0131 \u0130\u015fleri M\u00fcd\u00fcrl\u00fc\u011f\u00fcn\u00fcn 01\/12\/2018 tarih ve E.3987 say\u0131l\u0131 yaz\u0131lar\u0131nda , \u0130l\u00e7emiz  \u00c7evlik  Mahallesinde  bulunan  110    ada  209  parselin  i\u00e7kili  yer b\u00f6lgesi  olarak  tespit  edilmesi  i\u00e7in  Kaymakaml\u0131k  Makam\u0131ndan  g\u00f6r\u00fc\u015f  istenmi\u015f  olup,  bahse  konu yer hakk\u0131nda  Yap\u0131lan  ara\u015ft\u0131rma  neticesinde  \u00c7evlik  Mahallesi  110    ada  209  parselin  \u0130\u015fyeri A\u00e7ma  ve  \u00c7al\u0131\u015fma  Ruhsat\u0131na  \u0130li\u015fkin  Y\u00f6netmeli\u011fin  29.  maddesindeki,  \u0130\u00e7kili  yer  b\u00f6lgesi  olarak belirlenmesinde herhangi bir sak\u0131nca bulunmad\u0131\u011f\u0131na dair uygun g\u00f6r\u00fc\u015f verilmi\u015f olup, \u0130l\u00e7emiz  \u00c7evlik  Mahallesinde  bulunan  110    ada  209  parselin  i\u00e7kili  yer b\u00f6lgesi  olarak belirlenmesi i\u00e7in  Belediyemiz Meclisince karar al\u0131nmas\u0131 ile ilgili teklif komisyonumuzca incelenmi\u015f olup, uygun bulunmu\u015ftur. Komisyon raporumuzun Belediyemiz Meclisine sunulmas\u0131na oy \u00e7oklu\u011fu ile karar verildi. Denilmekte olup, Okunan komisyon raporu hakk\u0131nda s\u00f6z isteyen olup, olmad\u0131\u011f\u0131 soruldu. \u00dcyelerden Rifat K\u00d6RO\u011eLU s\u00f6z ald\u0131. Arkada\u015flar okunan komisyon raporunun komisyondan geldi\u011fi gibi kabul edilmesini teklif ediyorum. Dedi. Teklif oylamaya sunuldu. Yap\u0131lan oylama neticesinde teklifin reddine , \u0130l\u00e7emiz \u00c7evlik Mahallesi 110 ada 209 parselin i\u00e7kili yerler b\u00f6lgesi olarak belirlenmemesine  oy \u00e7oklu\u011fu ile karar verildi.\n\t\t<\/td>\n<\/tr>\n<\/tbody>\n<\/table>\n","protected":false},"excerpt":{"rendered":"<p>KARAR 1 G\u00fcndemde bulunan madde gere\u011fi; Belediyemizce 2019 y\u0131l\u0131 i\u00e7erisinde 5393 say\u0131l\u0131 Belediye kanununun 49. Maddesi gere\u011fince \u00e7al\u0131\u015ft\u0131r\u0131lmaya devam olunacak olan Tam Zamanl\u0131 M\u00fchendislere \u00f6denecek \u00fccretin belirlenmesi ile ilgili teklif okundu. Teklif hakk\u0131nda s\u00f6z isteyen olup, olmad\u0131\u011f\u0131 soruldu. \u00dcyelerden Rifat K\u00d6RO\u011eLU s\u00f6z ald\u0131. Arkada\u015flar teklifin Plan B\u00fct\u00e7e ve M\u00fc\u015fterek komisyonda g\u00f6r\u00fc\u015f\u00fclmek \u00fczere havale edilmesini teklif [&hellip;]<\/p>\n","protected":false},"author":10,"featured_media":0,"parent":6285,"menu_order":0,"comment_status":"closed","ping_status":"closed","template":"","meta":{"footnotes":""},"class_list":["post-6291","page","type-page","status-publish","hentry"],"_links":{"self":[{"href":"https:\/\/www.karaisali.bel.tr\/index.php?rest_route=\/wp\/v2\/pages\/6291","targetHints":{"allow":["GET"]}}],"collection":[{"href":"https:\/\/www.karaisali.bel.tr\/index.php?rest_route=\/wp\/v2\/pages"}],"about":[{"href":"https:\/\/www.karaisali.bel.tr\/index.php?rest_route=\/wp\/v2\/types\/page"}],"author":[{"embeddable":true,"href":"https:\/\/www.karaisali.bel.tr\/index.php?rest_route=\/wp\/v2\/users\/10"}],"replies":[{"embeddable":true,"href":"https:\/\/www.karaisali.bel.tr\/index.php?rest_route=%2Fwp%2Fv2%2Fcomments&post=6291"}],"version-history":[{"count":0,"href":"https:\/\/www.karaisali.bel.tr\/index.php?rest_route=\/wp\/v2\/pages\/6291\/revisions"}],"up":[{"embeddable":true,"href":"https:\/\/www.karaisali.bel.tr\/index.php?rest_route=\/wp\/v2\/pages\/6285"}],"wp:attachment":[{"href":"https:\/\/www.karaisali.bel.tr\/index.php?rest_route=%2Fwp%2Fv2%2Fmedia&parent=6291"}],"curies":[{"name":"wp","href":"https:\/\/api.w.org\/{rel}","templated":true}]}}