{"id":5920,"date":"2018-10-30T10:24:18","date_gmt":"2018-10-30T07:24:18","guid":{"rendered":"https:\/\/www.karaisali.bel.tr\/?page_id=5920"},"modified":"2022-10-18T13:57:50","modified_gmt":"2022-10-18T10:57:50","slug":"ekim-2018-meclis-kararlari","status":"publish","type":"page","link":"https:\/\/www.karaisali.bel.tr\/?page_id=5920","title":{"rendered":"Ekim 2018 Meclis Kararlar\u0131"},"content":{"rendered":"<table>\n<tbody>\n<tr>\n<td>KARAR 64<\/td>\n<\/tr>\n<tr>\n<td>Adana \u0130li Kadastro M\u00fcd\u00fcrl\u00fc\u011f\u00fcn\u00fcn 20\/09\/2018 tarih ve 17022752-170.02-E.2502420 Say\u0131l\u0131 yaz\u0131lar\u0131nda ; Adana \u0130li Karaisal\u0131 \u0130l\u00e7esi Ba\u015fk\u0131f Mahallesinde 3402 say\u0131l\u0131 Kadastro Kanunu h\u00fck\u00fcmlerince yap\u0131lacak olan kadastro \u00e7al\u0131\u015fmalar\u0131nda kadastro ekibinde bilirki\u015fi olarak g\u00f6rev yapmak \u00fczere (6) Alt\u0131 adet bilirki\u015finin Belediyemiz Meclisince belirlenmesi ile ilgili teklifleri g\u00f6r\u00fc\u015f\u00fcld\u00fc.<br \/>\nAdana \u0130li Karaisal\u0131 \u0130l\u00e7esi Ba\u015fk\u0131f Mahallesinde 3402 say\u0131l\u0131 Kadastro Kanunu h\u00fck\u00fcmlerince<br \/>\nyap\u0131lacak olan kadastro \u00e7al\u0131\u015fmalar\u0131nda kadastro ekibinde bilirki\u015fi olarak g\u00f6rev yapmak \u00fczere a\u015fa\u011f\u0131da kimlik ve telefon numaral\u0131 ki\u015filerin bilirki\u015fi olarak belirlenmesine oy birli\u011fi ile karar verildi.SIRA NO ADI SOYADI TC NUMARASI TELEFON NUMARASI<br \/>\n1) MEHMET EMEKS\u0130Z 2125001XXXX 5434304350<br \/>\n2) AHMET SAK 1000338XXXX 5362283356<br \/>\n3) AHMET YILDIRIM 1071136XXXX 5366404124<br \/>\n4) YAS\u0130N ASLAN 2079702XXXX 5468962496<br \/>\n5) CUMAL\u0130 ASLAN 2077302XXXX 5394665073<br \/>\n6) MUSTAFA MENENG\u0130\u00c7 1172532XXXX 5376879749<\/td>\n<\/tr>\n<tr>\n<td>KARAR 65<\/td>\n<\/tr>\n<tr>\n<td>Adana \u0130li Kadastro M\u00fcd\u00fcrl\u00fc\u011f\u00fcn\u00fcn 20\/09\/2018 tarih ve 17022752-170.02-E.2502471 Say\u0131l\u0131 yaz\u0131lar\u0131nda ; Adana \u0130li Karaisal\u0131 \u0130l\u00e7esi G\u00dcVEN\u00c7 Mahallesinde 3402 say\u0131l\u0131 Kadastro Kanunu h\u00fck\u00fcmlerince yap\u0131lacak olan kadastro \u00e7al\u0131\u015fmalar\u0131nda kadastro ekibinde bilirki\u015fi olarak g\u00f6rev yapmak \u00fczere (6) Alt\u0131 adet bilirki\u015finin Belediyemiz Meclisince belirlenmesi ile ilgili teklifleri g\u00f6r\u00fc\u015f\u00fcld\u00fc.<br \/>\nAdana \u0130li Karaisal\u0131 \u0130l\u00e7esi G\u00dcVEN\u00c7 Mahallesinde 3402 say\u0131l\u0131 Kadastro Kanunu<br \/>\nh\u00fck\u00fcmlerince yap\u0131lacak olan kadastro \u00e7al\u0131\u015fmalar\u0131nda kadastro ekibinde bilirki\u015fi olarak g\u00f6rev yapmak \u00fczere a\u015fa\u011f\u0131da kimlik ve telefon numaral\u0131 ki\u015filerin bilirki\u015fi olarak belirlenmesine oy birli\u011fi ile karar verildi.SIRA NO ADI SOYADI TC NUMARASI TELEFON NUMARASI<br \/>\n1) ADEM GEN\u00c7 1486622XXXX 5363841206<br \/>\n2) AHMET ERDEM 1326727XXXX 5379540877<br \/>\n3) MUSTAFA GEN\u00c7 1483922XXXX 5388488950<br \/>\n4) ADEM \u0130LKBAHARG\u00dcL\u00dc 1280829XXXX 5359598505<br \/>\n5) HACI DURMU\u015e BOLAT 1207931XXXX 5428441843<br \/>\n6) ENVER BOLAT 1212731XXXX 5399763759<\/td>\n<\/tr>\n<tr>\n<td>KARAR 66<\/td>\n<\/tr>\n<tr>\n<td>G\u00fcndemde bulunan madde gere\u011fi ; Belediyemiz mali Hizmetler M\u00fcd\u00fcrl\u00fc\u011f\u00fcn\u00fcn 28\/09\/2018 tarih ve E.3002 say\u0131l\u0131 yaz\u0131lar\u0131nda Belediye Ba\u015fkanl\u0131\u011f\u0131m\u0131z 2019 y\u0131l\u0131 haz\u0131rl\u0131k b\u00fct\u00e7esi gelir ve gider tablosu yaz\u0131m\u0131z ekinde sunulmu\u015f olup, Belediyemiz Meclisince g\u00f6r\u00fc\u015f\u00fclerek onaylanmas\u0131 hususunda Belediyemiz Meclisine havalesini arz ederim. Denilmekte olup, Teklif hakk\u0131nda s\u00f6z isteyen olup, olmad\u0131\u011f\u0131 soruldu. \u00dcyelerden Celalettin S\u00dcRME s\u00f6z ald\u0131. Arkada\u015flar teklifin Plan ve B\u00fct\u00e7e Komisyonu ba\u015fkanl\u0131\u011f\u0131nda m\u00fc\u015fterek komisyonda g\u00f6r\u00fc\u015f\u00fclmek \u00fczere havale edilmesini teklif ediyorum. Dedi. Teklif oylamaya sunuldu. Yap\u0131lan oylama neticesinde teklifin kabul\u00fcne oy birli\u011fi ile karar verildi.<\/td>\n<\/tr>\n<tr>\n<td>KARAR 67<\/td>\n<\/tr>\n<tr>\n<td>G\u00fcndemde bulunan Madde gere\u011fi; Belediyemiz Mali Hizmetler M\u00fcd\u00fcrl\u00fc\u011f\u00fcn\u00fcn 28\/09\/2018 tarih ve E.3004 say\u0131l\u0131 yaz\u0131lar\u0131nda Belediye Ba\u015fkanl\u0131\u011f\u0131m\u0131z 2019 y\u0131l\u0131 Fiyat Tarifelerinin tablosu yaz\u0131m\u0131z ekinde sunulmu\u015f olup, Belediyemiz Meclisince g\u00f6r\u00fc\u015f\u00fclmek \u00fczere havale edilmesini arz ederim. Denilmekte olup, teklif hakk\u0131nda s\u00f6z isteyen olup , olmad\u0131\u011f\u0131 soruldu. \u00dcyelerden Hasan K\u00d6YL\u00dc s\u00f6z ald\u0131. Arkada\u015flar teklifin Plan B\u00fctce ve M\u00fc\u015fterek komisyonda g\u00f6r\u00fc\u015fmek \u00fczere havale edilmesini teklif ediyorum dedi. Teklif oylamaya sunuldu. Yap\u0131lan oylama neticesinde teklifin kabul\u00fcne oy birli\u011fi ile karar verildi.<\/td>\n<\/tr>\n<tr>\n<td>KARAR 68<\/td>\n<\/tr>\n<tr>\n<td>2019 Y\u0131l\u0131 fiyat tarifeleri tek tek okundu.<span style=\"color: #ff0000;\"> <a style=\"color: #ff0000;\" href=\"https:\/\/www.karaisali.bel.tr\/wp-content\/uploads\/2018\/10\/2019-yili-fiyat-tarifeleri.pdf\" target=\"_blank\" rel=\"noopener\">2019 y\u0131l\u0131 fiyat tarifesi i\u00e7in buraya t\u0131klay\u0131n.<\/a><\/span><\/td>\n<\/tr>\n<tr>\n<td>KARAR 69<\/td>\n<\/tr>\n<tr>\n<td>G\u00fcndemde bulunan madde gere\u011fi ; Belediyemiz Plan B\u00fct\u00e7e ve M\u00fc\u015fterek Komisyonunun 2019 y\u0131l\u0131 b\u00fct\u00e7esi ile ilgili 03\/10\/2018 tarih ve 10 nolu komisyon raporunun g\u00f6r\u00fc\u015f\u00fclmesine ge\u00e7ildi. Komisyon Raporunda aynen&#8221;Belediyemiz Meclisince Plan B\u00fct\u00e7e ve M\u00fc\u015fterek Komisyonumuzda g\u00f6r\u00fc\u015f\u00fclmek \u00fczere 02\/10\/2018 tarih ve 66 say\u0131l\u0131 karar\u0131 ile havale edilen; Belediyemiz Mali Hizmetler M\u00fcd\u00fcrl\u00fc\u011f\u00fcn\u00fcn 28\/09\/2018 tarih ve E.3002 Say\u0131l\u0131 yaz\u0131lar\u0131 ekindeki 2019 y\u0131l\u0131 B\u00fct\u00e7esi gelir ve gider tablosu komisyonumuzca g\u00f6r\u00fc\u015f\u00fclmek \u00fczere Belediyemiz Meclis Toplant\u0131 salonunda 03\/10\/2018 tarihinde toplanm\u0131\u015f olup, Komisyonumuzca 2019 Y\u0131l\u0131 B\u00fct\u00e7esi gelir ve gider tablolar\u0131 tek tek incelenerek 30.000.000,00-TL \u2018lik (OTUZM\u0130LYONT\u00dcRKL\u0130RASI) b\u00fct\u00e7enin uygunlu\u011funa, karar\u0131m\u0131z\u0131n Belediyemiz Meclisine sunulmas\u0131na oy birli\u011fi ile karar verildi Denilmekte olup. Okunan komisyon raporu hakk\u0131nda s\u00f6z isteyen olup, olmad\u0131\u011f\u0131 soruldu. s\u00f6z isteyen olmay\u0131nca oylamaya sunuldu. Yap\u0131lan oymama neticesinde 2019 y\u0131l\u0131 Gelir ve Gider B\u00fct\u00e7esinin 30.000.000,00-TL (OTUZM\u0130LYONT\u00dcRKL\u0130RASI) olarak belirlenmesine Oy birli\u011fi ile kabul\u00fcne karar verildi.<\/td>\n<\/tr>\n<\/tbody>\n<\/table>\n","protected":false},"excerpt":{"rendered":"<p>KARAR 64 Adana \u0130li Kadastro M\u00fcd\u00fcrl\u00fc\u011f\u00fcn\u00fcn 20\/09\/2018 tarih ve 17022752-170.02-E.2502420 Say\u0131l\u0131 yaz\u0131lar\u0131nda ; Adana \u0130li Karaisal\u0131 \u0130l\u00e7esi Ba\u015fk\u0131f Mahallesinde 3402 say\u0131l\u0131 Kadastro Kanunu h\u00fck\u00fcmlerince yap\u0131lacak olan kadastro \u00e7al\u0131\u015fmalar\u0131nda kadastro ekibinde bilirki\u015fi olarak g\u00f6rev yapmak \u00fczere (6) Alt\u0131 adet bilirki\u015finin Belediyemiz Meclisince belirlenmesi ile ilgili teklifleri g\u00f6r\u00fc\u015f\u00fcld\u00fc. Adana \u0130li Karaisal\u0131 \u0130l\u00e7esi Ba\u015fk\u0131f Mahallesinde 3402 say\u0131l\u0131 Kadastro [&hellip;]<\/p>\n","protected":false},"author":10,"featured_media":0,"parent":3958,"menu_order":201810,"comment_status":"closed","ping_status":"closed","template":"","meta":{"footnotes":""},"class_list":["post-5920","page","type-page","status-publish","hentry"],"_links":{"self":[{"href":"https:\/\/www.karaisali.bel.tr\/index.php?rest_route=\/wp\/v2\/pages\/5920","targetHints":{"allow":["GET"]}}],"collection":[{"href":"https:\/\/www.karaisali.bel.tr\/index.php?rest_route=\/wp\/v2\/pages"}],"about":[{"href":"https:\/\/www.karaisali.bel.tr\/index.php?rest_route=\/wp\/v2\/types\/page"}],"author":[{"embeddable":true,"href":"https:\/\/www.karaisali.bel.tr\/index.php?rest_route=\/wp\/v2\/users\/10"}],"replies":[{"embeddable":true,"href":"https:\/\/www.karaisali.bel.tr\/index.php?rest_route=%2Fwp%2Fv2%2Fcomments&post=5920"}],"version-history":[{"count":1,"href":"https:\/\/www.karaisali.bel.tr\/index.php?rest_route=\/wp\/v2\/pages\/5920\/revisions"}],"predecessor-version":[{"id":10963,"href":"https:\/\/www.karaisali.bel.tr\/index.php?rest_route=\/wp\/v2\/pages\/5920\/revisions\/10963"}],"up":[{"embeddable":true,"href":"https:\/\/www.karaisali.bel.tr\/index.php?rest_route=\/wp\/v2\/pages\/3958"}],"wp:attachment":[{"href":"https:\/\/www.karaisali.bel.tr\/index.php?rest_route=%2Fwp%2Fv2%2Fmedia&parent=5920"}],"curies":[{"name":"wp","href":"https:\/\/api.w.org\/{rel}","templated":true}]}}