{"id":5659,"date":"2018-09-25T15:00:43","date_gmt":"2018-09-25T12:00:43","guid":{"rendered":"https:\/\/www.karaisali.bel.tr\/?page_id=5659"},"modified":"2018-10-30T10:25:18","modified_gmt":"2018-10-30T07:25:18","slug":"eylul-2018-meclis-kararlari","status":"publish","type":"page","link":"https:\/\/www.karaisali.bel.tr\/?page_id=5659","title":{"rendered":"Eyl\u00fcl 2018 Meclis Kararlar\u0131"},"content":{"rendered":"<table>\n<tbody>\n<tr>\n<td>KARAR 62<\/td>\n<\/tr>\n<tr>\n<td>Belediyemiz Meclisinin 01\/08\/2018 tarih ve 59 nolu karar\u0131 ile komisyonumuza havale edilen teklif Belediyemiz Plan B\u00fct\u00e7e ve M\u00fc\u015fterek Komisyonumuzda g\u00f6r\u00fc\u015f\u00fclmek \u00fczere 28\/08\/2018 tarihinde toplan\u0131ld\u0131.  Belediyemiz Mali Hizmetler M\u00fcd\u00fcrl\u00fc\u011f\u00fcn\u00fcn 01\/08\/2018 tarih ve E.2177 say\u0131l\u0131 yaz\u0131lar\u0131nda ; Belediye Ba\u015fkanl\u0131\u011f\u0131m\u0131zca ger\u00e7ekle\u015ftirilecek olan projeler i\u00e7erisinden 2018 y\u0131l\u0131 \u00c7ukurova Kalk\u0131nma Ajans\u0131 destek program\u0131 kapsam\u0131nda verdi\u011fimiz &#8216;karaisal\u0131 da varda huzur orada &#8216; projemiz kabul edilmi\u015f olup , proje bedeli 1.002.000,00+KDV olup proje beledimizin 650.000-TL ile 700.000-TL aras\u0131nda olup proje bedelinin geri kalan k\u0131sm\u0131 Belediyemizce kar\u015f\u0131lanacakt\u0131r. Ayr\u0131ca \u00c7ukurova Kalk\u0131nma Ajans\u0131na 128.000- TL borcumuzu kapatmak,  kadrolu  3 i\u015f\u00e7i personelin  emeklilik hakk\u0131n\u0131 doldurmas\u0131ndan dolay\u0131 tazminatlar\u0131n\u0131n \u00f6denmesi, GES enerji santraline 600.000-TL harcanmak \u00fczere  ve  muhtelif bor\u00e7lar\u0131m\u0131z\u0131 \u00f6demek \u00fczere 5393 say\u0131l\u0131 Belediye kanununun  68\/d maddesi uyar\u0131nca Belediyemizin 2017 y\u0131l\u0131 ger\u00e7ekle\u015fen geliri 16.761.968,23-TL olup y\u00fczde onu  olan 1.650.000,00-TL (B\u0130RM\u0130LYONALTIY\u00dcZELL\u0130B\u0130NT\u00dcRKL\u0130RASI) \u2018n\u0131n \u0130ller Bankas\u0131 ve di\u011fer bankalardan kredi bor\u00e7lanmas\u0131n\u0131n 3 y\u0131l vade bor\u00e7lanma yetkisi verilmesi    hususun da meclisimizce karar al\u0131nmak \u00fczere havalesini arz ederim. Denilmekte olup, teklif  komisyonumuzca g\u00f6r\u00fc\u015f\u00fcld\u00fc. \u00dcyelerden Rifat K\u00d6RO\u011eLU s\u00f6z ald\u0131. Arkada\u015flar teklifin Ba\u015fkanl\u0131ktan geldi\u011fi gibi kabul edilmesini teklif ediyorum. Dedi. Teklif oylamaya sunuldu. Yap\u0131lan oylama neticesinde teklifin ve bor\u00e7lanman\u0131n reddine (8)  oya (5)  oy kullan\u0131lm\u0131\u015f , (2 oy \u00e7ekimsiz kullan\u0131lm\u0131\u015ft\u0131r.)  bor\u00e7lanma teklifinin reddine oy \u00e7oklu\u011fu ile karar verilmi\u015f olup,  Belediyemiz Meclisine sunulmas\u0131na oy birli\u011fi ile karar verildi. Denilmekte olup, Meclis \u00fcyemizden R\u0131fat K\u00d6RO\u011eLU s\u00f6z ald\u0131. Konuyla ilgili komisyon raporunun reddine ve ba\u015fkanl\u0131\u011f\u0131ndan  geldi\u011fi gibi kabul edilmesini teklif ediyorum. Dedi. Ba\u015fkan s\u00f6z ald\u0131. Teklifi oylamaya sunuyorum Dedi. Teklif oy \u00e7oklu\u011fu ile reddedildi.\n<\/td>\n<\/tr>\n<tr>\n<td>KARAR 63<\/td>\n<\/tr>\n<tr>\n<td>\u00c7ukur mahalle muhtar\u0131. AIhmet KANTAR\u2019\u0131n dilek\u00e7eli talebinin g\u00f6r\u00fc\u015f\u00fclmesine ge\u00e7ildi. Dilek\u00e7eli talebinde aynen  \u0130l\u00e7emiz \u00c7ukur mahallesi Kocaoluk (Galtak)  yaylas\u0131 olarak bilinen yaylam\u0131z\u0131n isminin b\u00f6lgenin konumunu \u00e7a\u011fr\u0131\u015ft\u0131ran \u00d6t\u00fcken Sokak olarak de\u011fi\u015ftirilmesi hususunda  ekte imzas\u0131 bulunan vatanda\u015flar\u0131m\u0131z\u0131n talebi y\u00f6n\u00fcnde d\u00fczenlenmesi hususunda k\u00f6y ihtiyar heyeti olarak gere\u011finin yap\u0131lmas\u0131n\u0131 arz ederim. Denilmekte olup,  Belediye Ba\u015fkan\u0131 ve Meclis Ba\u015fkan\u0131 Saadettin ASLAN s\u00f6z alarak Arkada\u015flar teklifin kabul\u00fcn\u00fc, halk dilinde Galtak Yaylas\u0131 olarak bilinen Kocaoluk Soka\u011f\u0131n isim de\u011fi\u015fikli\u011finin Adana B\u00fcy\u00fck\u015fehir Belediyesi Meclisinde g\u00f6r\u00fc\u015f\u00fclmek \u00fczere teklif edilmesini  oylar\u0131n\u0131za sunuyorum. dedi. Teklif oylamaya sunuldu. Yap\u0131lan oylama neticesinde telifin kabul\u00fcne oy birli\u011fi ile karar verildi. <\/td>\n<\/tr>\n<\/tbody>\n<\/table>\n","protected":false},"excerpt":{"rendered":"<p>KARAR 62 Belediyemiz Meclisinin 01\/08\/2018 tarih ve 59 nolu karar\u0131 ile komisyonumuza havale edilen teklif Belediyemiz Plan B\u00fct\u00e7e ve M\u00fc\u015fterek Komisyonumuzda g\u00f6r\u00fc\u015f\u00fclmek \u00fczere 28\/08\/2018 tarihinde toplan\u0131ld\u0131. Belediyemiz Mali Hizmetler M\u00fcd\u00fcrl\u00fc\u011f\u00fcn\u00fcn 01\/08\/2018 tarih ve E.2177 say\u0131l\u0131 yaz\u0131lar\u0131nda ; Belediye Ba\u015fkanl\u0131\u011f\u0131m\u0131zca ger\u00e7ekle\u015ftirilecek olan projeler i\u00e7erisinden 2018 y\u0131l\u0131 \u00c7ukurova Kalk\u0131nma Ajans\u0131 destek program\u0131 kapsam\u0131nda verdi\u011fimiz &#8216;karaisal\u0131 da varda [&hellip;]<\/p>\n","protected":false},"author":10,"featured_media":0,"parent":3958,"menu_order":201809,"comment_status":"closed","ping_status":"closed","template":"","meta":{"footnotes":""},"class_list":["post-5659","page","type-page","status-publish","hentry"],"_links":{"self":[{"href":"https:\/\/www.karaisali.bel.tr\/index.php?rest_route=\/wp\/v2\/pages\/5659","targetHints":{"allow":["GET"]}}],"collection":[{"href":"https:\/\/www.karaisali.bel.tr\/index.php?rest_route=\/wp\/v2\/pages"}],"about":[{"href":"https:\/\/www.karaisali.bel.tr\/index.php?rest_route=\/wp\/v2\/types\/page"}],"author":[{"embeddable":true,"href":"https:\/\/www.karaisali.bel.tr\/index.php?rest_route=\/wp\/v2\/users\/10"}],"replies":[{"embeddable":true,"href":"https:\/\/www.karaisali.bel.tr\/index.php?rest_route=%2Fwp%2Fv2%2Fcomments&post=5659"}],"version-history":[{"count":0,"href":"https:\/\/www.karaisali.bel.tr\/index.php?rest_route=\/wp\/v2\/pages\/5659\/revisions"}],"up":[{"embeddable":true,"href":"https:\/\/www.karaisali.bel.tr\/index.php?rest_route=\/wp\/v2\/pages\/3958"}],"wp:attachment":[{"href":"https:\/\/www.karaisali.bel.tr\/index.php?rest_route=%2Fwp%2Fv2%2Fmedia&parent=5659"}],"curies":[{"name":"wp","href":"https:\/\/api.w.org\/{rel}","templated":true}]}}