{"id":516,"date":"2015-08-04T11:42:04","date_gmt":"2015-08-04T08:42:04","guid":{"rendered":"http:\/\/www.karaisali.bel.tr\/?page_id=516"},"modified":"2024-11-29T22:39:31","modified_gmt":"2024-11-29T19:39:31","slug":"eski-baskanlar","status":"publish","type":"page","link":"https:\/\/www.karaisali.bel.tr\/?page_id=516","title":{"rendered":"Eski Ba\u015fkanlar"},"content":{"rendered":"\n<div id=\"resimler-dis\">\n<div class=\"resimler-ic\"><img decoding=\"async\" src=\"http:\/\/www.karaisali.bel.tr\/wp-content\/uploads\/eski-baskanlar\/mehmet-gecioglu.jpg\"\/><\/p>\n<h4>Mehmet GE\u00c7\u0130O\u011eLU<\/h4>\n<h5>(1923-1954)<\/h5>\n<\/div>\n<div class=\"resimler-ic\"><img decoding=\"async\" src=\"http:\/\/www.karaisali.bel.tr\/wp-content\/uploads\/eski-baskanlar\/sait-ekici.jpg\"\/><\/p>\n<h4>Sait EK\u0130C\u0130<\/h4>\n<h5>(1954-1960)<\/h5>\n<\/div>\n<div class=\"resimler-ic\"><img decoding=\"async\" src=\"http:\/\/www.karaisali.bel.tr\/wp-content\/uploads\/eski-baskanlar\/ali-durak.jpg\"\/><\/p>\n<h4>Ali DURAK<\/h4>\n<h5>(1963-1973)<\/h5>\n<\/div>\n<div class=\"resimler-ic\"><img decoding=\"async\" src=\"http:\/\/www.karaisali.bel.tr\/wp-content\/uploads\/eski-baskanlar\/hilmi-copuroglu.jpg\"\/><\/p>\n<h4>Hilmi \u00c7OPURO\u011eLU<\/h4>\n<h5>(1973-1978)<\/h5>\n<\/div>\n<div class=\"resimler-ic\"><img decoding=\"async\" src=\"http:\/\/www.karaisali.bel.tr\/wp-content\/uploads\/eski-baskanlar\/ahmet-saban.jpg\"\/><\/p>\n<h4>Ahmet SABAN<\/h4>\n<h5>(1978-1980)<\/h5>\n<\/div>\n<div class=\"resimler-ic\"><img decoding=\"async\" src=\"http:\/\/www.karaisali.bel.tr\/wp-content\/uploads\/eski-baskanlar\/hasan-huseyin-kuscu.jpg\"\/><\/p>\n<h4>Hasan H\u00fcseyin KU\u015e\u00c7U<\/h4>\n<h5>(1984-1999)-(2004-2009)<\/h5>\n<\/div>\n<div class=\"resimler-ic\"><img decoding=\"async\" src=\"http:\/\/www.karaisali.bel.tr\/wp-content\/uploads\/eski-baskanlar\/babacan-durak.jpg\"\/><\/p>\n<h4>Babacan DURAK<\/h4>\n<h5>(1999-2004)-(2009-2014)<\/h5>\n<\/div>\n<div class=\"resimler-ic\"><img decoding=\"async\" src=\"http:\/\/www.karaisali.bel.tr\/wp-content\/uploads\/eski-baskanlar\/saadettin-aslan.jpg\"\/><\/p>\n<h4>Saadettin ASLAN<\/h4>\n<h5>(2014-2024)<\/h5>\n<\/div><\/div>\n","protected":false},"excerpt":{"rendered":"<p>Mehmet GE\u00c7\u0130O\u011eLU (1923-1954) Sait EK\u0130C\u0130 (1954-1960) Ali DURAK (1963-1973) Hilmi \u00c7OPURO\u011eLU (1973-1978) Ahmet SABAN (1978-1980) Hasan H\u00fcseyin KU\u015e\u00c7U (1984-1999)-(2004-2009) Babacan DURAK (1999-2004)-(2009-2014) Saadettin ASLAN (2014-2024)<\/p>\n","protected":false},"author":10,"featured_media":0,"parent":0,"menu_order":0,"comment_status":"closed","ping_status":"closed","template":"","meta":{"footnotes":""},"class_list":["post-516","page","type-page","status-publish","hentry"],"_links":{"self":[{"href":"https:\/\/www.karaisali.bel.tr\/index.php?rest_route=\/wp\/v2\/pages\/516","targetHints":{"allow":["GET"]}}],"collection":[{"href":"https:\/\/www.karaisali.bel.tr\/index.php?rest_route=\/wp\/v2\/pages"}],"about":[{"href":"https:\/\/www.karaisali.bel.tr\/index.php?rest_route=\/wp\/v2\/types\/page"}],"author":[{"embeddable":true,"href":"https:\/\/www.karaisali.bel.tr\/index.php?rest_route=\/wp\/v2\/users\/10"}],"replies":[{"embeddable":true,"href":"https:\/\/www.karaisali.bel.tr\/index.php?rest_route=%2Fwp%2Fv2%2Fcomments&post=516"}],"version-history":[{"count":1,"href":"https:\/\/www.karaisali.bel.tr\/index.php?rest_route=\/wp\/v2\/pages\/516\/revisions"}],"predecessor-version":[{"id":11597,"href":"https:\/\/www.karaisali.bel.tr\/index.php?rest_route=\/wp\/v2\/pages\/516\/revisions\/11597"}],"wp:attachment":[{"href":"https:\/\/www.karaisali.bel.tr\/index.php?rest_route=%2Fwp%2Fv2%2Fmedia&parent=516"}],"curies":[{"name":"wp","href":"https:\/\/api.w.org\/{rel}","templated":true}]}}