{"id":2721,"date":"2016-10-07T09:22:46","date_gmt":"2016-10-07T06:22:46","guid":{"rendered":"https:\/\/www.karaisali.bel.tr\/?page_id=2721"},"modified":"2017-01-02T09:26:00","modified_gmt":"2017-01-02T07:26:00","slug":"aralik-2016-meclis-kararlari","status":"publish","type":"page","link":"https:\/\/www.karaisali.bel.tr\/?page_id=2721","title":{"rendered":"Aral\u0131k 2016 Meclis Kararlar\u0131"},"content":{"rendered":"<table>\n<tbody>\n<tr>\n<td>KARAR 75<\/td>\n<\/tr>\n<tr>\n<td>G\u00fcndemde bulunan madde gere\u011fi; Belediyemiz Yaz\u0131 \u0130\u015fleri M\u00fcd\u00fcrl\u011f\u00fcn\u00fcn 25\/11\/2016 tarih ve 606 say\u0131l\u0131 yaz\u0131lar\u0131nda Belediye ve Ba\u011fl\u0131 Kurulu\u015flar\u0131 ile Mahalli \u0130dare Birlikleri Norm Kadro \u0130lke ve Standartlar\u0131na Dair Y\u00f6netmeli\u011finin 24. maddesi gere\u011fince Belediyemizde 2017 y\u0131l\u0131 i\u00e7erisinde \u00e7al\u0131\u015ft\u0131r\u0131lacak olan ge\u00e7ici i\u015f\u00e7ilere ait vize al\u0131nmas\u0131 i\u00e7in gerekli Meclis Karar\u0131n\u0131n al\u0131nmas\u0131n\u0131 arz ederim. denilmekte olup, teklif hakk\u0131nda s\u00f6z isteyen olup,olmad\u0131\u011f\u0131 soruldu. \u00dcyelerden Abdullah SAKARYA s\u00f6z ald\u0131. Arkada\u015flar teklifin Plan B\u00fct\u00e7e ve M\u00fc\u015fterek komisyonda g\u00f6r\u00fc\u015f\u00fclmek \u00fczere havale edilmesini teklif ediyorum. dedi.  Teklif oylamaya sunuldu. Yap\u0131lan oylama neticesinde kabul\u00fcne oy birli\u011fi ile karar verildi.\n<\/td>\n<\/tr>\n<tr>\n<td>KARAR 76<\/td>\n<\/tr>\n<tr>\n<td>G\u00fcndemde bulunan madde gere\u011fi ; Belediyemiz Yaz\u0131 \u0130\u015eleri M\u00fcd\u00fcrl\u00fc\u011f\u00fcn\u00fcn 28\/11\/2016 tarih ve 609 say\u0131l\u0131 yaz\u0131lar\u0131nda \u0130l\u00e7emize geldi\u011fi g\u00fcnden bu yana gece g\u00fcnd\u00fcz hizmet veren Karaisal\u0131 Kaymakam&#8217;\u0131 Say\u0131n Mehmet TUN\u00c7 Bey&#8217;e yapm\u0131\u015f oldu\u011fu hizmetlerinden dolay\u0131 5393 Say\u0131l\u0131 Belediye Kanununun 18\/r maddesi gere\u011fince Fahri Hem\u015fehrilik Berat\u0131 verilmesi i\u00e7in Belediyemiz Meclisince g\u00f6r\u00fc\u015f\u00fclmek \u00fczere havalesini arz ederim. Denilmekte olup, teklif hakk\u0131nda s\u00f6z isteyen olup, olmad\u0131\u011f\u0131 soruldu. \u00dcyelerden Abdullah SAKARYA s\u00f6z ald\u0131. Arkada\u015flar s\u00f6z konusu verilecek olan Fahri Hem\u015fehrilik Belgesinin il\u00e7emize ge\u00e7mi\u015fte hizmet veren di\u011fer Kaymakamlara ve belirlenecek ki\u015filere toplu olarak verilmek \u00fczere  , teklifin geldi\u011fi m\u00fcd\u00fcrl\u00fc\u011f\u00fcne iade edilmesini teklif ediyorum. Dedi. Teklif oylamaya sunuldu. Yap\u0131lan oylama neticesinde tekifin kabul\u00fcne oy birli\u011fi ile karar verildi.\n<\/td>\n<\/tr>\n<tr>\n<td>KARAR 77<\/td>\n<\/tr>\n<tr>\n<td>G\u00fcndemde bulunan madde gere\u011fi; Karaisal\u0131 Belediyesi olarak \u00c7ukurova Kalk\u0131nma Ajans\u0131na sundu\u011fumuz ve sunacak oldu\u011fumuz Varda (Alman) K\u00f6pr\u00fcs\u00fc \u00e7evresinde yap\u0131lacak olan Turizme y\u00f6nelik \u00e7al\u0131\u015fmalarla ilgili Do\u011frudan Faaliyet Deste\u011fi ve di\u011fer destekler i\u00e7in Proje sunmaya, kabul\u00fc halinde Belediyemizi temsile , ilzama ve s\u00f6zle\u015fme ve faaliyet belgelerini imzalamaya Belediye Ba\u015fkan\u0131m\u0131z Saadettin ASLAN\u2019n\u0131n yetkilendirilmesi i\u00e7in Belediyemiz Meclisine havalesini arz ederim. Denilmekte olup, teklif hakk\u0131nda s\u00f6z isteyen olup, olmad\u0131\u011f\u0131 soruldu. \u00dcyelerden Rifat K\u00d6RO\u011eLU s\u00f6z ald\u0131. Arkada\u015flar teklifin m\u00fcd\u00fcrl\u00fc\u011f\u00fcnden geldi\u011fi gibi kabul edilmesini teklif ediyorum. dedi. Teklif oylamaya sunuldu. Yap\u0131lan oylama neticesinde teklifin kabul\u00fcne  Belediyemizce \u00c7ukurova Kalk\u0131nma Ajans\u0131na sundu\u011fumuz ve sunacak oldu\u011fumuz Varda (Alman) K\u00f6pr\u00fcs\u00fc \u00e7evresinde yap\u0131lacak olan Turizme y\u00f6nelik \u00e7al\u0131\u015fmalarla ilgili Do\u011frudan Faaliyet Deste\u011fi ve di\u011fer destekler i\u00e7in Proje sunmaya, kabul\u00fc halinde Belediyemizi temsile , ilzama ve s\u00f6zle\u015fme ve faaliyet belgelerini imzalamaya Belediye Ba\u015fkan\u0131m\u0131z Saadettin ASLAN\u2019n\u0131n yetkilendirilmesine oy birli\u011fi ile karar verildi.\n<\/td>\n<\/tr>\n<tr>\n<td>KARAR 78<\/td>\n<\/tr>\n<tr>\n<td>G\u00fcndemde bulunan madde gere\u011fi ; Belediyemiz Plan B\u00fct\u00e7e ve M\u00fc\u015fterek komisyonunun 05\/12\/2016 tarih ve 17 nolu 2017 y\u0131l\u0131nda \u00e7al\u0131\u015ft\u0131r\u0131lacak olan ge\u00e7ici i\u015f\u00e7ilere ait vize ile ilgili komisyon raporunun g\u00f6r\u00fc\u015f\u00fclmesine ge\u00e7ildi. Komisyon raporu okundu. Komisyon raporunda aynen \u201c Karaisal\u0131 Belediye Meclisinin 02\/12\/2016 tarih ve 75 say\u0131l\u0131 karar\u0131 ile Belediyemiz Plan B\u00fct\u00e7e ve M\u00fc\u015fterek Komisyonunda g\u00f6r\u00fc\u015f\u00fclmek \u00fczere havale edilen Belediye Ba\u015fkanl\u0131\u011f\u0131m\u0131zca 2017 y\u0131l\u0131 i\u00e7erisinde \u00e7al\u0131\u015ft\u0131r\u0131lacak olan ge\u00e7ici i\u015f\u00e7ilerin belirlenmesi ile ilgili madde komisyonumuzca g\u00f6r\u00fc\u015f\u00fclmek \u00fczere 05\/12\/2016 tarihinde saat 11:00 \u2018da topland\u0131 ve g\u00f6r\u00fc\u015fmeye ba\u015flan\u0131ld\u0131. Komisyonumuzca g\u00f6r\u00fc\u015f\u00fclme neticesinde Belediyeler ve Mahalli \u0130dare Birliklerinde kullan\u0131lacak ge\u00e7ici i\u015f pozisyonlar\u0131 bu kurum ve kurulu\u015flar i\u00e7in norm kadro standartlar\u0131 cetvellerinde belirlenen memur norm kadro standard\u0131 toplam\u0131n\u0131n y\u00fczde yirmisini ge\u00e7memek \u00fczere bulunacak say\u0131n\u0131n yuvarlanmas\u0131 ve tam y\u0131l esas\u0131na g\u00f6re hesaplanmas\u0131 sonucu adam\/ay say\u0131s\u0131na g\u00f6re meclis taraf\u0131ndan y\u0131ll\u0131k olarak belirlenir. Denilmekte olup, ilgili y\u00f6netmelik gere\u011fince yap\u0131lan hesaplama neticesinde Belediyemizde 166 adet memur kadrosu bulundu\u011fundan 166&#215;20\/100= 34 34&#215;12=408 adam\/ay yapmakta oldu\u011fu hesaplanm\u0131\u015f olup, komisyonumuzca yap\u0131lan de\u011ferlendirme sonucunda 2017 y\u0131l\u0131nda belediyemizde \u00e7al\u0131\u015ft\u0131r\u0131lacak olan ge\u00e7ici i\u015f\u00e7ilerin 34&#215;12=408 adam\/ay olarak vize verilmesine oy birli\u011fi ile karar verildi.  Denilmekte olup, okunan komisyon raporu hakk\u0131nda s\u00f6z isteyen olup, olmad\u0131\u011f\u0131 soruldu.Okunan komisyon raporu oylamaya sunuldu. Yap\u0131lan oylama neticesinde komisyon raporunun komisyondan geldi\u011fi gibi kabul edilmesine oy birli\u011fi ile karar verildi.\n<\/td>\n<\/tr>\n<tr>\n<td>KARAR 78<\/td>\n<\/tr>\n<tr>\n<td>G\u00fcndemde bulunan madde gere\u011fi: Belediyemiz Mali Hizmetler M\u00fcd\u00fcrl\u00fc\u011f\u00fcn\u00fcn 28\/11\/2016 tarih ve 200 say\u0131l\u0131 yaz\u0131lar\u0131nda 2016 y\u0131l\u0131 b\u00fct\u00e7esinde yer alan harcama kalemlerinden   635.000-TL (ALTIY\u00dcZOTUZBE\u015eB\u0130NT\u00dcRKL\u0130RASI) b\u00fct\u00e7e aktar\u0131m\u0131 ile ilgili tablo tanzim edilerek yaz\u0131m\u0131z ekinde sunulmu\u015ftur. 5393 say\u0131l\u0131 Belediye kanununun 18\/b maddesi uyar\u0131nca b\u00fct\u00e7e aktarma i\u015flemlerinin yap\u0131lmas\u0131 i\u00e7in Belediyemiz Meclisinde g\u00f6r\u00fc\u015f\u00fclmek \u00fczere havalesini arz ederim. Denilmekte olup, Teklif hakk\u0131nda s\u00f6z isteyen olup, olmad\u0131\u011f\u0131 soruldu.  Teklif oylamaya sunuldu, Yap\u0131lan oylama neticesinde teklifin m\u00fcd\u00fcrl\u00fc\u011f\u00fcnden geldi\u011fi gibi kabul\u00fcne oy birli\u011fi ile karar verildi.\n<\/td>\n<\/tr>\n<\/tbody>\n<\/table>\n","protected":false},"excerpt":{"rendered":"<p>KARAR 75 G\u00fcndemde bulunan madde gere\u011fi; Belediyemiz Yaz\u0131 \u0130\u015fleri M\u00fcd\u00fcrl\u011f\u00fcn\u00fcn 25\/11\/2016 tarih ve 606 say\u0131l\u0131 yaz\u0131lar\u0131nda Belediye ve Ba\u011fl\u0131 Kurulu\u015flar\u0131 ile Mahalli \u0130dare Birlikleri Norm Kadro \u0130lke ve Standartlar\u0131na Dair Y\u00f6netmeli\u011finin 24. maddesi gere\u011fince Belediyemizde 2017 y\u0131l\u0131 i\u00e7erisinde \u00e7al\u0131\u015ft\u0131r\u0131lacak olan ge\u00e7ici i\u015f\u00e7ilere ait vize al\u0131nmas\u0131 i\u00e7in gerekli Meclis Karar\u0131n\u0131n al\u0131nmas\u0131n\u0131 arz ederim. denilmekte olup, teklif [&hellip;]<\/p>\n","protected":false},"author":10,"featured_media":0,"parent":1499,"menu_order":201612,"comment_status":"closed","ping_status":"closed","template":"","meta":{"footnotes":""},"class_list":["post-2721","page","type-page","status-publish","hentry"],"_links":{"self":[{"href":"https:\/\/www.karaisali.bel.tr\/index.php?rest_route=\/wp\/v2\/pages\/2721","targetHints":{"allow":["GET"]}}],"collection":[{"href":"https:\/\/www.karaisali.bel.tr\/index.php?rest_route=\/wp\/v2\/pages"}],"about":[{"href":"https:\/\/www.karaisali.bel.tr\/index.php?rest_route=\/wp\/v2\/types\/page"}],"author":[{"embeddable":true,"href":"https:\/\/www.karaisali.bel.tr\/index.php?rest_route=\/wp\/v2\/users\/10"}],"replies":[{"embeddable":true,"href":"https:\/\/www.karaisali.bel.tr\/index.php?rest_route=%2Fwp%2Fv2%2Fcomments&post=2721"}],"version-history":[{"count":0,"href":"https:\/\/www.karaisali.bel.tr\/index.php?rest_route=\/wp\/v2\/pages\/2721\/revisions"}],"up":[{"embeddable":true,"href":"https:\/\/www.karaisali.bel.tr\/index.php?rest_route=\/wp\/v2\/pages\/1499"}],"wp:attachment":[{"href":"https:\/\/www.karaisali.bel.tr\/index.php?rest_route=%2Fwp%2Fv2%2Fmedia&parent=2721"}],"curies":[{"name":"wp","href":"https:\/\/api.w.org\/{rel}","templated":true}]}}