{"id":2442,"date":"2016-07-20T11:52:38","date_gmt":"2016-07-20T08:52:38","guid":{"rendered":"https:\/\/www.karaisali.bel.tr\/?page_id=2442"},"modified":"2016-08-08T14:07:51","modified_gmt":"2016-08-08T11:07:51","slug":"temmuz-2016-meclis-kararlari","status":"publish","type":"page","link":"https:\/\/www.karaisali.bel.tr\/?page_id=2442","title":{"rendered":"Temmuz 2016 Meclis Kararlar\u0131"},"content":{"rendered":"<table>\n<tbody>\n<tr>\n<td>KARAR 52<\/td>\n<\/tr>\n<tr>\n<td>G\u00fcndemde bulunan madde gere\u011fi ; Belediyemiz Fen \u0130\u015fleri M\u00fcd\u00fcrl\u00fc\u011f\u00fcn\u00fcn 09\/06\/2016 tarih ve 666 say\u0131l\u0131 yaz\u0131lar\u0131 ekinde g\u00f6nderilen Karaisal\u0131 il\u00e7esi Demir\u00e7it Mahallesi 48,49,126 ve 127 no lu parseller i\u00e7in haz\u0131rlanm\u0131\u015f 1\/1000 \u00f6l\u00e7ekli uygulama imar plan\u0131n\u0131n g\u00f6r\u00fc\u015f\u00fclmesi ve onaylanmas\u0131 ile ilgili teklifin g\u00f6r\u00fc\u015f\u00fclmesine ge\u00e7ildi. Teklifte aynen \u201c Adana \u0130li Karaisal\u0131 \u0130l\u00e7esi Demir\u00e7it mahallesi 48,49,126,127 no lu parseller i\u00e7in haz\u0131rlanm\u0131\u015f 1\/5000 \u00f6l\u00e7ekli Naz\u0131m imar plan\u0131 de\u011fi\u015fikli\u011fine ait teklif Adana B\u00fcy\u00fck\u015fehir Belediyesi Meclisinin 10.02.2016 Tarih ve 32 say\u0131l\u0131 karar\u0131 ile onaylanm\u0131\u015f olup, 1\/5000 \u00f6l\u00e7ekli Naz\u0131m imar plan\u0131na uygun olarak Demir\u00e7it Mahallesi 48,49,126,127 no lu parseller i\u00e7in 1\/1000 \u00f6l\u00e7ekli uygulama imar plan\u0131 haz\u0131rlanm\u0131\u015ft\u0131r.1\/1000 \u00f6l\u00e7ekli uygulama imar plan\u0131n\u0131n Belediyemiz Meclisinde g\u00f6r\u00fc\u015f\u00fcl\u00fcp karar al\u0131nmas\u0131 hususunda; gere\u011fini arz ederim. Denilmekte olup, teklif hakk\u0131nda s\u00f6z isteyen olup, olmad\u0131\u011f\u0131 soruldu. \u00dcyelerden Rifat K\u00d6RO\u011eLU s\u00f6z ald\u0131. Arkada\u015flar g\u00fcndem maddesinin \u0130mar ve \u015eehircilik Komisyonu Ba\u015fkanl\u0131\u011f\u0131nda m\u00fc\u015fterek komisyona havalesini teklif ediyorum. Dedi. Teklif oylamaya sunuldu. Yap\u0131lan oylama neticesinde teklifin kabul\u00fcne oy birli\u011fi ile karar verildi.<\/td>\n<\/tr>\n<tr>\n<td>KARAR 53<\/td>\n<\/tr>\n<tr>\n<td>G\u00fcndemde bulunan madde gere\u011fi ; Belediyemiz Fen \u0130\u015fleri M\u00fcd\u00fcrl\u00fc\u011f\u00fcn\u00fcn 30\/06\/2016 tarih ve 724 say\u0131l\u0131 yaz\u0131lar\u0131 ile Karaisal\u0131 il\u00e7esi Nergizlik Mahallesi 228 ve 229 nolu parseller i\u00e7in haz\u0131rlanm\u0131\u015f 1\/1000 \u00f6l\u00e7ekli uygulama imar plan\u0131n\u0131n g\u00f6r\u00fc\u015f\u00fclmesi ve onaylanmas\u0131 ile ilgili teklifin g\u00f6r\u00fc\u015f\u00fclmesine ge\u00e7ildi. Teklifte aynen \u201cAdana \u0130li Karaisal\u0131 \u0130l\u00e7esi Nergizlik mahallesi 228 ve 229 parsellerde GES ( G\u00fcne\u015f enerjisi Santrali) i\u00e7in haz\u0131rlanm\u0131\u015f olan 1\/5000 \u00f6l\u00e7ekli Naz\u0131m imar plan\u0131 Adana B\u00fcy\u00fck\u015fehir Belediyesi Meclisince 11.06.2015 Tarih ve 197 say\u0131l\u0131 karar\u0131 ile onaylanm\u0131\u015f olup, 1\/5000 \u00f6l\u00e7ekli Naz\u0131m imar plan\u0131na uygun olarak haz\u0131rlanm\u0131\u015f olan 1\/1000 \u00f6l\u00e7ekli Uygulama imar plan\u0131n\u0131n Belediyemiz Meclisinde g\u00f6r\u00fc\u015f\u00fclerek karar al\u0131nmas\u0131 hususunda gere\u011fini arz ederim. Denilmekte olup, teklif hakk\u0131nda s\u00f6z isteyen olup, olmad\u0131\u011f\u0131 soruldu. \u00dcyelerden Rifat K\u00d6RO\u011eLU s\u00f6z ald\u0131. Arkada\u015flar g\u00fcndem maddesinin \u0130mar ve \u015eehircilik Komisyonu Ba\u015fkanl\u0131\u011f\u0131nda m\u00fc\u015fterek komisyona havalesini teklif ediyorum. Dedi. Teklif oylamaya sunuldu. Yap\u0131lan oylama neticesinde teklifin kabul\u00fcne oy birli\u011fi ile karar verildi.<\/td>\n<\/tr>\n<tr>\n<td>KARAR 54<\/td>\n<\/tr>\n<tr>\n<td>G\u00fcndemde bulunan madde gere\u011fi; Belediyemiz Fen \u0130\u015fleri M\u00fcd\u00fcrl\u00fc\u011f\u00fcn\u00fcn 11\/07\/2016 tarih ve 727 say\u0131l\u0131 yaz\u0131lar\u0131nda \u201cKaraisal\u0131 il\u00e7esi Kuzgun Mahallesi 281 ada 4 parsel i\u00e7in haz\u0131rlanm\u0131\u015f 1\/1000 \u00f6l\u00e7ekli uygulama imar plan\u0131 m\u00fczekkere ekinde sunulmu\u015f olup, Belediyemiz Meclisince g\u00f6r\u00fc\u015f\u00fclmek \u00fczere havalesini arz ederim. Denilmekte olup, teklif hakk\u0131nda s\u00f6z isteyen olup, olmad\u0131\u011f\u0131 soruldu.<br \/>\n\u00dcyelerden Rifat K\u00d6RO\u011eLU s\u00f6z ald\u0131. Arkada\u015flar g\u00fcndem maddesinin \u0130mar ve \u015eehircilik Komisyonu Ba\u015fkanl\u0131\u011f\u0131nda m\u00fc\u015fterek komisyona havalesini teklif ediyorum. Dedi. Teklif oylamaya sunuldu. Yap\u0131lan oylama neticesinde teklifin kabul\u00fcne oy birli\u011fi ile karar verildi<\/td>\n<\/tr>\n<tr>\n<td>KARAR 55<\/td>\n<\/tr>\n<tr>\n<td>G\u00fcndemde bulunan madde gere\u011fi ; Belediyemiz \u0130mar \u015eehircilik ve M\u00fc\u015fterek Komisyonunun Karaisal\u0131 il\u00e7esi Demir\u00e7it Mahallesi 48,49,126 ve 127 nolu parseller i\u00e7in haz\u0131rlanm\u0131\u015f 1\/1000 \u00f6l\u00e7ekli uygulama imar plan\u0131 ile ilgili komisyon raporunun g\u00f6r\u00fc\u015f\u00fclmesine ge\u00e7ildi. Raporda aynen\u201d Belediyemiz \u0130mar \u015eehircilik ve M\u00fc\u015fterek Komisyonu, Belediyemiz Meclisinin 11\/07\/2016 tarih ve 52 say\u0131l\u0131 Karar\u0131 ile komisyonumuza havale edilen ; Karaisal\u0131 il\u00e7esi Demir\u00e7it mahallesi s\u0131n\u0131rlar\u0131 i\u00e7erisinde 48,49,126,127 parsellere ait 1\/1000 \u00f6l\u00e7ekli imar plan\u0131n\u0131n g\u00f6r\u00fc\u015f\u00fclmesi i\u00e7in komisyonumuz 12-13-14\/07\/2016 tarihlerinde toplanm\u0131\u015f olup;<br \/>\nBelediyemiz, Demir\u00e7it mahallesi s\u0131n\u0131rlar\u0131 i\u00e7erisinde , N34-d-01-c ve N34-d-01-d 1\/5000 \u00f6l\u00e7ekli Naz\u0131m \u0130mar Plan paftalar\u0131 ve N33-c-05-c-2-c , N34-d-01-d-1-d, N34-d-01-d-1-c, N18-b-11-c-4-b, 1\/1000 \u00f6l\u00e7ekli uygulama imar plan\u0131 paftalar\u0131nda bulunan 0 ada 48,49,126,127 parsellerin G\u00fcne\u015f Enerjisi elektrik \u00fcretim santrali olarak planlanmas\u0131na ili\u015fkin 1\/1000 \u00f6l\u00e7ekli Uygulama \u0130mar Plan\u0131 haz\u0131rland\u0131\u011f\u0131 tespit edilmi\u015ftir.<br \/>\nAdana B\u00fcy\u00fck\u015fehir Belediye Meclisinin 10.02.2016 tarih ve 32 say\u0131l\u0131 karar\u0131 ile onaylanan 1\/5000 \u00d6l\u00e7ekli Naz\u0131m \u0130mar Plan\u0131na g\u00f6re incelenmi\u015f olup, Yenilenebilir Enerji Kaynaklar\u0131na Dayal\u0131 \u00dcretim Tesisi Alan\u0131 (GES) olarak tesis edilmesi. Bu parsellerin kuzey b\u00f6l\u00fcm\u00fcnde 150-1150 mt mesafeler aras\u0131nda maden oca\u011f\u0131 ruhsat\u0131 oldu\u011fundan maden oca\u011f\u0131n\u0131n \u00e7al\u0131\u015fmas\u0131n\u0131 g\u00f6z \u00f6n\u00fcne al\u0131narak herhangi bir itiraz\u0131n yap\u0131lmamas\u0131 ko\u015fulu ile imar komisyonumuzca uygun g\u00f6r\u00fc\u015f\u00fclm\u00fc\u015ft\u00fcr.<br \/>\n5393 say\u0131l\u0131 Belediye Kanununun 18\/c maddesine g\u00f6re Belediyemiz Meclisinde g\u00f6r\u00fc\u015f\u00fclerek karar verilmek \u00fczere i\u015f bu rapor taraf\u0131m\u0131zca d\u00fczenlenmi\u015f olup, Belediyemiz Meclisine sunulmas\u0131na oy birli\u011fi ile karar verildi. Denilmekte olup, komisyon raporu hakk\u0131nda s\u00f6z isteyen olup, olmad\u0131\u011f\u0131 soruldu. \u00dcyelerden Mustafa EK\u0130C\u0130 s\u00f6z ald\u0131. Arkada\u015flar okunan komisyon raporunun komisyondan geldi\u011fi gibi kabul edilmesini teklif ediyorum. Dedi. Teklif oylamaya sunuldu. Yap\u0131lan oylama neticesinde kabul\u00fcne oy birli\u011fi ile karar verildi.<\/td>\n<\/tr>\n<tr>\n<td>KARAR 56<\/td>\n<\/tr>\n<tr>\n<td>G\u00fcndemde bulunan madde gere\u011fi ;Belediyemiz Mali Hizmetler M\u00fcd\u00fcrl\u00fc\u011f\u00fcn\u00fcn 14\/07\/2016 tarih ve 113 sayl\u0131 yaz\u0131lar\u0131nda Belediyemiz Akaryak\u0131t \u0130stasyonuna LPG (otogaz) al\u0131m\u0131nda kullan\u0131lmak \u00fczere 50.000-TL (ELL\u0130B\u0130NT\u00dcRKL\u0130RASI) lik teminat mektubu al\u0131nmas\u0131 ve Belediye Ba\u015fkan\u0131 Saadettin ASLAN a yetki verilmesi ile ilgili teklif okundu. Teklif hakk\u0131nda s\u00f6z isteyen olup, olmad\u0131\u011f\u0131 soruldu. \u00dcyelerden Cumali I\u015eIL s\u00f6z ald\u0131. Arkada\u015flar teklifin m\u00fcd\u00fcrl\u00fc\u011f\u00fcnden geldi\u011fi gibi kabul\u00fcn\u00fc teklif ediyorum. Dedi. Teklif oylamaya sunuldu. Yap\u0131lan oylama neticesinde Belediyemiz Akaryak\u0131t \u0130stasyonuna LPG (otogaz) al\u0131m\u0131nda kullan\u0131lmak \u00fczere 50.000-TL (ELL\u0130B\u0130NT\u00dcRKL\u0130RASI) lik teminat mektubu al\u0131nmas\u0131 ve Belediye Ba\u015fkan\u0131 Saadettin ASLAN a yetki verilmesi ile ilgili teklifin kabul\u00fcne oy birli\u011fi ile karar verildi.<\/td>\n<\/tr>\n<tr>\n<td>KARAR 57<\/td>\n<\/tr>\n<tr>\n<td>G\u00fcndem d\u0131\u015f\u0131 g\u00fcndeme al\u0131nan madde gere\u011fi; Belediye Ba\u015fkan Yard\u0131mc\u0131s\u0131 Recep AK\u2019\u0131n g\u00fcndem d\u0131\u015f\u0131 vermi\u015f oldu\u011fu teklifi Belediyemiz Meclis Katibi Hasan K\u00d6YL\u00dc taraf\u0131ndan okundu. Teklifte aynen \u201c 07\/01\/2016 tarih ve 2016-23 say\u0131l\u0131 Meclis Karar\u0131 ile Belediye Ba\u015fkanl\u0131\u011f\u0131m\u0131z hizmetlerinde kullan\u0131lmak \u00fczere 2 adet lastik tekerlekli kaz\u0131c\u0131 y\u00fckleyici ile ata\u015fmanlar\u0131, 1 adet paletli ekskavat\u00f6r ile ata\u015fmanlar\u0131, 1 adet araz\u00f6z, 3 adet hidrolik k\u0131r\u0131c\u0131 , 1 adet \u00e7ok ama\u00e7l\u0131 k\u00fc\u00e7\u00fck silindir, 2 adet s\u0131k\u0131\u015ft\u0131rmal\u0131 \u00e7\u00f6p kamyonu ve 2 adet mobil yol s\u00fcp\u00fcrgesi al\u0131m\u0131 i\u015finde kullan\u0131lmak \u00fczere \u0130ller Bankas\u0131 A.\u015e. den kredi kullan\u0131lmas\u0131 , krediye konu i\u015fle ilgili her t\u00fcrl\u00fc i\u015flemi yapmaya Belediye Ba\u015fkan\u0131 Saadettin ASLAN\u2019\u0131 yetkilendirilmi\u015ftir. denilmekte iken , Belediyemiz hizmetlerinde kullan\u0131lmak \u00fczere ba\u015fka ara\u00e7lara da ihtiya\u00e7 duyuldu\u011fundan 07\/01\/2016 tarih ve 2016-23 say\u0131l\u0131 Meclis Karar\u0131n\u0131n iptal edilerek 1 adet hidrolik k\u0131r\u0131c\u0131, 1 adet \u00e7ok amacl\u0131 silindir, 1 adet mobil yol s\u00fcp\u00fcrge arac\u0131, 1 adet kompres\u00f6r, al\u0131m\u0131ndan vazge\u00e7ilmi\u015f olup, bunlar\u0131n yerine , 1 adet damperli kamyon, 1 adet araz\u00f6z, 2 adet \u00e7ift kabinli pikap, 1 adet \u00e7ift kabin kamyonet, 2 adet caml\u0131 koltuklu kamyonet al\u0131nmas\u0131 ayr\u0131ca 2 adet lastik tekerlekli kaz\u0131c\u0131 y\u00fckleyici ve ata\u015fmanlar\u0131 , 1 adet paletli ekskavat\u00f6r ile ata\u015fmanlar\u0131 ,1 adet paletli ekskavat\u00f6r hidrolik k\u0131r\u0131c\u0131, 1 adet kaz\u0131c\u0131 y\u00fckleyici i\u015f makinesi hidrolik k\u0131r\u0131c\u0131s\u0131, 2 adet s\u0131k\u0131\u015ft\u0131rmal\u0131 \u00e7\u00f6p kamyonu, 1 adet mobil yol s\u00fcp\u00fcrgesinin \u0130ller Bankas\u0131 taraf\u0131ndan Belediye Ba\u015fkanl\u0131\u011f\u0131m\u0131za verilecek olan krediyi a\u015fmamak kayd\u0131 ile yeniden Meclis karar\u0131 al\u0131nmas\u0131 hususunda gere\u011fini arz ederim. Denilmekte olup, teklif hakk\u0131nda s\u00f6z isteyen olup, olmad\u0131\u011f\u0131 soruldu. Rifat K\u00d6RO\u011eLU s\u00f6z ald\u0131. Teklifin M\u00fcd\u00fcrl\u00fc\u011f\u00fcnden geldi\u011fi gibi , Ba\u015fkanl\u0131\u011f\u0131ndan geldi\u011fi gibi kabul edilmesini, 1 adet damperli kamyon, 1 adet araz\u00f6z, 2 adet \u00e7ift kabinli pikap, 1 adet \u00e7ift kabin kamyonet, 2 adet caml\u0131 koltuklu kamyonet , 2 adet lastik tekerlekli kaz\u0131c\u0131 y\u00fckleyici ve ata\u015fmanlar\u0131 , 1 adet paletli ekskavat\u00f6r ile ata\u015fmanlar\u0131 ,1 adet paletli ekskavat\u00f6r hidrolik k\u0131r\u0131c\u0131, 1 adet kaz\u0131c\u0131 y\u00fckleyici i\u015f makinesi hidrolik k\u0131r\u0131c\u0131s\u0131, 2 adet s\u0131k\u0131\u015ft\u0131rmal\u0131 \u00e7\u00f6p kamyonu, 1 adet mobil yol s\u00fcp\u00fcrgesinin \u0130ller Bankas\u0131 taraf\u0131ndan Belediye Ba\u015fkanl\u0131\u011f\u0131m\u0131za verilecek olan krediyi a\u015fmamak kayd\u0131 ile sat\u0131n al\u0131nmas\u0131na ,<br \/>\n07\/01\/2016 tarih ve 23 say\u0131l\u0131 Meclis Karar\u0131n\u0131n iptal edilmesine,<br \/>\nSat\u0131n al\u0131ncak olan ara\u00e7 ve i\u015f makineleri i\u00e7in krediye konu i\u015fle ilgili her t\u00fcrl\u00fc i\u015flemi yapmaya Belediye Ba\u015fkan\u0131 Saadettin ASLAN\u2019\u0131n yetkilendirilmesini teklif ediyorum. Dedi. Oylama yap\u0131ld\u0131. Teklifin kabul\u00fcne oy birli\u011fi ile karar verildi.<\/td>\n<\/tr>\n<\/tbody>\n<\/table>\n","protected":false},"excerpt":{"rendered":"<p>KARAR 52 G\u00fcndemde bulunan madde gere\u011fi ; Belediyemiz Fen \u0130\u015fleri M\u00fcd\u00fcrl\u00fc\u011f\u00fcn\u00fcn 09\/06\/2016 tarih ve 666 say\u0131l\u0131 yaz\u0131lar\u0131 ekinde g\u00f6nderilen Karaisal\u0131 il\u00e7esi Demir\u00e7it Mahallesi 48,49,126 ve 127 no lu parseller i\u00e7in haz\u0131rlanm\u0131\u015f 1\/1000 \u00f6l\u00e7ekli uygulama imar plan\u0131n\u0131n g\u00f6r\u00fc\u015f\u00fclmesi ve onaylanmas\u0131 ile ilgili teklifin g\u00f6r\u00fc\u015f\u00fclmesine ge\u00e7ildi. Teklifte aynen \u201c Adana \u0130li Karaisal\u0131 \u0130l\u00e7esi Demir\u00e7it mahallesi 48,49,126,127 no [&hellip;]<\/p>\n","protected":false},"author":10,"featured_media":0,"parent":1499,"menu_order":201607,"comment_status":"closed","ping_status":"closed","template":"","meta":{"footnotes":""},"class_list":["post-2442","page","type-page","status-publish","hentry"],"_links":{"self":[{"href":"https:\/\/www.karaisali.bel.tr\/index.php?rest_route=\/wp\/v2\/pages\/2442","targetHints":{"allow":["GET"]}}],"collection":[{"href":"https:\/\/www.karaisali.bel.tr\/index.php?rest_route=\/wp\/v2\/pages"}],"about":[{"href":"https:\/\/www.karaisali.bel.tr\/index.php?rest_route=\/wp\/v2\/types\/page"}],"author":[{"embeddable":true,"href":"https:\/\/www.karaisali.bel.tr\/index.php?rest_route=\/wp\/v2\/users\/10"}],"replies":[{"embeddable":true,"href":"https:\/\/www.karaisali.bel.tr\/index.php?rest_route=%2Fwp%2Fv2%2Fcomments&post=2442"}],"version-history":[{"count":0,"href":"https:\/\/www.karaisali.bel.tr\/index.php?rest_route=\/wp\/v2\/pages\/2442\/revisions"}],"up":[{"embeddable":true,"href":"https:\/\/www.karaisali.bel.tr\/index.php?rest_route=\/wp\/v2\/pages\/1499"}],"wp:attachment":[{"href":"https:\/\/www.karaisali.bel.tr\/index.php?rest_route=%2Fwp%2Fv2%2Fmedia&parent=2442"}],"curies":[{"name":"wp","href":"https:\/\/api.w.org\/{rel}","templated":true}]}}