{"id":1504,"date":"2016-01-12T20:36:11","date_gmt":"2016-01-12T18:36:11","guid":{"rendered":"https:\/\/www.karaisali.bel.tr\/?page_id=1504"},"modified":"2016-01-13T09:25:44","modified_gmt":"2016-01-13T07:25:44","slug":"aralik-2015-meclis-kararlari","status":"publish","type":"page","link":"https:\/\/www.karaisali.bel.tr\/?page_id=1504","title":{"rendered":"Aral\u0131k 2015 Meclis Kararlar\u0131"},"content":{"rendered":"<table>\n<tbody>\n<tr>\n<td>KARAR 85<\/td>\n<\/tr>\n<tr>\n<td>G\u00fcndemde bulunan madde gere\u011fi; Belediyemiz Yaz\u0131 \u0130\u015fleri M\u00fcd\u00fcrl\u00fc\u011f\u00fcn\u00fcn 28\/11\/2015 tarih ve 842 say\u0131l\u0131 yaz\u0131lar\u0131nda  2016 y\u0131l\u0131 i\u00e7erisinde \u00e7al\u0131\u015ft\u0131r\u0131lacak olan ge\u00e7ici i\u015f\u00e7ilere ait vize teklifinin g\u00f6r\u00fc\u015f\u00fclmesine ge\u00e7ildi. Teklifte aynen&#8221; Belediye ve Ba\u011fl\u0131 Kurulu\u015flar\u0131 ile Mahalli idare birlikleri norm kadro ilke ve standartlar\u0131na dair  y\u00f6netmeli\u011finin 24. Maddesi gere\u011fince Belediyemizde 2016 y\u0131l\u0131 i\u00e7erisinde \u00e7al\u0131\u015ft\u0131r\u0131lacak olan ge\u00e7ici i\u015f\u00e7ilere ait vize al\u0131nmas\u0131 i\u00e7in gerekli Meclis Karar\u0131n\u0131n al\u0131nmas\u0131n\u0131 arz ederim. Denilmekte olup, teklif hakk\u0131nda s\u00f6z isteyen olup, olmad\u0131\u011f\u0131 soruldu. \u00dcyelerden Abdullah SAKARYA s\u00f6z ald\u0131. Arkada\u015flar teklifin Plan B\u00fct\u00e7e Komisyonu ba\u015fkanl\u0131\u011f\u0131nda m\u00fc\u015fterek komisyonda g\u00f6r\u00fc\u015fmek \u00fczere havale edilmesini teklifi ediyorum. Dedi. Teklif oylamaya sunuldu. Yap\u0131lan oylama neticesinde teklifin kabul\u00fcne oy birli\u011fi ile karar verildi.<\/td>\n<\/tr>\n<tr>\n<td>KARAR 86<\/td>\n<\/tr>\n<tr>\n<td>G\u00fcndemde Bulunan Madde Gere\u011fi; Belediyemiz Sosyal  Yard\u0131m \u0130\u015fleri M\u00fcd\u00fcrl\u00fc\u011f\u00fcn\u00fcn  Bay\u0131r Bucak T\u00fcrkleri&#8217;ne yap\u0131lacak olan ayni ve nakti yard\u0131m ile ilgili teklifin g\u00f6r\u00fc\u015f\u00fclmesine ge\u00e7ildi. 27\/11\/2015 tarih ve 840 say\u0131l\u0131 yaz\u0131lar\u0131nda &#8220;Belediyemiz Sosyal Yard\u0131m \u0130\u015fleri M\u00fcd\u00fcrl\u00fc\u011f\u00fc olarak Suriye ve Irak S\u0131n\u0131rlar\u0131 i\u00e7erisinde sald\u0131r\u0131 ve zul\u00fcm alt\u0131nda bulunan T\u00fcrkmen Karde\u015flerimiz i\u00e7in 05\/12\/2015- 01\/09\/2015 tarihleri aras\u0131nda Cumhuriyet Caddesi Beldiye Aile \u00c7ay Bah\u00e7esinde ayni yard\u0131m toplama kampanyas\u0131 (Battaniye, yatak, yorgan, k\u0131yafet, ayakkab\u0131, g\u0131da, ila\u00e7, su, vb. ) d\u00fczenlenmesi i\u00e7in gerekli olurlar\u0131n verilmesi ve yard\u0131m toplama kampanyas\u0131 i\u00e7in Belediyemizden bir personel g\u00f6revlendirilmesi ayr\u0131ca maddi yard\u0131m yap\u0131labilmesi amac\u0131yla Belediye Ba\u015fkan\u0131 Saadettin ASLAN&#8217;a yetki verilmesi hususunda evrak\u0131n Meclise havalesini arz ederim. denilmekte olup, teklif hakk\u0131nda s\u00f6z isteyen olup olmad\u0131\u011f\u0131 soruldu. Meclis \u00dcyelerinde Abdullah SAKARYA s\u00f6z ald\u0131. Benim teklifim Belediyemizce 10.000 TL ye kadar  nakti yard\u0131m yap\u0131lmas\u0131na ayr\u0131ca ayni ve nakti yard\u0131m toplanmas\u0131na , yap\u0131lacak olan yard\u0131m i\u00e7in Belediye Ba\u015fkan\u0131 Saaddettin ASLAN\u2019a yetki verilmesini teklif ediyorum. Dedi. Teklif hakk\u0131nda s\u00f6z isteyen olup, olmad\u0131\u011f\u0131 soruldu. Yap\u0131lan oylama neticesinde teklifin kabul\u00fcne oy birli\u011fi ile karar verildi.\n<\/td>\n<\/tr>\n<tr>\n<td>KARAR 87<\/td>\n<\/tr>\n<tr>\n<td>G\u00fcndemde bulunan madde gere\u011fi ; Belediyemiz Plan B\u00fctce ve M\u00fc\u015fterek Komisyonunun 2016 y\u0131l\u0131 i\u00e7erisinde \u00e7al\u0131\u015ft\u0131r\u0131lacak olan ge\u00e7ici i\u015f\u00e7ilere ait komisyon raporunun g\u00f6r\u00fc\u015f\u00fclmesine ge\u00e7ildi. Komisyon Raporunda aynen ; Belediyemiz Plan B\u00fct\u00e7e Komisyonu Ba\u015fkanl\u0131\u011f\u0131\u2019nda M\u00fc\u015fterek Komisyonu Belediyemiz Meclisinin 01\/12\/2015 tarih ve 85    Say\u0131l\u0131 karar\u0131 ile komisyona havale olunan Belediyemizde  2016 y\u0131l\u0131 i\u00e7erisinde \u00e7al\u0131\u015ft\u0131r\u0131lacak olan ge\u00e7ici i\u015f\u00e7ilere ait teklifin g\u00f6r\u00fc\u015f\u00fclmesine ge\u00e7ildi. Yap\u0131lan g\u00f6r\u00fc\u015fme neticesinde Belediyemiz Yaz\u0131 \u0130\u015fleri M\u00fcd\u00fcrl\u00fc\u011f\u00fcn\u00fcn 28\/11\/2015 tarih ve 842 say\u0131l\u0131 yaz\u0131lar\u0131nda  2016 y\u0131l\u0131 i\u00e7erisinde \u00e7al\u0131\u015ft\u0131r\u0131lacak olan ge\u00e7ici i\u015f\u00e7ilere ait vize teklifinde  aynen Belediye ve Ba\u011fl\u0131 Kurulu\u015flar\u0131 ile Mahalli idare birlikleri norm kadro ilke ve standartlar\u0131na dair  y\u00f6netmeli\u011finin 24. Maddesi gere\u011fince Belediyemizde 2016 y\u0131l\u0131 i\u00e7erisinde \u00e7al\u0131\u015ft\u0131r\u0131lacak olan ge\u00e7ici i\u015f\u00e7ilere ait vize al\u0131nmas\u0131 i\u00e7in gerekli Meclis Karar\u0131n\u0131n al\u0131nmas\u0131n\u0131 arz ederim. Denilmekte olup, Komisyonumuzca yap\u0131lan de\u011ferlendirme sonucunda Belediyemizin i\u015f yo\u011funlu\u011fu ve saham\u0131z\u0131n geni\u015f oldu\u011fundan  Belediyemiz i\u015flerinin aksamamas\u0131, sa\u011fl\u0131k ve h\u0131zl\u0131 hizmet verilebilmesi amac\u0131yla 2016 y\u0131l\u0131 i\u00e7erisinde \u00e7al\u0131\u015ft\u0131r\u0131lacak olan ge\u00e7ici i\u015f\u00e7i say\u0131s\u0131n\u0131n 60 ki\u015fi olarak belirlenmesine oy birli\u011fi ile karar verildi.  &#8221; denilmekte olup, okunan komisyon raporu hakk\u0131nda s\u00f6z isteyen olup, olmad\u0131\u011f\u0131 soruldu. \u00dcyelerden Rifat K\u00d6RO\u011eLU s\u00f6z ald\u0131. Arkada\u015flar okunan komisyon raporunun komisyondan geldi\u011fi gibi kabul edilmesini teklif ediyorum. dedi. Teklif oylamaya sunuldu. Yap\u0131lan oylama neticesinde teklifin kabul\u00fcne oy birli\u011fi ile karar verildi.\n<\/td>\n<\/tr>\n<tr>\n<td>KARAR 88<\/td>\n<\/tr>\n<tr>\n<td>G\u00fcndemde Bulunan Madde Gere\u011fi; Belediyemiz Tar\u0131m Orman ve Mahalle Komisyonunu Ba\u015fkanl\u0131\u011f\u0131nda M\u00fc\u015fterek Komisyonunun Belediyemizce sat\u0131lacak ta\u015f\u0131n\u0131r ve ta\u015f\u0131nmaz Mallar\u0131n sat\u0131\u015flar\u0131na ait Kamisyon Raporunun g\u00f6r\u00fc\u015f\u00fclmesine ge\u00e7ildi. Komisyon Raporunda aynen  &#8221; Belediyemiz Fen \u0130\u015fleri M\u00fcd\u00fcrl\u00fc\u011f\u00fcnce M\u00fclkiyeti Belediye Ba\u015fkanl\u0131\u011f\u0131m\u0131za ait at\u0131l durumda bulunan ve ekonomik getirisi bulunmayan ekli listede yaz\u0131l\u0131 ta\u015f\u0131n\u0131r ve ta\u015f\u0131nmaz mallar\u0131n belediye ba\u015fkanl\u0131\u011f\u0131m\u0131za gelir getirmek amac\u0131yla 5393 say\u0131l\u0131 Belediye kanununun 18\/e maddesi uyar\u0131nca sat\u0131\u015f karar\u0131 al\u0131nmas\u0131 ile ilgili teklifi  ile Meclise sunulan ve Belediyemiz Meclisinin 04\/11\/2015 tarih ve 82 say\u0131l\u0131 karar\u0131 ile komisyonumuzda g\u00f6r\u00fc\u015f\u00fclmek \u00fczere havale edilen m\u00fclkiyeti Belediye Ba\u015fkanl\u0131\u011f\u0131m\u0131za ait at\u0131l durumda olan ta\u015f\u0131n\u0131r ve ta\u015f\u0131nmaz mallar\u0131n sat\u0131\u015f i\u015flemleri ile ilgili teklif komisyonumuzca g\u00f6r\u00fc\u015f\u00fcld\u00fc. Yap\u0131lan g\u00f6r\u00fc\u015fme ve de\u011ferlendirme neticesinde Belediyemize ait ta\u015f\u0131n\u0131r ve ta\u015f\u0131nmaz mallar\u0131n sat\u0131lmamas\u0131na oy \u00e7oklu\u011fu ile karar verilmi\u015ftir. &#8221; denilmekte olup, komisyon raporu hakk\u0131nda s\u00f6z isteyen olup, olmad\u0131\u011f\u0131 soruldu. \u00dcyelerden Rifat K\u00d6RO\u011eLU s\u00f6z ald\u0131. Arkada\u015flar okunan komisyon raporunun komisyondan geldi\u011fi gibi kabul edilmesini teklif ediyorum. dedi. Teklif oylamaya sunuldu. Yap\u0131lan oylama neticesinde teklifin kabul\u00fcne oy birli\u011fi ile karar verildi.\n<\/td>\n<\/tr>\n<tr>\n<td>KARAR 89<\/td>\n<\/tr>\n<tr>\n<td>G\u00fcndemde bulunan madde gere\u011fi ; Belediyemiz Yaz\u0131 \u0130\u015fleri M\u00fcd\u00fcrl\u00fc\u011f\u00fcn\u00fcn 03\/12\/2015 tarih ve 849 sayl\u0131 yaz\u0131lar\u0131nda \u0130l\u00e7emiz Bekirli Mahallesi sakinlerinden Ali MECL\u0130S&#8217;in Bekirli Mahallesi Kemer Mevkiinde bulunan 701 parsel numaral\u0131 6700 m2 de 1\/2 hisseli ba\u011f cinsli ta\u015f\u0131nmaz\u0131n Belediye Ba\u015fkanl\u0131\u011f\u0131m\u0131za mezarl\u0131k olarak ba\u011f\u0131\u015flamak istedi\u011fi dilek\u00e7eli talebinin 5393 Say\u0131l\u0131 Belediye Kanununun 18\/g maddesi gere\u011fince Belediyemiz Meclisinde g\u00f6r\u00fc\u015f\u00fclmek \u00fczere havale edilmesini arz ederim. Denilmekte olup, teklif hakk\u0131nda s\u00f6z isteyen olup, olmad\u0131\u011f\u0131 soruldu. \u00dcyelerden Rifat K\u00d6RO\u011eLU s\u00f6z ald\u0131. Arkada\u015flar teklifin Belediyemiz \u0130mar ve Bay\u0131nd\u0131rl\u0131k  komisyonunda g\u00f6r\u00fc\u015f\u00fclmek \u00fczere havale edilmesini teklif ediyorum. dedi. Teklif oylamaya sunuldu. Yap\u0131lan oylama neticesinde teklifin kabul\u00fcne oy birli\u011fi ile karar verildi.\n<\/td>\n<\/tr>\n<\/tbody>\n<\/table>\n","protected":false},"excerpt":{"rendered":"<p>KARAR 85 G\u00fcndemde bulunan madde gere\u011fi; Belediyemiz Yaz\u0131 \u0130\u015fleri M\u00fcd\u00fcrl\u00fc\u011f\u00fcn\u00fcn 28\/11\/2015 tarih ve 842 say\u0131l\u0131 yaz\u0131lar\u0131nda 2016 y\u0131l\u0131 i\u00e7erisinde \u00e7al\u0131\u015ft\u0131r\u0131lacak olan ge\u00e7ici i\u015f\u00e7ilere ait vize teklifinin g\u00f6r\u00fc\u015f\u00fclmesine ge\u00e7ildi. Teklifte aynen&#8221; Belediye ve Ba\u011fl\u0131 Kurulu\u015flar\u0131 ile Mahalli idare birlikleri norm kadro ilke ve standartlar\u0131na dair y\u00f6netmeli\u011finin 24. Maddesi gere\u011fince Belediyemizde 2016 y\u0131l\u0131 i\u00e7erisinde \u00e7al\u0131\u015ft\u0131r\u0131lacak olan ge\u00e7ici [&hellip;]<\/p>\n","protected":false},"author":10,"featured_media":0,"parent":412,"menu_order":201512,"comment_status":"closed","ping_status":"closed","template":"","meta":{"footnotes":""},"class_list":["post-1504","page","type-page","status-publish","hentry"],"_links":{"self":[{"href":"https:\/\/www.karaisali.bel.tr\/index.php?rest_route=\/wp\/v2\/pages\/1504","targetHints":{"allow":["GET"]}}],"collection":[{"href":"https:\/\/www.karaisali.bel.tr\/index.php?rest_route=\/wp\/v2\/pages"}],"about":[{"href":"https:\/\/www.karaisali.bel.tr\/index.php?rest_route=\/wp\/v2\/types\/page"}],"author":[{"embeddable":true,"href":"https:\/\/www.karaisali.bel.tr\/index.php?rest_route=\/wp\/v2\/users\/10"}],"replies":[{"embeddable":true,"href":"https:\/\/www.karaisali.bel.tr\/index.php?rest_route=%2Fwp%2Fv2%2Fcomments&post=1504"}],"version-history":[{"count":0,"href":"https:\/\/www.karaisali.bel.tr\/index.php?rest_route=\/wp\/v2\/pages\/1504\/revisions"}],"up":[{"embeddable":true,"href":"https:\/\/www.karaisali.bel.tr\/index.php?rest_route=\/wp\/v2\/pages\/412"}],"wp:attachment":[{"href":"https:\/\/www.karaisali.bel.tr\/index.php?rest_route=%2Fwp%2Fv2%2Fmedia&parent=1504"}],"curies":[{"name":"wp","href":"https:\/\/api.w.org\/{rel}","templated":true}]}}