{"id":11682,"date":"2025-09-07T23:40:15","date_gmt":"2025-09-07T20:40:15","guid":{"rendered":"https:\/\/www.karaisali.bel.tr\/?page_id=11682"},"modified":"2025-09-07T23:40:15","modified_gmt":"2025-09-07T20:40:15","slug":"subat-2025-meclis-kararlari","status":"publish","type":"page","link":"https:\/\/www.karaisali.bel.tr\/?page_id=11682","title":{"rendered":"\u015eubat 2025 Meclis Kararlar\u0131"},"content":{"rendered":"<table>\n<tbody>\n<tr>\n<td>KARAR 16<\/td>\n<\/tr>\n<tr>\n<td>K\u00fclt\u00fcr ve Sosyal \u0130\u015fler M\u00fcd\u00fcrl\u00fc\u011f\u00fcne ait 23 Ekim 2024 tarihinde onaylanan Y\u00f6netmeli\u011finin revize edilmi\u015f halinin \u015eubat ay\u0131 Meclis g\u00fcndemindeg\u00f6r\u00fc\u015f\u00fclmesi hususunda\u037e Olurlar\u0131n\u0131z\u0131 arz ederim.<\/td>\n<\/tr>\n<tr>\n<td>KARAR 17<\/td>\n<\/tr>\n<tr>\n<td>Belediyemiz Muhtarl\u0131k \u0130\u015fleri M\u00fcd\u00fcrl\u00fc\u011f\u00fcn\u00fcn haz\u0131rlam\u0131\u015f oldu\u011fu \u00e7al\u0131\u015fma y\u00f6netmeli\u011fi yaz\u0131m\u0131z ekinde sunulmu\u015f olup,<br \/>\nBelediyemiz Meclisince g\u00f6r\u00fc\u015f\u00fclmesi hususunda Olurlar\u0131n\u0131za arz ederim. Denilmekte olup Birinci Meclis Ba\u015fkan<br \/>\nVekili Mahmut SARISOY s\u00f6z ald\u0131. Okunan g\u00fcndem maddesini Plan B\u00fct\u00e7e Komisyonuna g\u00f6nderilmesini teklif<br \/>\nediyorum. Teklif oylamaya sunuldu. Yap\u0131lan oylama neticesinde teklif oy birli\u011fi ile kabul edildi.\n<\/td>\n<\/tr>\n<tr>\n<td>KARAR 18<\/td>\n<\/tr>\n<tr>\n<td>Belediyemiz Destek Hizmetleri M\u00fcd\u00fcrl\u00fc\u011f\u00fcn\u00fcn haz\u0131rlam\u0131\u015f oldu\u011fu, \u00e7al\u0131\u015fma y\u00f6netmeli\u011fi ekte sunulmu\u015f olup\u037e<br \/>\nBelediyemiz Meclisince g\u00f6r\u00fc\u015f\u00fclmek \u00fczere Olurlar\u0131n\u0131za arz ederim. Denilmekte olup Birinci Meclis Ba\u015fkan Vekili<br \/>\nMahmut SARISOY s\u00f6z ald\u0131. Okunan g\u00fcndem maddesini Plan B\u00fct\u00e7e Komisyonuna g\u00f6nderilmesini teklif ediyorum.<br \/>\nDedi. Teklif oylamaya sunuldu. Yap\u0131lan oylama neticesinde teklif oy birli\u011fi ile kabul edildi.<\/td>\n<\/tr>\n<tr>\n<td>KARAR 19<\/td>\n<\/tr>\n<tr>\n<td>Belediyemiz Veteriner \u0130\u015fleri M\u00fcd\u00fcrl\u00fc\u011f\u00fcn\u00fcn haz\u0131rlam\u0131\u015f oldu\u011fu \u00e7al\u0131\u015fma y\u00f6netmeli\u011fi yaz\u0131m\u0131z ekinde sunulmu\u015f olup,<br \/>\nBelediyemiz Meclisince g\u00f6r\u00fc\u015f\u00fclmesi hususunda Olurlar\u0131n\u0131za arz ederim. Birinci Meclis Ba\u015fkan Vekili Mahmut<br \/>\nSARISOY s\u00f6z ald\u0131. Okunan g\u00fcndem maddesini Plan B\u00fct\u00e7e Komisyonuna g\u00f6nderilmesini teklif ediyorum. Teklif<br \/>\noylamaya sunuldu. Yap\u0131lan oylama neticesinde teklif oy birli\u011fi ile kabul edildi.<\/td>\n<\/tr>\n<tr>\n<td>KARAR 20<\/td>\n<\/tr>\n<tr>\n<td>Belediyemiz Yaz\u0131 \u0130\u015fleri M\u00fcd\u00fcrl\u00fc\u011f\u00fcn\u00fcn haz\u0131rlam\u0131\u015f oldu\u011fu \u00e7al\u0131\u015fma y\u00f6netmeli\u011fi yaz\u0131m\u0131z ekinde sunulmu\u015f olup<br \/>\nBelediyemiz Meclisince g\u00f6r\u00fc\u015f\u00fclmesi hususunda Olurlar\u0131n\u0131za arz ederim. Birinci Meclis Ba\u015fkan Vekili Mahmut<br \/>\nSARISOY s\u00f6z ald\u0131. Okunan g\u00fcndem maddesini Plan B\u00fct\u00e7e Komisyonuna g\u00f6nderilmesini teklif ediyorum. Teklif<br \/>\noylamaya sunuldu. Yap\u0131lan oylama neticesinde teklif oy birli\u011fi ile kabul edildi.<\/td>\n<\/tr>\n<tr>\n<td>KARAR 21<\/td>\n<\/tr>\n<tr>\n<td>Belediyemiz Fen \u0130\u015fleri M\u00fcd\u00fcrl\u00fc\u011f\u00fcn\u00fcn haz\u0131rlam\u0131\u015f oldu\u011fu \u00e7al\u0131\u015fma y\u00f6netmeli\u011fi yaz\u0131m\u0131z ekinde sunulmu\u015f olup\u037e<br \/>\nBelediyemiz Meclisince g\u00f6r\u00fc\u015f\u00fclmesi hususunda Olurlar\u0131n\u0131za arz ederim. Birinci Meclis Ba\u015fkan Vekili Mahmut<br \/>\nSARISOY s\u00f6z ald\u0131. Okunan g\u00fcndem maddesini Plan B\u00fct\u00e7e Komisyonuna g\u00f6nderilmesini teklif ediyorum. Teklif<br \/>\noylamaya sunuldu. Yap\u0131lan oylama neticesinde teklif oy birli\u011fi ile kabul edildi.<\/td>\n<\/tr>\n<tr>\n<td>KARAR 22<\/td>\n<\/tr>\n<tr>\n<td>Belediyemiz \u0130mar ve \u015eehircilik M\u00fcd\u00fcrl\u00fc\u011f\u00fcn\u00fcn haz\u0131rlam\u0131\u015f oldu\u011fu \u00e7al\u0131\u015fma y\u00f6netmeli\u011fi yaz\u0131m\u0131z ekinde sunulmu\u015f olup,<br \/>\nBelediye Meclisinde g\u00f6r\u00fc\u015f\u00fclmesi hususunda\u037e Olurlar\u0131n\u0131za arz ederim. Birinci Meclis Ba\u015fkan Vekili Mahmut<br \/>\nSARISOY s\u00f6z ald\u0131. Okunan g\u00fcndem maddesini Plan B\u00fct\u00e7e Komisyonuna g\u00f6nderilmesini teklif ediyorum. Teklif<br \/>\noylamaya sunuldu. Yap\u0131lan oylama neticesinde teklif oy birli\u011fi ile kabul edildi.<\/td>\n<\/tr>\n<tr>\n<td>KARAR 23<\/td>\n<\/tr>\n<tr>\n<td>Belediye Ba\u015fkanl\u0131\u011f\u0131m\u0131z Zab\u0131ta M\u00fcd\u00fcrl\u00fc\u011f\u00fcne ait y\u00f6netmelik haz\u0131rlanarak Ek&#8217;te sunulmu\u015f olup, y\u00f6netmeli\u011fin Belediye<br \/>\nmeclisinde g\u00f6r\u00fc\u015f\u00fclerek karar al\u0131nmas\u0131 hususunda\u037e Olurlar\u0131n\u0131za arz ederim Birinci Meclis Ba\u015fkan Vekili Mahmut<br \/>\nSARISOY s\u00f6z ald\u0131. Okunan g\u00fcndem maddesini Plan B\u00fct\u00e7e Komisyonuna g\u00f6nderilmesini teklif ediyorum. Teklif<br \/>\noylamaya sunuldu. Yap\u0131lan oylama neticesinde teklif oy birli\u011fi ile kabul edildi.<\/td>\n<\/tr>\n<tr>\n<td>KARAR 24<\/td>\n<\/tr>\n<tr>\n<td>Afet \u0130\u015fleri M\u00fcd\u00fcrl\u00fc\u011f\u00fc olarak haz\u0131rlam\u0131\u015f oldu\u011fumuz G\u00f6rev ve \u00c7al\u0131\u015fma Y\u00f6netmeli\u011fi ekte sunulmu\u015ftur. Ekte sunulan<br \/>\ny\u00f6netmeli\u011fin Belediyemiz meclisinde g\u00f6r\u00fc\u015f\u00fclmek \u00fczere Olurlar\u0131n\u0131za arz ederim. Birinci Meclis Ba\u015fkan Vekili Mahmut<br \/>\nSARISOY s\u00f6z ald\u0131. Okunan g\u00fcndem maddesini Plan B\u00fct\u00e7e Komisyonuna g\u00f6nderilmesini teklif ediyorum. Teklif<br \/>\noylamaya sunuldu. Yap\u0131lan oylama neticesinde teklif oy birli\u011fi ile kabul edildi.<\/td>\n<\/tr>\n<tr>\n<td>KARAR 25<\/td>\n<\/tr>\n<tr>\n<td>\u0130\u015fletme ve \u0130\u015ftirakler M\u00fcd\u00fcrl\u00fc\u011f\u00fcn\u00fcn haz\u0131rlam\u0131\u015f oldu\u011fu \u00e7al\u0131\u015fma y\u00f6netmeli\u011fi yaz\u0131m\u0131z ekinde sunulmu\u015f olup Belediyemiz<br \/>\nMeclisince g\u00f6r\u00fc\u015f\u00fclmesini Olurlar\u0131n\u0131za arz ederim. Birinci Meclis Ba\u015fkan Vekili Mahmut SARISOY s\u00f6z ald\u0131. Okunan<br \/>\ng\u00fcndem maddesini Plan B\u00fct\u00e7e Komisyonuna g\u00f6nderilmesini teklif ediyorum. Teklif oylamaya sunuldu. Yap\u0131lan<br \/>\noylama neticesinde teklif oy birli\u011fi ile kabul edildi.\n<\/td>\n<\/tr>\n<tr>\n<td>KARAR 26<\/td>\n<\/tr>\n<tr>\n<td>Belediyemiz Mali Hizmetler M\u00fcd\u00fcrl\u00fc\u011f\u00fcn\u00fcn haz\u0131rlam\u0131\u015f oldu\u011fu \u00e7al\u0131\u015fma y\u00f6netmeli\u011fi yaz\u0131m\u0131z ekinde sunulmu\u015f olup,<br \/>\nBelediyemiz Meclisince g\u00f6r\u00fc\u015f\u00fclmesi hususunda\u037e Olurlar\u0131n\u0131za arz ederim Birinci Meclis Ba\u015fkan Vekili Mahmut<br \/>\nSARISOY s\u00f6z ald\u0131. Okunan g\u00fcndem maddesini Plan B\u00fct\u00e7e Komisyonuna g\u00f6nderilmesini teklif ediyorum. Teklif<br \/>\noylamaya sunuldu. Yap\u0131lan oylama neticesinde teklif oy birli\u011fi ile kabul edildi.\n<\/td>\n<\/tr>\n<tr>\n<td>KARAR 27<\/td>\n<\/tr>\n<tr>\n<td>\u00c7evre Koruma ve Kontrol M\u00fcd\u00fcrl\u00fc\u011f\u00fc Y\u00f6netmeli\u011fi haz\u0131rlanm\u0131\u015f olup ekte sunulmu\u015ftur. Belediye Meclisine havale<br \/>\nedilmesini Olurlar\u0131n\u0131za arz ederim. Birinci Meclis Ba\u015fkan Vekili Mahmut SARISOY s\u00f6z ald\u0131. Okunan g\u00fcndem<br \/>\nmaddesini Plan B\u00fct\u00e7e Komisyonuna g\u00f6nderilmesini teklif ediyorum. Teklif oylamaya sunuldu. Yap\u0131lan oylama<br \/>\nneticesinde teklif oy birli\u011fi ile kabul edildi.\n<\/td>\n<\/tr>\n<tr>\n<td>KARAR 28<\/td>\n<\/tr>\n<tr>\n<td>Belediye Ba\u015fkanl\u0131\u011f\u0131m\u0131z \u0130klim De\u011fi\u015fikli\u011fi ve S\u0131f\u0131r At\u0131k M\u00fcd\u00fcrl\u00fc\u011f\u00fcne ait \u00e7al\u0131\u015fma y\u00f6netmeli\u011fi haz\u0131rlanarak Ek&#8217; te<br \/>\nsunulmu\u015f olup, y\u00f6netmeli\u011fin Belediye mecliste g\u00f6r\u00fc\u015f\u00fclerek karar al\u0131nmas\u0131 hususunda\u037e Olurlar\u0131n\u0131za arz ederim Birinci<br \/>\nMeclis Ba\u015fkan Vekili Mahmut SARISOY s\u00f6z ald\u0131. Okunan g\u00fcndem maddesini Plan B\u00fct\u00e7e Komisyonuna<br \/>\ng\u00f6nderilmesini teklif ediyorum. Teklif oylamaya sunuldu. Yap\u0131lan oylama neticesinde teklif oy birli\u011fi ile kabul edildi.<\/td>\n<\/tr>\n<tr>\n<td>KARAR 29<\/td>\n<\/tr>\n<tr>\n<td>Belediye Ba\u015fkanl\u0131\u011f\u0131m\u0131z Temizlik \u0130\u015fleri M\u00fcd\u00fcrl\u00fc\u011f\u00fcne ait \u00e7al\u0131\u015fma y\u00f6netmeli\u011fi haz\u0131rlanarak Ek&#8217; te sunulmu\u015f olup,<br \/>\ny\u00f6netmeli\u011fin Belediye mecliste g\u00f6r\u00fc\u015f\u00fclerek karar al\u0131nmas\u0131 hususunda\u037e Olurlar\u0131n\u0131za arz ederim Birinci Meclis Ba\u015fkan<br \/>\nVekili Mahmut SARISOY s\u00f6z ald\u0131. Okunan g\u00fcndem maddesini Plan B\u00fct\u00e7e Komisyonuna g\u00f6nderilmesini teklif<br \/>\nediyorum. Teklif oylamaya sunuldu. Yap\u0131lan oylama neticesinde teklif oy birli\u011fi ile kabul edildi.\n<\/td>\n<\/tr>\n<tr>\n<td>KARAR 30<\/td>\n<\/tr>\n<tr>\n<td>Karaisal\u0131 \u0130l\u00e7emiz Selamp\u0131nar Mahallesinde bulunan Y\u0131lmaz AYDO\u011eAN sokak isminin Kaz\u0131m \u015eEN Sokak olarak<br \/>\nde\u011fi\u015ftirilmesi i\u00e7in gerekli Belediye Meclis Karar\u0131 al\u0131nmas\u0131 hususunda Olurlar\u0131n\u0131z\u0131 arz ederim. Birinci Meclis Ba\u015fkan<br \/>\nVekili Mahmut SARISOY s\u00f6z ald\u0131. Okunan g\u00fcndem maddesini \u0130mar ve \u015eehircilik komisyonuna g\u00f6nderilmesini teklif<br \/>\nediyorum. Teklif oylamaya sunuldu. Yap\u0131lan oylama neticesinde teklif oy birli\u011fi ile kabul edildi.\n<\/td>\n<\/tr>\n<tr>\n<td>KARAR 31<\/td>\n<\/tr>\n<tr>\n<td>Belediyemiz b\u00fcnyesinde yar\u0131 zamanl\u0131 s\u00f6zle\u015fmeli avukat personele \u00f6denecek \u00fccretin 07.01.2025 tarih ve 11 say\u0131l\u0131<br \/>\nmeclis karar\u0131 ile 10.000,00 TL + KDV (ONB\u0130NT\u00dcRKL\u0130RASI) olarak belirlenmi\u015f olup belirlenen tutar\u0131n 14.500,00<br \/>\nTL + KDV (OND\u00d6RTB\u0130NBE\u015eY\u00dcZT\u00dcRKL\u0130RASI) olarak g\u00fcncellenmesi i\u00e7in Belediyemiz Meclisince g\u00f6r\u00fc\u015f\u00fclmesi<br \/>\nhususunda Olurlar\u0131n\u0131za arz ederim. Denilmekte olup Birinci Meclis Ba\u015fkan Vekili Mahmut SARISOY s\u00f6z ald\u0131.<br \/>\nOkunan g\u00fcndem maddesini m\u00fcd\u00fcrl\u00fc\u011f\u00fcnden geldi\u011fi gibi kabul edilmesini teklif ediyorum. Teklif oylamaya sunuldu.<br \/>\nYap\u0131lan oylama neticesinde teklif oy birli\u011fi ile kabul edildi.<\/td>\n<\/tr>\n<tr>\n<td>KARAR 32<\/td>\n<\/tr>\n<tr>\n<td>Belediyemiz b\u00fcnyesinde yar\u0131 zamanl\u0131 s\u00f6zle\u015fmeli veteriner personele \u00f6denecek \u00fccretin 07.01.2025 tarih ve 11 say\u0131l\u0131<br \/>\nmeclis karar\u0131 ile 10.000,00 TL + KDV (ONB\u0130NT\u00dcRKL\u0130RASI) olarak belirlenmi\u015f olup belirlenen tutar\u0131n 15.200,00<br \/>\nTL + KDV (ONBE\u015eB\u0130N\u0130K\u0130Y\u00dcZT\u00dcRKL\u0130RASI) olarak g\u00fcncellenmesi i\u00e7in Belediyemiz Meclisince g\u00f6r\u00fc\u015f\u00fclmesi<br \/>\nhususunda Olurlar\u0131n\u0131za arz ederim Denilmekte olup Birinci Meclis Ba\u015fkan Vekili Mahmut SARISOY s\u00f6z ald\u0131.<br \/>\nOkunan g\u00fcndem maddesini m\u00fcd\u00fcrl\u00fc\u011f\u00fcnden geldi\u011fi gibi kabul edilmesini teklif ediyorum. Teklif oylamaya sunuldu.<br \/>\nYap\u0131lan oylama neticesinde teklif oy birli\u011fi ile kabul edildi.\n<\/td>\n<\/tr>\n<tr>\n<td>KARAR 33<\/td>\n<\/tr>\n<tr>\n<td>Belediyemiz meclisince 07.01.2025 tarih ve 15 nolu say\u0131l\u0131 karar\u0131 ile Karaisal\u0131 Belediyesi \u0130mar, \u0130n\u015faat, Petrol \u0130stasyonu<br \/>\nve Turizm Ticaret Limited \u015eirketi \u015feklinde \u00fcnvan de\u011fi\u015fikli\u011fi yap\u0131lmas\u0131 ve Belediye Ba\u015fkan\u0131 Bekir \u015e\u0130M\u015eEK&#8217;e yetki<br \/>\nverilmesi ile ilgili karar\u0131n tahsisi yap\u0131larak Karaisal\u0131 Belediyesi \u0130mar, \u0130n\u015faat, Petrol \u0130stasyonu ve Turizm Ticaret<br \/>\nAnonim \u015eirketi \u015feklinde \u00fcnvan de\u011fi\u015fikli\u011fi yap\u0131lmas\u0131 ve Belediye Ba\u015fkan\u0131 Bekir \u015e\u0130M\u015eEK&#8217;e yetki verilmesi i\u00e7in<br \/>\nBelediyemiz Meclisince g\u00f6r\u00fc\u015f\u00fclmek \u00fczere Olurlar\u0131n\u0131za arz ederim. Denilmekte olup Birinci Meclis Ba\u015fkan Vekili<br \/>\nMahmut SARISOY s\u00f6z ald\u0131. Okunan g\u00fcndem maddesini m\u00fcd\u00fcrl\u00fc\u011f\u00fcnden geldi\u011fi gibi kabul edilmesini teklif ediyorum.<br \/>\nTeklif oylamaya sunuldu. Yap\u0131lan oylama neticesinde teklif oy birli\u011fi ile kabul edildi.<\/td>\n<\/tr>\n<tr>\n<td>KARAR 34<\/td>\n<\/tr>\n<tr>\n<td>Belediyemiz Meclisince komisyonumuzda g\u00f6r\u00fc\u015f\u00fclmek \u00fczere havale edilen. Karaisal\u0131 \u0130l\u00e7emiz Selamp\u0131nar Mahallesinde<br \/>\nbulunan Y\u0131lmaz AYDO\u011eAN sokak isminin Kaz\u0131m \u015eEN Sokak olarak de\u011fi\u015ftirilmesi i\u00e7in gerekli Belediye Meclis<br \/>\nKarar\u0131 al\u0131nmas\u0131 hususunda Olurlar\u0131n\u0131z\u0131 arz ederim. Denilmekte olup komisyonumuzca g\u00f6r\u00fc\u015f\u00fcld\u00fc. G\u00f6r\u00fc\u015fme<br \/>\nneticesinde. Selamp\u0131nar Mahallesinde bulunan Y\u0131lmaz AYDO\u011eAN soka\u011f\u0131n ismi de\u011fi\u015ftirilerek Eczac\u0131 Kaz\u0131m \u015eEN<br \/>\nSokak olmas\u0131na, Belediyemiz Meclisince g\u00f6r\u00fc\u015f\u00fclmek \u00fczere sunulmas\u0131na oy birli\u011fi ile karar verildi. Denilmekte olup<br \/>\nMeclis Ba\u015fkan\u0131 Bekir \u015e\u0130M\u015eEK s\u00f6z ald\u0131. Okunan g\u00fcndem maddesini Komisyondan geldi\u011fi gibi kabul edilmesini teklif<br \/>\nediyorum. Teklif oylamaya sunuldu. Yap\u0131lan oylama neticesinde teklif oy birli\u011fi ile kabul edildi.<\/td>\n<\/tr>\n<\/tbody>\n<\/table>\n","protected":false},"excerpt":{"rendered":"<p>KARAR 16 K\u00fclt\u00fcr ve Sosyal \u0130\u015fler M\u00fcd\u00fcrl\u00fc\u011f\u00fcne ait 23 Ekim 2024 tarihinde onaylanan Y\u00f6netmeli\u011finin revize edilmi\u015f halinin \u015eubat ay\u0131 Meclis g\u00fcndemindeg\u00f6r\u00fc\u015f\u00fclmesi hususunda\u037e Olurlar\u0131n\u0131z\u0131 arz ederim. KARAR 17 Belediyemiz Muhtarl\u0131k \u0130\u015fleri M\u00fcd\u00fcrl\u00fc\u011f\u00fcn\u00fcn haz\u0131rlam\u0131\u015f oldu\u011fu \u00e7al\u0131\u015fma y\u00f6netmeli\u011fi yaz\u0131m\u0131z ekinde sunulmu\u015f olup, Belediyemiz Meclisince g\u00f6r\u00fc\u015f\u00fclmesi hususunda Olurlar\u0131n\u0131za arz ederim. Denilmekte olup Birinci Meclis Ba\u015fkan Vekili Mahmut SARISOY s\u00f6z [&hellip;]<\/p>\n","protected":false},"author":10,"featured_media":0,"parent":11615,"menu_order":202502,"comment_status":"closed","ping_status":"closed","template":"","meta":{"footnotes":""},"class_list":["post-11682","page","type-page","status-publish","hentry"],"_links":{"self":[{"href":"https:\/\/www.karaisali.bel.tr\/index.php?rest_route=\/wp\/v2\/pages\/11682","targetHints":{"allow":["GET"]}}],"collection":[{"href":"https:\/\/www.karaisali.bel.tr\/index.php?rest_route=\/wp\/v2\/pages"}],"about":[{"href":"https:\/\/www.karaisali.bel.tr\/index.php?rest_route=\/wp\/v2\/types\/page"}],"author":[{"embeddable":true,"href":"https:\/\/www.karaisali.bel.tr\/index.php?rest_route=\/wp\/v2\/users\/10"}],"replies":[{"embeddable":true,"href":"https:\/\/www.karaisali.bel.tr\/index.php?rest_route=%2Fwp%2Fv2%2Fcomments&post=11682"}],"version-history":[{"count":1,"href":"https:\/\/www.karaisali.bel.tr\/index.php?rest_route=\/wp\/v2\/pages\/11682\/revisions"}],"predecessor-version":[{"id":11683,"href":"https:\/\/www.karaisali.bel.tr\/index.php?rest_route=\/wp\/v2\/pages\/11682\/revisions\/11683"}],"up":[{"embeddable":true,"href":"https:\/\/www.karaisali.bel.tr\/index.php?rest_route=\/wp\/v2\/pages\/11615"}],"wp:attachment":[{"href":"https:\/\/www.karaisali.bel.tr\/index.php?rest_route=%2Fwp%2Fv2%2Fmedia&parent=11682"}],"curies":[{"name":"wp","href":"https:\/\/api.w.org\/{rel}","templated":true}]}}