{"id":11575,"date":"2024-09-24T23:53:36","date_gmt":"2024-09-24T20:53:36","guid":{"rendered":"https:\/\/www.karaisali.bel.tr\/?page_id=11575"},"modified":"2024-09-24T23:53:36","modified_gmt":"2024-09-24T20:53:36","slug":"mart-2024-meclis-kararlari","status":"publish","type":"page","link":"https:\/\/www.karaisali.bel.tr\/?page_id=11575","title":{"rendered":"Mart 2024 Meclis Kararlar\u0131"},"content":{"rendered":"<table>\n<tbody>\n<tr>\n<td>KARAR 12<\/td>\n<\/tr>\n<tr>\n<td>Belediyemiz \u0130nsan Kaynaklar\u0131 ve E\u011fitim M\u00fcd\u00fcrl\u00fc\u011f\u00fcn\u00fcn 29\/02\/2024 tarih ve 12642 say\u0131l\u0131 yaz\u0131lar\u0131 ile g\u00fcndeme<br \/>\nal\u0131nan\u037e Belediye Ba\u015fkanl\u0131\u011f\u0131m\u0131z b\u00fcnyesinde 2024 y\u0131l\u0131nda 5393 say\u0131l\u0131 Belediye Kanununun 49. maddesi gere\u011fince<br \/>\nSosyal \u00c7al\u0131\u015fmac\u0131 kadrosunda tam zamanl\u0131 olarak \u00e7al\u0131\u015ft\u0131r\u0131lacak olan personelin 2024 y\u0131l\u0131nda \u00f6denecek ayl\u0131k \u00fccretin<br \/>\nbelirlenmesi ile ilgili teklif Belediyemiz Meclisince g\u00f6r\u00fc\u015f\u00fclm\u00fc\u015f olup,<br \/>\n  5393 say\u0131l\u0131 Belediye Kanununun 49. maddesi gere\u011fince  Belediyemiz Norm Kadrosunda bulunan Sosyal \u00c7al\u0131\u015fmac\u0131<br \/>\nkadrosunda 2024 y\u0131l\u0131nda  tam zamanl\u0131 olarak \u00e7al\u0131\u015ft\u0131r\u0131lacak olan personele ayl\u0131k ek \u00f6deme hari\u00e7 net 23.000,00\u00adTL<br \/>\n(Y\u0130RM\u0130\u00dc\u00c7B\u0130NT\u00dcRKL\u0130RASI)  \u00f6denmesine oy birli\u011fi ile karar verildi.<br \/>\n GERE\u011e\u0130 \u0130\u00c7\u0130N \u0130NSAN KAYNAKLARI VE E\u011e\u0130T\u0130M M\u00dcD\u00dcRL\u00dc\u011e\u00dc<\/p>\n<\/td>\n<\/tr>\n<\/tbody>\n<\/table>\n","protected":false},"excerpt":{"rendered":"<p>KARAR 12 Belediyemiz \u0130nsan Kaynaklar\u0131 ve E\u011fitim M\u00fcd\u00fcrl\u00fc\u011f\u00fcn\u00fcn 29\/02\/2024 tarih ve 12642 say\u0131l\u0131 yaz\u0131lar\u0131 ile g\u00fcndeme al\u0131nan\u037e Belediye Ba\u015fkanl\u0131\u011f\u0131m\u0131z b\u00fcnyesinde 2024 y\u0131l\u0131nda 5393 say\u0131l\u0131 Belediye Kanununun 49. maddesi gere\u011fince Sosyal \u00c7al\u0131\u015fmac\u0131 kadrosunda tam zamanl\u0131 olarak \u00e7al\u0131\u015ft\u0131r\u0131lacak olan personelin 2024 y\u0131l\u0131nda \u00f6denecek ayl\u0131k \u00fccretin belirlenmesi ile ilgili teklif Belediyemiz Meclisince g\u00f6r\u00fc\u015f\u00fclm\u00fc\u015f olup, 5393 say\u0131l\u0131 Belediye Kanununun [&hellip;]<\/p>\n","protected":false},"author":10,"featured_media":0,"parent":11558,"menu_order":202403,"comment_status":"closed","ping_status":"closed","template":"","meta":{"footnotes":""},"class_list":["post-11575","page","type-page","status-publish","hentry"],"_links":{"self":[{"href":"https:\/\/www.karaisali.bel.tr\/index.php?rest_route=\/wp\/v2\/pages\/11575","targetHints":{"allow":["GET"]}}],"collection":[{"href":"https:\/\/www.karaisali.bel.tr\/index.php?rest_route=\/wp\/v2\/pages"}],"about":[{"href":"https:\/\/www.karaisali.bel.tr\/index.php?rest_route=\/wp\/v2\/types\/page"}],"author":[{"embeddable":true,"href":"https:\/\/www.karaisali.bel.tr\/index.php?rest_route=\/wp\/v2\/users\/10"}],"replies":[{"embeddable":true,"href":"https:\/\/www.karaisali.bel.tr\/index.php?rest_route=%2Fwp%2Fv2%2Fcomments&post=11575"}],"version-history":[{"count":1,"href":"https:\/\/www.karaisali.bel.tr\/index.php?rest_route=\/wp\/v2\/pages\/11575\/revisions"}],"predecessor-version":[{"id":11576,"href":"https:\/\/www.karaisali.bel.tr\/index.php?rest_route=\/wp\/v2\/pages\/11575\/revisions\/11576"}],"up":[{"embeddable":true,"href":"https:\/\/www.karaisali.bel.tr\/index.php?rest_route=\/wp\/v2\/pages\/11558"}],"wp:attachment":[{"href":"https:\/\/www.karaisali.bel.tr\/index.php?rest_route=%2Fwp%2Fv2%2Fmedia&parent=11575"}],"curies":[{"name":"wp","href":"https:\/\/api.w.org\/{rel}","templated":true}]}}