{"id":11109,"date":"2023-11-30T16:53:58","date_gmt":"2023-11-30T13:53:58","guid":{"rendered":"https:\/\/www.karaisali.bel.tr\/?page_id=11109"},"modified":"2023-11-30T16:53:58","modified_gmt":"2023-11-30T13:53:58","slug":"eylul-2023-meclis-kararlari","status":"publish","type":"page","link":"https:\/\/www.karaisali.bel.tr\/?page_id=11109","title":{"rendered":"Eyl\u00fcl 2023 Meclis Kararlar\u0131"},"content":{"rendered":"<table>\n<tbody>\n<tr>\n<td>KARAR 54<\/td>\n<\/tr>\n<tr>\n<td>Belediyemiz Mali Hizmetler M\u00fcd\u00fcrl\u00fc\u011f\u00fcn\u00fcn 24\/08\/2023 tarih ve 10130 say\u0131l\u0131 yaz\u0131lar\u0131 ile g\u00fcndeme al\u0131nan\u037e Belediye Ba\u015fkanl\u0131\u011f\u0131m\u0131z 2023 y\u0131l\u0131 b\u00fct\u00e7esi olu\u015fan enflasyondan kaynakl\u0131 art\u0131\u015flardan dolay\u0131 (akaryak\u0131t giderleri, personel giderleri, ta\u015f\u0131t bak\u0131m ve onar\u0131m giderleri, malzeme al\u0131m\u0131 giderleri), 2023 y\u0131l\u0131 b\u00fct\u00e7esine 45.000.000,00\u00adTL ek b\u00fct\u00e7e talebimizin Belediyemiz meclisince g\u00f6r\u00fc\u015f\u00fclmek \u00fczere\u037e Belediye Meclisine havalesini arz ederim. Denilmekte olup teklif i\u00e7in Mustafa EK\u0130C\u0130 s\u00f6z ald\u0131. Teklifin Belediyemiz Plan B\u00fct\u00e7e ve M\u00fc\u015fterek Komisyonunda g\u00f6r\u00fc\u015f\u00fclmesini teklif ediyorum. Dedi. Teklif oylamaya sunuldu. Yap\u0131lan oylama neticesinde teklifin kabul\u00fcne oy birli\u011fi ile karar verildi.<\/td>\n<\/tr>\n<tr>\n<td>KARAR 55<\/td>\n<\/tr>\n<tr>\n<td>Belediyemiz Mali Hizmetler M\u00fcd\u00fcrl\u00fc\u011f\u00fcn\u00fcn 01\/09\/2023 tarih ve 10237 say\u0131l\u0131 yaz\u0131lar\u0131 ile g\u00fcndeme al\u0131nan\u037e Belediye Ba\u015fkanl\u0131\u011f\u0131m\u0131z petrol istasyonunda akaryak\u0131t al\u0131m\u0131nda kullan\u0131lmak \u00fczere daha \u00f6nce al\u0131nan teminat mektubu akaryak\u0131t fiyatlar\u0131na gelen zamlar dolas\u0131y\u0131 ile yetersiz gelmektedir. Akaryak\u0131t al\u0131mlar\u0131nda ma\u011fdur olmamak ve belediyemiz hizmetlerinin aksamamas\u0131 amac\u0131 ile \u0130ller Bankas\u0131 A.\u015e. den 700.000,00\u00adTL tutar\u0131nda s\u00fcresiz ek teminat mektubu al\u0131nmas\u0131 hususunda Belediye Ba\u015fkan\u0131m\u0131z Saadettin ASLAN&#8217;a yetki verilmesi hususunda\u037e Gere\u011fini arz ederim. Denilmekte olup \u00dcyelerden Mustafa EK\u0130C\u0130 s\u00f6z ald\u0131. Arkada\u015flar teklifin m\u00fcd\u00fcrl\u00fc\u011f\u00fcnden geldi\u011fi gibi kabul edilmesini teklif ediyorum. Dedi. Teklif oylamaya sunuldu. Yap\u0131lan oylama neticesinde teklifin kabul\u00fcne, Belediye Ba\u015fkanl\u0131\u011f\u0131m\u0131z petrol istasyonunda akaryak\u0131t al\u0131m\u0131nda kullan\u0131lmak \u00fczere daha \u00f6nce al\u0131nan teminat mektubu akaryak\u0131t fiyatlar\u0131na gelen zamlar dolas\u0131y\u0131 ile yetersiz geldi\u011finden Akaryak\u0131t al\u0131mlar\u0131nda ma\u011fdur olmamak ve belediyemiz hizmetlerinin aksamamas\u0131 amac\u0131 ile \u0130ller Bankas\u0131 A.\u015e. den 700.000,00\u00adTL (YED\u0130Y\u00dcZB\u0130NT\u00dcRKL\u0130RASI) tutar\u0131nda s\u00fcresiz ek teminat mektubu al\u0131nmas\u0131 i\u00e7in Belediye Ba\u015fkan\u0131m\u0131z Saadettin ASLAN&#8217;a yetki verilmesine oy birli\u011fi ile karar verildi. GERE\u011e\u0130 \u0130\u00c7\u0130N MAL\u0130 H\u0130ZMETLER M\u00dcD\u00dcRL\u00dc\u011e\u00dc<\/td>\n<\/tr>\n<tr>\n<td>KARAR 56<\/td>\n<\/tr>\n<tr>\n<td>Ba\u015fkanl\u0131k Makam\u0131n\u0131n 05\/09\/2023 tarih ve 10295 say\u0131l\u0131 yaz\u0131lar\u0131 ile g\u00fcndeme al\u0131nan\u037e Belediyemiz Plan B\u00fct\u00e7e M\u00fc\u015fterek Komisyonun 2023 y\u0131l\u0131 ek b\u00fct\u00e7e talebi ile ilgili komisyon raporunun g\u00f6r\u00fc\u015f\u00fclmesi ve onay\u0131 i\u00e7in Belediyemiz Meclisine havalesini Olurlar\u0131n\u0131za arz ederim. Denilmekte olup komisyon raporunda aynen &#8221; 2023 y\u0131l\u0131 Ek B\u00fct\u00e7e teklifi komisyonumuzca tek tek incelenerek g\u00f6r\u00fc\u015f\u00fclm\u00fc\u015f olup, 45.000.000\u00adTL (KIRKBE\u015eM\u0130LYONT\u00dcRKL\u0130RASI) ek b\u00fct\u00e7e konulmas\u0131na komisyonumuzca oy birli\u011fi ile karar verilmi\u015f olup Belediyemiz Meclisince g\u00f6r\u00fc\u015f\u00fclmek \u00fczere sunulmas\u0131na oy birli\u011fi ile karar verildi. Denilmekte olup okunan komisyon raporu oylamaya sunuldu. Yap\u0131lan oylama neticesinde komisyon raporunun komisyondan geldi\u011fi gibi kabul edilmesine oy birli\u011fi ile karar verildi. GERE\u011e\u0130 \u0130\u00c7\u0130N MAL\u0130 H\u0130ZMETLER M\u00dcD\u00dcRL\u00dc\u011e\u00dc<\/td>\n<\/tr>\n<tr>\n<td>KARAR 56<\/td>\n<\/tr>\n<tr>\n<td>Belediye Ba\u015fkanl\u0131\u011f\u0131m\u0131z \u0130nsan Kaynaklar\u0131 ve E\u011fitim M\u00fcd\u00fcrl\u00fc\u011f\u00fcn\u00fcn 05\/09\/2023 tarih ve 10282 say\u0131l\u0131 yaz\u0131lar\u0131 ile g\u00fcndeme al\u0131nan\u037e Belediye Ba\u015fkanl\u0131\u011f\u0131m\u0131z norm kadrosunda bo\u015f bulunan 5. dereceli 1 adet Sa\u011fl\u0131k Memuru kadrosunun iptal edilerek yerine 7. dereceli 1 adet Sosyal \u00c7al\u0131\u015fmac\u0131 kadrosunun ihdas edilmek \u00fczere 5393 Say\u0131l\u0131 Belediye Kanunun Belediye Meclisinin g\u00f6rev ve yetkileri 3.madde I f\u0131kras\u0131: Norm kadro \u00e7er\u00e7evesinde belediyenin ve ba\u011fl\u0131 kurulu\u015flar\u0131n\u0131n kadrolar\u0131n\u0131n ihdas, iptal ve de\u011fi\u015ftirilmesine karar vermek, maddesine istinaden Belediyemiz Meclisince gerekli karar\u0131n al\u0131nmas\u0131 hususunda\u037e Olurlar\u0131n\u0131za arz ederim. Denilmekte olup okunan teklif oylamaya sunuldu. Yap\u0131lan oylama neticesinde teklifin m\u00fcd\u00fcrl\u00fc\u011f\u00fcnden geldi\u011fi gibi kabul edilmesine oy birli\u011fi ile karar verildi. GERE\u011e\u0130 \u0130\u00c7\u0130N \u0130NSAN KAYNAKLARI VE E\u011e\u0130T\u0130M M\u00dcD\u00dcRL\u00dc\u011e\u00dc<\/td>\n<\/tr>\n<\/tbody>\n<\/table>\n","protected":false},"excerpt":{"rendered":"<p>KARAR 54 Belediyemiz Mali Hizmetler M\u00fcd\u00fcrl\u00fc\u011f\u00fcn\u00fcn 24\/08\/2023 tarih ve 10130 say\u0131l\u0131 yaz\u0131lar\u0131 ile g\u00fcndeme al\u0131nan\u037e Belediye Ba\u015fkanl\u0131\u011f\u0131m\u0131z 2023 y\u0131l\u0131 b\u00fct\u00e7esi olu\u015fan enflasyondan kaynakl\u0131 art\u0131\u015flardan dolay\u0131 (akaryak\u0131t giderleri, personel giderleri, ta\u015f\u0131t bak\u0131m ve onar\u0131m giderleri, malzeme al\u0131m\u0131 giderleri), 2023 y\u0131l\u0131 b\u00fct\u00e7esine 45.000.000,00\u00adTL ek b\u00fct\u00e7e talebimizin Belediyemiz meclisince g\u00f6r\u00fc\u015f\u00fclmek \u00fczere\u037e Belediye Meclisine havalesini arz ederim. Denilmekte olup [&hellip;]<\/p>\n","protected":false},"author":10,"featured_media":0,"parent":11002,"menu_order":202309,"comment_status":"closed","ping_status":"closed","template":"","meta":{"footnotes":""},"class_list":["post-11109","page","type-page","status-publish","hentry"],"_links":{"self":[{"href":"https:\/\/www.karaisali.bel.tr\/index.php?rest_route=\/wp\/v2\/pages\/11109","targetHints":{"allow":["GET"]}}],"collection":[{"href":"https:\/\/www.karaisali.bel.tr\/index.php?rest_route=\/wp\/v2\/pages"}],"about":[{"href":"https:\/\/www.karaisali.bel.tr\/index.php?rest_route=\/wp\/v2\/types\/page"}],"author":[{"embeddable":true,"href":"https:\/\/www.karaisali.bel.tr\/index.php?rest_route=\/wp\/v2\/users\/10"}],"replies":[{"embeddable":true,"href":"https:\/\/www.karaisali.bel.tr\/index.php?rest_route=%2Fwp%2Fv2%2Fcomments&post=11109"}],"version-history":[{"count":1,"href":"https:\/\/www.karaisali.bel.tr\/index.php?rest_route=\/wp\/v2\/pages\/11109\/revisions"}],"predecessor-version":[{"id":11110,"href":"https:\/\/www.karaisali.bel.tr\/index.php?rest_route=\/wp\/v2\/pages\/11109\/revisions\/11110"}],"up":[{"embeddable":true,"href":"https:\/\/www.karaisali.bel.tr\/index.php?rest_route=\/wp\/v2\/pages\/11002"}],"wp:attachment":[{"href":"https:\/\/www.karaisali.bel.tr\/index.php?rest_route=%2Fwp%2Fv2%2Fmedia&parent=11109"}],"curies":[{"name":"wp","href":"https:\/\/api.w.org\/{rel}","templated":true}]}}