{"id":11107,"date":"2023-11-30T16:47:31","date_gmt":"2023-11-30T13:47:31","guid":{"rendered":"https:\/\/www.karaisali.bel.tr\/?page_id=11107"},"modified":"2023-11-30T16:47:31","modified_gmt":"2023-11-30T13:47:31","slug":"agustos-2023-meclis-kararlari","status":"publish","type":"page","link":"https:\/\/www.karaisali.bel.tr\/?page_id=11107","title":{"rendered":"A\u011fustos 2023 Meclis Kararlar\u0131"},"content":{"rendered":"<table>\n<tbody>\n<tr>\n<td>KARAR 53<\/td>\n<\/tr>\n<tr>\n<td>Belediyemiz Mali Hizmetler M\u00fcd\u00fcrl\u00fc\u011f\u00fcn\u00fcn 03\/08\/2023 tarih ve 9937 say\u0131l\u0131 yaz\u0131lar\u0131 ile g\u00fcndeme al\u0131nan \u037e Belediye ba\u015fkanl\u0131\u011f\u0131m\u0131za ait ara\u00e7lar\u0131n bak\u0131m ve onar\u0131m giderlerinde kullan\u0131lmak \u00fczere \u0130ller Bankas\u0131ndan 1.000.000,00\u00adTL (B\u0130RM\u0130LYONT\u00dcRKL\u0130RASI) kredi kullan\u0131lmas\u0131 hususunda belediye ba\u015fkan\u0131m\u0131z Saadettin ASLAN&#8217;a yetki verilmesi hususunda\u037e Belediye Meclisine havalesini Olurlar\u0131n\u0131za arz ederim. Denilmekte olup, Teklif oylamaya sunuldu. Teklifin idareden geldi\u011fi gibi kabul edilmesine , Belediye ba\u015fkanl\u0131\u011f\u0131m\u0131za ait ara\u00e7lar\u0131n bak\u0131m ve onar\u0131m giderlerinde kullan\u0131lmak \u00fczere \u0130ller Bankas\u0131ndan 1.000.000,00\u00adTL (B\u0130RM\u0130LYONT\u00dcRKL\u0130RASI) kredi kullan\u0131lmas\u0131 i\u00e7in Belediye Ba\u015fkan\u0131m\u0131z Saadettin ASLAN&#8217;a yetki verilmesine, daha \u00f6nce Belediyemiz Meclisince al\u0131nan 09\/06\/2023 tarih ve 47 say\u0131l\u0131 Meclis Karar\u0131n\u0131n iptaline oy birli\u011fi ile karar verildi. GERE\u011e\u0130 \u0130\u00c7\u0130N MAL\u0130 H\u0130ZMETLER M\u00dcD\u00dcRL\u00dc\u011e\u00dc<\/td>\n<\/tr>\n<\/tbody>\n<\/table>\n","protected":false},"excerpt":{"rendered":"<p>KARAR 53 Belediyemiz Mali Hizmetler M\u00fcd\u00fcrl\u00fc\u011f\u00fcn\u00fcn 03\/08\/2023 tarih ve 9937 say\u0131l\u0131 yaz\u0131lar\u0131 ile g\u00fcndeme al\u0131nan \u037e Belediye ba\u015fkanl\u0131\u011f\u0131m\u0131za ait ara\u00e7lar\u0131n bak\u0131m ve onar\u0131m giderlerinde kullan\u0131lmak \u00fczere \u0130ller Bankas\u0131ndan 1.000.000,00\u00adTL (B\u0130RM\u0130LYONT\u00dcRKL\u0130RASI) kredi kullan\u0131lmas\u0131 hususunda belediye ba\u015fkan\u0131m\u0131z Saadettin ASLAN&#8217;a yetki verilmesi hususunda\u037e Belediye Meclisine havalesini Olurlar\u0131n\u0131za arz ederim. Denilmekte olup, Teklif oylamaya sunuldu. Teklifin idareden geldi\u011fi gibi [&hellip;]<\/p>\n","protected":false},"author":10,"featured_media":0,"parent":11002,"menu_order":202308,"comment_status":"closed","ping_status":"closed","template":"","meta":{"footnotes":""},"class_list":["post-11107","page","type-page","status-publish","hentry"],"_links":{"self":[{"href":"https:\/\/www.karaisali.bel.tr\/index.php?rest_route=\/wp\/v2\/pages\/11107","targetHints":{"allow":["GET"]}}],"collection":[{"href":"https:\/\/www.karaisali.bel.tr\/index.php?rest_route=\/wp\/v2\/pages"}],"about":[{"href":"https:\/\/www.karaisali.bel.tr\/index.php?rest_route=\/wp\/v2\/types\/page"}],"author":[{"embeddable":true,"href":"https:\/\/www.karaisali.bel.tr\/index.php?rest_route=\/wp\/v2\/users\/10"}],"replies":[{"embeddable":true,"href":"https:\/\/www.karaisali.bel.tr\/index.php?rest_route=%2Fwp%2Fv2%2Fcomments&post=11107"}],"version-history":[{"count":1,"href":"https:\/\/www.karaisali.bel.tr\/index.php?rest_route=\/wp\/v2\/pages\/11107\/revisions"}],"predecessor-version":[{"id":11108,"href":"https:\/\/www.karaisali.bel.tr\/index.php?rest_route=\/wp\/v2\/pages\/11107\/revisions\/11108"}],"up":[{"embeddable":true,"href":"https:\/\/www.karaisali.bel.tr\/index.php?rest_route=\/wp\/v2\/pages\/11002"}],"wp:attachment":[{"href":"https:\/\/www.karaisali.bel.tr\/index.php?rest_route=%2Fwp%2Fv2%2Fmedia&parent=11107"}],"curies":[{"name":"wp","href":"https:\/\/api.w.org\/{rel}","templated":true}]}}