{"id":10994,"date":"2023-01-10T09:43:05","date_gmt":"2023-01-10T06:43:05","guid":{"rendered":"https:\/\/www.karaisali.bel.tr\/?page_id=10994"},"modified":"2023-01-10T09:43:05","modified_gmt":"2023-01-10T06:43:05","slug":"eylul-2022-meclis-kararlari","status":"publish","type":"page","link":"https:\/\/www.karaisali.bel.tr\/?page_id=10994","title":{"rendered":"Eyl\u00fcl 2022 Meclis Kararlar\u0131"},"content":{"rendered":"<table>\n<tbody>\n<tr>\n<td>KARAR 81<\/td>\n<\/tr>\n<tr>\n<td>Belediyemiz Fen \u0130\u015fleri M\u00fcd\u00fcrl\u00fc\u011fn\u00fcn 31\/08\/2022 tarih ve 5791 say\u0131l\u0131 yaz\u0131lar\u0131 ile g\u00fcndeme al\u0131nan\u037e Belediye<br \/>\nMeclisimizce 04\/02\/2022 tarihli ve 33 nolu meclis karar\u0131 ile M\u00fclkiyeti Belediye Ba\u015fkanl\u0131\u011f\u0131m\u0131za ait \u0130l\u00e7emiz Karap\u0131nar<br \/>\nMahallesi 238 ada 6 parsele yap\u0131lacak olan Kapal\u0131 Semt Pazar\u0131  yap\u0131m i\u015fi  i\u00e7in \u0130ller Bankas\u0131 A.\u015e.&#8217;den 2.000.000,00<br \/>\nTL (\u0130kimilyonT\u00fcrkLiras\u0131) bor\u00e7lanma i\u00e7in Belediye Ba\u015fkan\u0131m\u0131z Saadettin ASLAN&#8217;a yetki verilmi\u015ftir. Verilen yetki ile<br \/>\nyap\u0131lan ba\u015fvuru sonucunda \u0130ller Bankas\u0131 01.08.2022 tarih ve E.28950 say\u0131l\u0131 yaz\u0131lar\u0131 ile Belediye Ba\u015fkanl\u0131\u011f\u0131m\u0131za<br \/>\n2.000.000,00 TL (\u0130kimilyonT\u00fcrkLiras\u0131) kredi tahsis etmi\u015ftir. Covid\u00ad19 salg\u0131n\u0131, Rusya\u00adUkrayna sava\u015f\u0131 nedeniyle<br \/>\nD\u00fcnya genelinde ya\u015fanan tedarik zincirindeki aksakl\u0131klar, hammadde ula\u015f\u0131mdaki zorluklar, petrol fiyatlar\u0131ndaki<br \/>\ny\u00fcksek art\u0131\u015flar\u0131, b\u00fct\u00fcn d\u00fcnyay\u0131 etkileyen enflasyon art\u0131\u015flar\u0131na ba\u011fl\u0131 olarak k\u00fcresel piyasadaki art\u0131\u015flardan \u00dclkemizde<br \/>\netkilemi\u015f olup\u037e bu nedenlerden dolay\u0131 \u0130ller Bankas\u0131 taraf\u0131ndan tahsis edilen kredi ile bahse konu i\u015fin<br \/>\nyap\u0131lamayaca\u011f\u0131ndan ilave olarak  \u0130ller Bankas\u0131 A.\u015e.&#8217; den 4.000.000,00 TL (D\u00f6rtmilyonT\u00fcrkLiras\u0131)  kredi kullan\u0131lmas\u0131<br \/>\ngerekmektedir. Krediden kaynaklanacak anapara, faiz, denetim giderleri, komisyon, vergi, resim, har\u00e7, \u00fccret, v.s.<br \/>\n\u00f6demelerin \u0130ller Bankas\u0131 A.\u015e. ce teminat olarak al\u0131nacak Belediyemiz gelirlerinden ve \u0130ller Bankas\u0131 A.\u015e. ile Hazine ve<br \/>\nMaliye Bakanl\u0131\u011f\u0131nca da\u011f\u0131t\u0131lan yasal paylar\u0131m\u0131z\u0131n mevzuattan kaynaklanan herhangi bir kesinti oran\u0131na ba\u011fl\u0131<br \/>\nkalmaks\u0131z\u0131n tamam\u0131ndan ( %40&#8217;\u0131n d\u0131\u015f\u0131nda ve %100&#8217;\u00fcne kadar ) kar\u015f\u0131lanmas\u0131na, kredi teminat\u0131na konu gelirlerden<br \/>\nkrediye ili\u015fkin \u00f6demelerin kar\u015f\u0131lanamamas\u0131 halinde, bu krediyle elde edilen tesis, in\u015faat ve her nevi gayrimenkul ile<br \/>\nara\u00e7, gere\u00e7 ve malzemenin , \u0130ller Bankas\u0131 A.\u015e.ce talep edildi\u011fi taktirde ayn\u0131 \u015fartlarda ve talep tarihinde \u0130ller Bankas\u0131<br \/>\nA.\u015e. ad\u0131na ipotek ve ya rehin edilmesine, \u0130ller Bankas\u0131 A.\u015e. ce Belediyemize kulland\u0131r\u0131lacak krediye ili\u015fkin olarak her<br \/>\nt\u00fcrl\u00fc s\u00f6zle\u015fmeyi ve evrak\u0131 imzalamaya ve kredi ile ilgili devam eden i\u015flemleri y\u00fcr\u00fctmeye , Belediyemiz<br \/>\nm\u00fclkiyetindeki her t\u00fcrl\u00fc gayri menkul\u00fc \u0130ller Bankas\u0131 A.\u015e.ye ipotek vermeye, Belediyemizin her t\u00fcrl\u00fc gelir, hak ve<br \/>\nalacaklar\u0131n\u0131 \u0130ller Bankas\u0131 A.\u015e. ye terhin ve temlik etmeye, Belediyemize ait her t\u00fcrl\u00fc ticari i\u015fletmeyi \u0130ller Bankas\u0131 A.\u015e.<br \/>\nye rehin vermeye , \u0130ller Bankas\u0131 A.\u015e&#8217;nin mevcut mevzuat\u0131 ve bunda meydana gelebilecek her t\u00fcrl\u00fc de\u011fi\u015fiklik<br \/>\n\u00e7er\u00e7evesinde, 5393 say\u0131l\u0131 Belediye Kanunu&#8217;nun 68.Maddesinde yer alan alan ko\u015fullar\u0131n\u0131n yerine getirilmesi kayd\u0131yla<br \/>\nkrediye konu i\u015fle ilgili her t\u00fcrl\u00fc i\u015flemi yapmaya Belediye Ba\u015fkan\u0131 Saadettin ASLAN &#8216;a yetki verilmesi hususun da<br \/>\ngerekli Meclis Karar\u0131 al\u0131nmas\u0131n\u0131 Olurlar\u0131n\u0131za arz ederim. Denilmekte olup, okunan teklif hakk\u0131nda s\u00f6z isteyen olup<br \/>\nolmad\u0131\u011f\u0131 soruldu. \u00dcyelerden Cemal DEM\u0130RDA\u011e s\u00f6z ald\u0131. Arkada\u015flar okunan teklifin Belediyemiz Plan B\u00fct\u00e7e ve<br \/>\nM\u00fc\u015fterek komisyonunda g\u00f6r\u00fc\u015f\u00fclmek \u00fczere havale edilmesini teklif ediyorum. Dedi. Teklif oylamaya sunuldu.<br \/>\nYap\u0131lan oylama neticesinde teklifin kabul\u00fcne oy birli\u011fi ile karar verildi.<\/td>\n<\/tr>\n<tr>\n<td>KARAR 82<\/td>\n<\/tr>\n<tr>\n<td>Belediyemiz Plan B\u00fct\u00e7e M\u00fc\u015fterek Komisyonun \u0130ller Bankas\u0131 A.\u015e den Kredi kullan\u0131m\u0131 i\u00e7in Belediye Ba\u015fkan\u0131 Saadettin ASLAN&#8217;a yetki<br \/>\nverilmesi ile ilgili komisyon raporunun g\u00f6r\u00fc\u015f\u00fclmesi ve onay\u0131 i\u00e7in Belediyemiz Meclisine havalesini Olurlar\u0131n\u0131za arz ederim. Denilmekte<br \/>\nolup, Belediyemiz Fen \u0130\u015fleri M\u00fcd\u00fcrl\u00fc\u011fn\u00fcn 31\/08\/2022 tarih ve 5791 say\u0131l\u0131 yaz\u0131lar\u0131 ile g\u00fcndeme al\u0131nan ve komisyonumuza havale edilen teklifi<br \/>\nkomisyonumuzca g\u00f6r\u00fc\u015f\u00fclerek  Belediye Meclisimizce 04\/02\/2022 tarihli ve 33 nolu meclis karar\u0131 ile M\u00fclkiyeti Belediye Ba\u015fkanl\u0131\u011f\u0131m\u0131za ait<br \/>\n\u0130l\u00e7emiz Karap\u0131nar Mahallesi 238 ada 6 parsele yap\u0131lacak olan Kapal\u0131 Semt Pazar\u0131  yap\u0131m i\u015fi  i\u00e7in \u0130ller Bankas\u0131 A.\u015e.&#8217;den 2.000.000,00 TL<br \/>\n(\u0130kimilyonT\u00fcrkLiras\u0131) bor\u00e7lanma i\u00e7in Belediye Ba\u015fkan\u0131m\u0131z Saadettin ASLAN&#8217;a yetki verilmi\u015ftir. Verilen yetki ile yap\u0131lan ba\u015fvuru sonucunda<br \/>\n\u0130ller Bankas\u0131 01.08.2022 tarih ve E.28950 say\u0131l\u0131 yaz\u0131lar\u0131 ile Belediye Ba\u015fkanl\u0131\u011f\u0131m\u0131za 2.000.000,00 TL (\u0130kimilyonT\u00fcrkLiras\u0131) kredi tahsis<br \/>\netmi\u015ftir. Covid\u00ad19 salg\u0131n\u0131, Rusya\u00adUkrayna sava\u015f\u0131 nedeniyle D\u00fcnya genelinde ya\u015fanan tedarik zincirindeki aksakl\u0131klar, hammadde ula\u015f\u0131mdaki<br \/>\nzorluklar, petrol fiyatlar\u0131ndaki y\u00fcksek art\u0131\u015flar\u0131, b\u00fct\u00fcn d\u00fcnyay\u0131 etkileyen enflasyon art\u0131\u015flar\u0131na ba\u011fl\u0131 olarak k\u00fcresel piyasadaki art\u0131\u015flardan<br \/>\n\u00dclkemizde etkilemi\u015f olup\u037e bu nedenlerden dolay\u0131 \u0130ller Bankas\u0131 taraf\u0131ndan tahsis edilen kredi ile bahse konu i\u015fin yap\u0131lamayaca\u011f\u0131ndan ilave<br \/>\nolarak  \u0130ller Bankas\u0131 A.\u015e.&#8217; den 4.000.000,00 TL (D\u00f6rtmilyonT\u00fcrkLiras\u0131)  kredi kullan\u0131lmas\u0131 gerekmektedir. Krediden kaynaklanacak<br \/>\nanapara, faiz, denetim giderleri, komisyon, vergi, resim, har\u00e7, \u00fccret, v.s. \u00f6demelerin \u0130ller Bankas\u0131 A.\u015e. ce teminat olarak al\u0131nacak Belediyemiz<br \/>\ngelirlerinden ve \u0130ller Bankas\u0131 A.\u015e. ile Hazine ve Maliye Bakanl\u0131\u011f\u0131nca da\u011f\u0131t\u0131lan yasal paylar\u0131m\u0131z\u0131n mevzuattan kaynaklanan herhangi bir kesinti<br \/>\noran\u0131na ba\u011fl\u0131 kalmaks\u0131z\u0131n tamam\u0131ndan ( %40&#8217;\u0131n d\u0131\u015f\u0131nda ve %100&#8217;\u00fcne kadar ) kar\u015f\u0131lanmas\u0131na, kredi teminat\u0131na konu gelirlerden krediye ili\u015fkin<br \/>\n\u00f6demelerin kar\u015f\u0131lanamamas\u0131 halinde, bu krediyle elde edilen tesis, in\u015faat ve her nevi gayrimenkul ile ara\u00e7, gere\u00e7 ve malzemenin , \u0130ller Bankas\u0131<br \/>\nA.\u015e.ce talep edildi\u011fi taktirde ayn\u0131 \u015fartlarda ve talep tarihinde \u0130ller Bankas\u0131 A.\u015e. ad\u0131na ipotek ve ya rehin edilmesine, \u0130ller Bankas\u0131 A.\u015e. ce<br \/>\nBelediyemize kulland\u0131r\u0131lacak krediye ili\u015fkin olarak her t\u00fcrl\u00fc s\u00f6zle\u015fmeyi ve evrak\u0131 imzalamaya ve kredi ile ilgili devam eden i\u015flemleri y\u00fcr\u00fctmeye<br \/>\n, Belediyemiz m\u00fclkiyetindeki her t\u00fcrl\u00fc gayri menkul\u00fc \u0130ller Bankas\u0131 A.\u015e.ye ipotek vermeye, Belediyemizin her t\u00fcrl\u00fc gelir, hak ve alacaklar\u0131n\u0131<br \/>\n\u0130ller Bankas\u0131 A.\u015e. ye terhin ve temlik etmeye, Belediyemize ait her t\u00fcrl\u00fc ticari i\u015fletmeyi \u0130ller Bankas\u0131 A.\u015e. ye rehin vermeye , \u0130ller Bankas\u0131<br \/>\nA.\u015e&#8217;nin mevcut mevzuat\u0131 ve bunda meydana gelebilecek her t\u00fcrl\u00fc de\u011fi\u015fiklik \u00e7er\u00e7evesinde, 5393 say\u0131l\u0131 Belediye Kanunu&#8217;nun 68.Maddesinde<br \/>\nyer alan alan ko\u015fullar\u0131n\u0131n yerine getirilmesi kayd\u0131yla krediye konu i\u015fle ilgili her t\u00fcrl\u00fc i\u015flemi yapmaya Belediye Ba\u015fkan\u0131 Saadettin ASLAN &#8216;a<br \/>\nyetki verilmesine komisyonumuzca oy birli\u011fi ile karar verildi.<br \/>\n GERE\u011e\u0130 \u0130\u00c7\u0130N FEN \u0130\u015eLER\u0130 M\u00dcD\u00dcRL\u00dc\u011e\u00dc<\/td>\n<\/tr>\n<\/tbody>\n<\/table>\n","protected":false},"excerpt":{"rendered":"<p>KARAR 81 Belediyemiz Fen \u0130\u015fleri M\u00fcd\u00fcrl\u00fc\u011fn\u00fcn 31\/08\/2022 tarih ve 5791 say\u0131l\u0131 yaz\u0131lar\u0131 ile g\u00fcndeme al\u0131nan\u037e Belediye Meclisimizce 04\/02\/2022 tarihli ve 33 nolu meclis karar\u0131 ile M\u00fclkiyeti Belediye Ba\u015fkanl\u0131\u011f\u0131m\u0131za ait \u0130l\u00e7emiz Karap\u0131nar Mahallesi 238 ada 6 parsele yap\u0131lacak olan Kapal\u0131 Semt Pazar\u0131 yap\u0131m i\u015fi i\u00e7in \u0130ller Bankas\u0131 A.\u015e.&#8217;den 2.000.000,00 TL (\u0130kimilyonT\u00fcrkLiras\u0131) bor\u00e7lanma i\u00e7in Belediye Ba\u015fkan\u0131m\u0131z Saadettin [&hellip;]<\/p>\n","protected":false},"author":10,"featured_media":0,"parent":9924,"menu_order":202209,"comment_status":"closed","ping_status":"closed","template":"","meta":{"footnotes":""},"class_list":["post-10994","page","type-page","status-publish","hentry"],"_links":{"self":[{"href":"https:\/\/www.karaisali.bel.tr\/index.php?rest_route=\/wp\/v2\/pages\/10994","targetHints":{"allow":["GET"]}}],"collection":[{"href":"https:\/\/www.karaisali.bel.tr\/index.php?rest_route=\/wp\/v2\/pages"}],"about":[{"href":"https:\/\/www.karaisali.bel.tr\/index.php?rest_route=\/wp\/v2\/types\/page"}],"author":[{"embeddable":true,"href":"https:\/\/www.karaisali.bel.tr\/index.php?rest_route=\/wp\/v2\/users\/10"}],"replies":[{"embeddable":true,"href":"https:\/\/www.karaisali.bel.tr\/index.php?rest_route=%2Fwp%2Fv2%2Fcomments&post=10994"}],"version-history":[{"count":1,"href":"https:\/\/www.karaisali.bel.tr\/index.php?rest_route=\/wp\/v2\/pages\/10994\/revisions"}],"predecessor-version":[{"id":10995,"href":"https:\/\/www.karaisali.bel.tr\/index.php?rest_route=\/wp\/v2\/pages\/10994\/revisions\/10995"}],"up":[{"embeddable":true,"href":"https:\/\/www.karaisali.bel.tr\/index.php?rest_route=\/wp\/v2\/pages\/9924"}],"wp:attachment":[{"href":"https:\/\/www.karaisali.bel.tr\/index.php?rest_route=%2Fwp%2Fv2%2Fmedia&parent=10994"}],"curies":[{"name":"wp","href":"https:\/\/api.w.org\/{rel}","templated":true}]}}