{"id":10015,"date":"2022-02-28T12:12:40","date_gmt":"2022-02-28T09:12:40","guid":{"rendered":"https:\/\/www.karaisali.bel.tr\/?page_id=10015"},"modified":"2022-02-28T12:15:56","modified_gmt":"2022-02-28T09:15:56","slug":"aralik-2021-meclis-kararlari","status":"publish","type":"page","link":"https:\/\/www.karaisali.bel.tr\/?page_id=10015","title":{"rendered":"Aral\u0131k 2021 Meclis Kararlar\u0131"},"content":{"rendered":"<table>\n<tbody>\n<tr>\n<td>KARAR 79<\/td>\n<\/tr>\n<tr>\n<td>Belediyemiz Zab\u0131ta M\u00fcd\u00fcrl\u00fc\u011f\u00fcn\u00fcn 30\/11\/2021 tarih ve 2933 say\u0131l\u0131 yaz\u0131lar\u0131nda\u037e G\u00f6revi gere\u011fi Zab\u0131ta Hizmetlerinin s\u00fcreklili\u011fini<br \/>\nsa\u011flamak i\u00e7in Ulusal Bayram, Genel Tatil, Hafta Tatili ve g\u00fcn\u00fcn 24 saatinde s\u00fcrekli hizmet veren zab\u0131tan\u0131n \u00e7al\u0131\u015fma s\u00fcresi ve saatleri 657 Devlet<br \/>\nMemurlar\u0131 Kanununda belirtilen \u00e7al\u0131\u015fma s\u00fcresi ve saatlerine ba\u011fl\u0131 kalmaks\u0131z\u0131n hizmetin aksat\u0131lmadan y\u00fcr\u00fct\u00fclmesini sa\u011flayacak \u015fekilde d\u00fczenlenmi\u015ftir.<br \/>\nZab\u0131ta Hizmetlerinde g\u00f6rev yapan personele, B\u00fct\u00e7e Kanununun &#8220;K cetveli&#8221; ile belirlenen &#8220;Ayl\u0131k Maktu Fazla \u00c7al\u0131\u015fma \u00dccreti&#8221; \u00f6denmektedir.<br \/>\n        Belediyemiz emrinde 657 say\u0131l\u0131 Devlet Memurlar\u0131 Kanununa tabi olarak g\u00f6rev yapan zab\u0131ta personeline 2022 y\u0131l\u0131 i\u00e7in \u00f6denecek mesai \u00fccretinin<br \/>\nBakanlar Kurulunun belirleyece\u011fi tavan \u00fczerinden \u00f6denmesi i\u00e7in 5393 say\u0131l\u0131 Belediye Kanununun 51.maddesi gere\u011fince Belediye Meclisince gerekli<br \/>\nkarar\u0131n al\u0131nmas\u0131 hususunu arz ederim.  Denilmekte olup teklifin Plan B\u00fct\u00e7e ve M\u00fc\u015fterek Komisyonunda g\u00f6r\u00fc\u015f\u00fclmek \u00fczere havalesi teklif edildi.  Teklif<br \/>\noylamaya sunuldu. Yap\u0131lan oylama neticesinde teklifin kabul\u00fcne oy birli\u011fi ile karar verildi.<\/td>\n<\/tr>\n<tr>\n<td>KARAR 80<\/td>\n<\/tr>\n<tr>\n<td>Belediyemiz \u0130nsan Kaynaklar\u0131 ve E\u011fitim M\u00fcd\u00fcrl\u00fc\u011f\u00fcn\u00fcn 22.02.2007 tarihli ve 26442 say\u0131l\u0131 Resm\u00ee Gazete&#8217;de yay\u0131mlanarak y\u00fcr\u00fcrl\u00fc\u011fe giren Belediye ve<br \/>\nBa\u011fl\u0131 Kurulu\u015flar\u0131 ile Mahalli \u0130dare Birlikleri Norm Kadro \u0130lke ve Standartlar\u0131na Dair Y\u00f6netmeli\u011fin Ge\u00e7ici i\u015f\u00e7iler ba\u015fl\u0131kl\u0131 24 \u00fcnc\u00fc maddesinde\u037e<br \/>\nBelediyeler ve Mahalli \u0130dare Birliklerinde kullan\u0131lacak ge\u00e7ici i\u015f pozisyonlar\u0131 bu kurum ve kurulu\u015flar i\u00e7in norm kadro standartlar\u0131 cetvellerinde<br \/>\nbelirlenen memur norm kadro standard\u0131 toplam\u0131n\u0131n y\u00fczde yirmisini ge\u00e7memek \u00fczere bulunacak say\u0131n\u0131n yuvarlanmas\u0131 ve tam y\u0131l esas\u0131na g\u00f6re<br \/>\nhesaplanmas\u0131 sonucu adam\/ay say\u0131s\u0131na g\u00f6re meclis taraf\u0131ndan y\u0131ll\u0131k olarak belirlenir, denilmektedir. \u0130lgili y\u00f6netmelik gere\u011fince  Belediyemizde 167<br \/>\nadet memur kadrosu bulundu\u011fundan Belediye Ba\u015fkanl\u0131\u011f\u0131m\u0131zca 2022 y\u0131l\u0131nda 167&#215;20\/100= 34 34&#215;12=408 adam\/ay  olarak ge\u00e7ici i\u015f\u00e7i \u00e7al\u0131\u015ft\u0131r\u0131lmak<br \/>\n\u00fczere vize al\u0131nmas\u0131 hususunda karar al\u0131nmak \u00fczere\u037e          Belediyemiz Meclisine havalesini Olur&#8217;lar\u0131n\u0131za arz ederim.<\/td>\n<\/tr>\n<tr>\n<td>KARAR 81<\/td>\n<\/tr>\n<tr>\n<td>Belediyemiz Plan B\u00fct\u00e7e M\u00fc\u015fterek Komisyonunun Maktu Mesai ile ilgili komisyon raporu yaz\u0131 ekinde sunulmu\u015f olup, Belediyemiz Meclisince g\u00f6r\u00fc\u015f\u00fclmek<br \/>\nve onaylanmak \u00fczere havalesini  Olurlar\u0131n\u0131za arz ederim. Denilmekte olup, komisyon raporunda aynen \u037e Belediyemiz Zab\u0131ta M\u00fcd\u00fcrl\u00fc\u011f\u00fcn\u00fcn 30\/11\/2021 tarih ve<br \/>\nE.2933 say\u0131l\u0131 yaz\u0131lar\u0131nda\u037e G\u00f6revi gere\u011fi Zab\u0131ta Hizmetlerinin s\u00fcreklili\u011fini sa\u011flamak i\u00e7in Ulusal Bayram, Genel Tatil, Hafta Tatili ve g\u00fcn\u00fcn 24 saatinde s\u00fcrekli<br \/>\nhizmet veren zab\u0131tan\u0131n \u00e7al\u0131\u015fma s\u00fcresi ve saatleri 657 say\u0131l\u0131 Devlet Memurlar\u0131 Kanununda belirtilen \u00e7al\u0131\u015fma s\u00fcresi ve saatlerine ba\u011fl\u0131 kalmaks\u0131z\u0131n hizmetin<br \/>\naksat\u0131lmadan y\u00fcr\u00fct\u00fclmesini sa\u011flayacak \u015fekilde d\u00fczenlenmi\u015ftir. Zab\u0131ta Hizmetlerinde g\u00f6rev yapan personele, y\u0131l\u0131 B\u00fct\u00e7e Kanununun &#8220;K cetveli&#8221; ile belirlenen<br \/>\n&#8220;Ayl\u0131k Maktu Fazla \u00c7al\u0131\u015fma \u00dccreti&#8221; \u00f6denmektedir. Belediyemiz emrinde 657 say\u0131l\u0131 Devlet Memurlar\u0131 Kanununa tabi olarak g\u00f6rev yapan zab\u0131ta personeline 2022<br \/>\ny\u0131l\u0131 i\u00e7in \u00f6denecek mesai \u00fccretinin Bakanlar Kurulunun belirleyece\u011fi tavan \u00fczerinden \u00f6denmesi i\u00e7in 5393 say\u0131l\u0131 Belediye Kanununun 51.maddesi gere\u011fince<br \/>\nBelediye Meclisince gerekli karar\u0131n al\u0131nmas\u0131 hususunu arz ederim. Denilmekte olup, komisyonumuzca g\u00f6r\u00fc\u015f\u00fcld\u00fc. Belediyemiz emrinde 657 say\u0131l\u0131 Devlet<br \/>\nMemurlar\u0131 Kanununa tabi olarak g\u00f6rev yapan zab\u0131ta personeline 2022 y\u0131l\u0131 i\u00e7in Bakanlar Kurulunun belirleyece\u011fi tavan \u00fccretten \u00f6denmesine komisyonumuzca oy<br \/>\nbirli\u011fi ile karar verildi. Denilmekte olup, okunan komisyon raporu oylamaya sunuldu. Yap\u0131lan oylama neticesinde komisyon raporunun komisyondan geldi\u011fi gibi<br \/>\nkabul edilmesine oy birli\u011fi ile karar verildi.<br \/>\nGERE\u011e\u0130 \u0130\u00c7\u0130N ZABITA M\u00dcD\u00dcRL\u00dc\u011e\u00dc, MAL\u0130 H\u0130ZMETLER M\u00dcD\u00dcRL\u00dc\u011e\u00dc\n<\/td>\n<\/tr>\n<tr>\n<td>KARAR 82<\/td>\n<\/tr>\n<tr>\n<td>  Belediyemiz Plan B\u00fct\u00e7e M\u00fc\u015fterek Komisyonunun i\u015f\u00e7i vizeleri ile ilgili komisyon raporu yaz\u0131 ekinde sunulmu\u015f olup, Belediyemiz Meclisince<br \/>\ng\u00f6r\u00fc\u015f\u00fclmek ve onaylanmak \u00fczere havalesini   Olurlar\u0131n\u0131za arz ederim. Denilmekte olup, komisyon raporunda aynen \u037e Belediye Ba\u015fkanl\u0131\u011f\u0131m\u0131zca 2022<br \/>\ny\u0131l\u0131 i\u00e7erisinde \u00e7al\u0131\u015ft\u0131r\u0131lacak olan ge\u00e7ici i\u015f\u00e7ilerin belirlenmesi ile ilgili madde komisyonumuzca g\u00f6r\u00fc\u015f\u00fclmek \u00fczere 03\/12\/2021 tarihinde saat 10:00 \u2018da<br \/>\ntopland\u0131 ve g\u00f6r\u00fc\u015f\u00fclmeye ba\u015fland\u0131. Komisyonumuzca g\u00f6r\u00fc\u015f\u00fclme neticesinde\u037e Belediyeler ve mahalli idare birliklerinde kullan\u0131lacak ge\u00e7ici i\u015f pozisyonlar\u0131<br \/>\nbu kurum ve kurulu\u015flar i\u00e7in norm kadro standartlar\u0131 cetvellerinde belirlenen memur norm kadro standard\u0131 toplam\u0131n\u0131n y\u00fczde yirmisini ge\u00e7memek \u00fczere<br \/>\nbulunacak say\u0131n\u0131n yuvarlanmas\u0131 ve tam y\u0131l esas\u0131na g\u00f6re hesaplanmas\u0131 sonucu adam\/ay say\u0131s\u0131na g\u00f6re meclis taraf\u0131ndan y\u0131ll\u0131k olarak belirlenir.<br \/>\nDenilmekte olup, ilgili y\u00f6netmelik gere\u011fince yap\u0131lan hesaplama neticesinde Belediyemizde 167 adet memur kadrosu bulundu\u011fundan 167&#215;20\/100=34<br \/>\n34&#215;12=408 adam\/ay yapmakta oldu\u011fu hesaplanm\u0131\u015f olup, Komisyonumuzca yap\u0131lan de\u011ferlendirme sonucunda 2022 y\u0131l\u0131nda belediyemizde<br \/>\n\u00e7al\u0131\u015ft\u0131r\u0131lacak olan ge\u00e7ici i\u015f\u00e7ilerin 34&#215;12=408 adam\/ay olarak vize verilmesine oy birli\u011fi ile karar verildi. Denilmekte olup, okunan komisyon raporu<br \/>\noylamaya sunuldu. Yap\u0131lan oylama neticesinde komisyon raporunun komisyondan geldi\u011fi gibi kabul edilmesine oy birli\u011fi ile karar verildi.<br \/>\nGERE\u011e\u0130 \u0130\u00c7\u0130N \u0130NSAN KAYNAKLARI VE E\u011e\u0130T\u0130M M\u00dcD\u00dcRL\u00dc\u011e\u00dc\n<\/td>\n<\/tr>\n<tr>\n<td>KARAR 83<\/td>\n<\/tr>\n<tr>\n<td>    G\u00fcndem d\u0131\u015f\u0131 Meclis Ba\u015fkan\u0131 taraf\u0131ndan g\u00fcndeme al\u0131nan teklifte \u037e Belediyemiz meclis \u00fcyeleri ve memurlar\u0131n\u0131n 20\u00ad24 Aral\u0131k 2021 tarihleri aras\u0131nda<br \/>\nKonaklama ve ula\u015f\u0131m giderlerini Belediye Ba\u015fkanl\u0131\u011f\u0131m\u0131z taraf\u0131ndan kar\u015f\u0131lanmak \u00fczere K.K.T.C.  M\u0130HDER taraf\u0131ndan yap\u0131lacak olan seminere<br \/>\nkat\u0131lmak \u00fczere  karar al\u0131nmak \u00fczere meclise havalesini olurlar\u0131n\u0131za arz ederim. Denilmekte olup, teklif oylama sunuldu. Yap\u0131lan oylama neticesinde<br \/>\nM\u0130HDER (Mahalli \u0130dareler Hizmet Derne\u011fi)  taraf\u0131ndan Kuzey K\u0131br\u0131s T\u00fcrk Cumhuriyeti&#8217; nde 20\u00ad24 ARALIK 2021 tarihleri aras\u0131nda yap\u0131lacak olan<br \/>\ne\u011fitim  seminerine  Belediye Ba\u015fkan\u0131 , Meclis \u00dcyeleri ve Memurlar\u0131n\u0131n konaklama ve ula\u015f\u0131m giderleri Belediyemiz b\u00fct\u00e7esinden kar\u015f\u0131lanmak \u00fczere<br \/>\nkat\u0131l\u0131m\u0131n\u0131n uygunlu\u011funa oy birli\u011fi ile karar verildi.\n<\/td>\n<\/tr>\n<\/tbody>\n<\/table>\n","protected":false},"excerpt":{"rendered":"<p>KARAR 79 Belediyemiz Zab\u0131ta M\u00fcd\u00fcrl\u00fc\u011f\u00fcn\u00fcn 30\/11\/2021 tarih ve 2933 say\u0131l\u0131 yaz\u0131lar\u0131nda\u037e G\u00f6revi gere\u011fi Zab\u0131ta Hizmetlerinin s\u00fcreklili\u011fini sa\u011flamak i\u00e7in Ulusal Bayram, Genel Tatil, Hafta Tatili ve g\u00fcn\u00fcn 24 saatinde s\u00fcrekli hizmet veren zab\u0131tan\u0131n \u00e7al\u0131\u015fma s\u00fcresi ve saatleri 657 Devlet Memurlar\u0131 Kanununda belirtilen \u00e7al\u0131\u015fma s\u00fcresi ve saatlerine ba\u011fl\u0131 kalmaks\u0131z\u0131n hizmetin aksat\u0131lmadan y\u00fcr\u00fct\u00fclmesini sa\u011flayacak \u015fekilde d\u00fczenlenmi\u015ftir. Zab\u0131ta Hizmetlerinde [&hellip;]<\/p>\n","protected":false},"author":10,"featured_media":0,"parent":9425,"menu_order":202112,"comment_status":"closed","ping_status":"closed","template":"","meta":{"footnotes":""},"class_list":["post-10015","page","type-page","status-publish","hentry"],"_links":{"self":[{"href":"https:\/\/www.karaisali.bel.tr\/index.php?rest_route=\/wp\/v2\/pages\/10015","targetHints":{"allow":["GET"]}}],"collection":[{"href":"https:\/\/www.karaisali.bel.tr\/index.php?rest_route=\/wp\/v2\/pages"}],"about":[{"href":"https:\/\/www.karaisali.bel.tr\/index.php?rest_route=\/wp\/v2\/types\/page"}],"author":[{"embeddable":true,"href":"https:\/\/www.karaisali.bel.tr\/index.php?rest_route=\/wp\/v2\/users\/10"}],"replies":[{"embeddable":true,"href":"https:\/\/www.karaisali.bel.tr\/index.php?rest_route=%2Fwp%2Fv2%2Fcomments&post=10015"}],"version-history":[{"count":0,"href":"https:\/\/www.karaisali.bel.tr\/index.php?rest_route=\/wp\/v2\/pages\/10015\/revisions"}],"up":[{"embeddable":true,"href":"https:\/\/www.karaisali.bel.tr\/index.php?rest_route=\/wp\/v2\/pages\/9425"}],"wp:attachment":[{"href":"https:\/\/www.karaisali.bel.tr\/index.php?rest_route=%2Fwp%2Fv2%2Fmedia&parent=10015"}],"curies":[{"name":"wp","href":"https:\/\/api.w.org\/{rel}","templated":true}]}}